(2468,'default','updated','App\\Models\\TicketAssign',433,'App\\Models\\User',2,'{\"attributes\":{\"status\":0,\"id_user_modified\":2},\"old\":{\"status\":1,\"id_user_modified\":null}}','2023-10-26 15:08:46','2023-10-26 15:08:46'),(2469,'default','created','App\\Models\\TicketAssign',435,'App\\Models\\User',2,'{\"attributes\":{\"agent_id\":3,\"ticket_id\":57,\"assigned_by_id\":2,\"status\":1,\"active\":1,\"id_user\":2,\"id_user_modified\":null}}','2023-10-26 15:08:46','2023-10-26 15:08:46'),(2470,'default','updated','App\\Models\\TicketAssign',435,'App\\Models\\User',2,'{\"attributes\":{\"status\":0,\"id_user_modified\":2},\"old\":{\"status\":1,\"id_user_modified\":null}}','2023-10-26 15:10:12','2023-10-26 15:10:12'),(2471,'default','created','App\\Models\\TicketAssign',436,'App\\Models\\User',2,'{\"attributes\":{\"agent_id\":3,\"ticket_id\":57,\"assigned_by_id\":2,\"status\":1,\"active\":1,\"id_user\":2,\"id_user_modified\":null}}','2023-10-26 15:10:12','2023-10-26 15:10:12'),(2472,'default','updated','App\\Models\\TicketAssign',436,'App\\Models\\User',2,'{\"attributes\":{\"status\":0,\"id_user_modified\":2},\"old\":{\"status\":1,\"id_user_modified\":null}}','2023-10-26 15:10:33','2023-10-26 15:10:33'),(2473,'default','created','App\\Models\\TicketAssign',437,'App\\Models\\User',2,'{\"attributes\":{\"agent_id\":3,\"ticket_id\":57,\"assigned_by_id\":2,\"status\":1,\"active\":1,\"id_user\":2,\"id_user_modified\":null}}','2023-10-26 15:10:33','2023-10-26 15:10:33'),(2474,'default','created','App\\Models\\TicketAssign',438,'App\\Models\\User',2,'{\"attributes\":{\"agent_id\":7,\"ticket_id\":57,\"assigned_by_id\":2,\"status\":1,\"active\":1,\"id_user\":2,\"id_user_modified\":null}}','2023-10-26 15:10:33','2023-10-26 15:10:33'),(2475,'default','updated','App\\Models\\TicketAssign',438,'App\\Models\\User',2,'{\"attributes\":{\"status\":0,\"id_user_modified\":2},\"old\":{\"status\":1,\"id_user_modified\":null}}','2023-10-26 15:10:42','2023-10-26 15:10:42'),(2476,'default','updated','App\\Models\\TicketAssign',437,'App\\Models\\User',2,'{\"attributes\":{\"status\":0,\"id_user_modified\":2},\"old\":{\"status\":1,\"id_user_modified\":null}}','2023-10-26 15:10:42','2023-10-26 15:10:42'),(2477,'default','created','App\\Models\\TicketAssign',439,'App\\Models\\User',2,'{\"attributes\":{\"agent_id\":3,\"ticket_id\":57,\"assigned_by_id\":2,\"status\":1,\"active\":1,\"id_user\":2,\"id_user_modified\":null}}','2023-10-26 15:10:42','2023-10-26 15:10:42'),(2478,'default','updated','App\\Models\\Ticket',57,'App\\Models\\User',2,'{\"attributes\":{\"priority_id\":1},\"old\":{\"priority_id\":2}}','2023-10-26 15:10:54','2023-10-26 15:10:54'),(2481,'default','created','App\\Models\\TicketComment',276,'App\\Models\\User',2,'{\"attributes\":{\"parent_id\":null,\"owner_id\":null,\"ticket_id\":57,\"content\":\"alooo\",\"active\":1,\"id_user\":2,\"id_user_modified\":null}}','2023-10-26 15:11:21','2023-10-26 15:11:21'),(2482,'default','created','App\\Models\\TicketComment',277,'App\\Models\\User',2,'{\"attributes\":{\"parent_id\":null,\"owner_id\":null,\"ticket_id\":57,\"content\":\"sssssssssssss\",\"active\":1,\"id_user\":2,\"id_user_modified\":null}}','2023-10-26 15:38:22','2023-10-26 15:38:22'),(2483,'default','created','App\\Models\\TicketComment',278,'App\\Models\\User',2,'{\"attributes\":{\"parent_id\":null,\"owner_id\":null,\"ticket_id\":57,\"content\":\"222\",\"active\":1,\"id_user\":2,\"id_user_modified\":null}}','2023-10-26 15:40:08','2023-10-26 15:40:08'),(2487,'default','updated','App\\Models\\Ticket',125,'App\\Models\\User',2,'{\"attributes\":{\"status_id\":4,\"id_user_modified\":2},\"old\":{\"status_id\":1,\"id_user_modified\":null}}','2023-10-26 15:59:35','2023-10-26 15:59:35'),(2488,'default','created','App\\Models\\TicketTrackStatus',18,'App\\Models\\User',2,'{\"attributes\":{\"status_id\":4,\"ticket_id\":125,\"active\":1,\"id_user\":2,\"id_user_modified\":null}}','2023-10-26 15:59:35','2023-10-26 15:59:35'),(2489,'default','created','App\\Models\\TicketSituation',17,'App\\Models\\User',2,'{\"attributes\":{\"situation_category_id\":2,\"ticket_id\":125,\"note\":\"jbjkb\",\"active\":1,\"id_user\":2,\"id_user_modified\":null}}','2023-10-26 15:59:35','2023-10-26 15:59:35'),(2490,'default','created','App\\Models\\TicketComment',279,'App\\Models\\User',2,'{\"attributes\":{\"parent_id\":null,\"owner_id\":null,\"ticket_id\":125,\"content\":\"dadsadasdsad\",\"active\":1,\"id_user\":2,\"id_user_modified\":null}}','2023-10-26 17:15:30','2023-10-26 17:15:30'),(2491,'default','created','App\\Models\\TicketComment',280,'App\\Models\\User',2,'{\"attributes\":{\"parent_id\":null,\"owner_id\":null,\"ticket_id\":125,\"content\":\"dsdsds\",\"active\":1,\"id_user\":2,\"id_user_modified\":null}}','2023-10-26 17:18:46','2023-10-26 17:18:46'),(2492,'default','created','App\\Models\\TicketComment',281,'App\\Models\\User',2,'{\"attributes\":{\"parent_id\":null,\"owner_id\":null,\"ticket_id\":125,\"content\":\"dsdsds\",\"active\":1,\"id_user\":2,\"id_user_modified\":null}}','2023-10-26 17:18:51','2023-10-26 17:18:51'),(2493,'default','created','App\\Models\\TicketComment',282,'App\\Models\\User',2,'{\"attributes\":{\"parent_id\":null,\"owner_id\":null,\"ticket_id\":125,\"content\":\"sdsdsdsdsdsd\",\"active\":1,\"id_user\":2,\"id_user_modified\":null}}','2023-10-26 17:18:58','2023-10-26 17:18:58'),(2494,'default','created','App\\Models\\TicketComment',283,'App\\Models\\User',2,'{\"attributes\":{\"parent_id\":null,\"owner_id\":null,\"ticket_id\":125,\"content\":\"sdsdsdssd\",\"active\":1,\"id_user\":2,\"id_user_modified\":null}}','2023-10-26 17:19:06','2023-10-26 17:19:06'),(2497,'default','updated','App\\Models\\Ticket',125,'App\\Models\\User',2,'{\"attributes\":{\"status_id\":5},\"old\":{\"status_id\":4}}','2023-10-27 06:20:32','2023-10-27 06:20:32'),(2498,'default','created','App\\Models\\TicketTrackStatus',20,'App\\Models\\User',2,'{\"attributes\":{\"status_id\":5,\"ticket_id\":125,\"active\":1,\"id_user\":2,\"id_user_modified\":null}}','2023-10-27 06:20:32','2023-10-27 06:20:32'),(2499,'default','updated','App\\Models\\Ticket',125,'App\\Models\\User',2,'{\"attributes\":{\"id_user_completed\":2,\"completed_at\":\"2023-10-27 10:20:32\"},\"old\":{\"id_user_completed\":null,\"completed_at\":null}}','2023-10-27 06:20:32','2023-10-27 06:20:32'),(2500,'default','updated','App\\Models\\TicketSituation',17,'App\\Models\\User',2,'{\"attributes\":{\"active\":0,\"id_user_modified\":2},\"old\":{\"active\":1,\"id_user_modified\":null}}','2023-10-27 06:20:32','2023-10-27 06:20:32'),(2501,'default','created','App\\Models\\TicketSituation',18,'App\\Models\\User',2,'{\"attributes\":{\"situation_category_id\":2,\"ticket_id\":125,\"note\":\"jjkjn\",\"active\":1,\"id_user\":2,\"id_user_modified\":null}}','2023-10-27 06:20:32','2023-10-27 06:20:32'),(2506,'default','updated','App\\Models\\Ticket',58,'App\\Models\\User',2,'{\"attributes\":{\"status_id\":4},\"old\":{\"status_id\":1}}','2023-10-27 06:42:47','2023-10-27 06:42:47'),(2507,'default','created','App\\Models\\TicketTrackStatus',22,'App\\Models\\User',2,'{\"attributes\":{\"status_id\":4,\"ticket_id\":58,\"active\":1,\"id_user\":2,\"id_user_modified\":null}}','2023-10-27 06:42:47','2023-10-27 06:42:47'),(2508,'default','created','App\\Models\\TicketSituation',19,'App\\Models\\User',2,'{\"attributes\":{\"situation_category_id\":2,\"ticket_id\":58,\"note\":\"dsdasdsa\",\"active\":1,\"id_user\":2,\"id_user_modified\":null}}','2023-10-27 06:42:47','2023-10-27 06:42:47'),(2509,'default','updated','App\\Models\\TicketAssign',426,'App\\Models\\User',2,'{\"attributes\":{\"status\":0,\"id_user_modified\":2},\"old\":{\"status\":1,\"id_user_modified\":null}}','2023-10-27 06:44:05','2023-10-27 06:44:05'),(2510,'default','updated','App\\Models\\TicketAssign',427,'App\\Models\\User',2,'{\"attributes\":{\"status\":0,\"id_user_modified\":2},\"old\":{\"status\":1,\"id_user_modified\":null}}','2023-10-27 06:44:05','2023-10-27 06:44:05'),(2511,'default','updated','App\\Models\\TicketAssign',428,'App\\Models\\User',2,'{\"attributes\":{\"status\":0,\"id_user_modified\":2},\"old\":{\"status\":1,\"id_user_modified\":null}}','2023-10-27 06:44:05','2023-10-27 06:44:05'),(2512,'default','created','App\\Models\\TicketAssign',440,'App\\Models\\User',2,'{\"attributes\":{\"agent_id\":7,\"ticket_id\":58,\"assigned_by_id\":2,\"status\":1,\"active\":1,\"id_user\":2,\"id_user_modified\":null}}','2023-10-27 06:44:05','2023-10-27 06:44:05'),(2515,'default','created','App\\Models\\Ticket',269,'App\\Models\\User',2,'{\"attributes\":{\"parent_id\":null,\"user_id\":null,\"owner_id\":23,\"category_id\":4,\"priority_id\":1,\"status_id\":1,\"channel_type_id\":1,\"subject\":\"Selfi\",\"note\":null,\"active\":1,\"id_user\":2,\"id_user_modified\":null,\"id_user_completed\":null,\"completed_at\":null}}','2023-10-27 07:06:32','2023-10-27 07:06:32'),(2516,'default','created','App\\Models\\TicketComment',284,'App\\Models\\User',2,'{\"attributes\":{\"parent_id\":null,\"owner_id\":null,\"ticket_id\":269,\"content\":\"test\",\"active\":1,\"id_user\":2,\"id_user_modified\":null}}','2023-10-27 07:06:32','2023-10-27 07:06:32'),(2517,'default','created','App\\Models\\TicketAttachment',432,'App\\Models\\User',2,'{\"attributes\":{\"attachment_type_id\":1,\"comment_id\":284,\"name\":\"Selfi 1\",\"size\":null,\"content\":\"document_images\\/23\\/document_20231011153941_739.png\",\"status\":0,\"active\":1,\"id_user\":23,\"id_user_modified\":null}}','2023-10-27 07:06:33','2023-10-27 07:06:33'),(2518,'default','created','App\\Models\\TicketAttachment',433,'App\\Models\\User',2,'{\"attributes\":{\"attachment_type_id\":1,\"comment_id\":284,\"name\":\"Selfi 2\",\"size\":null,\"content\":\"document_images\\/23\\/document_20231011153941_739.png\",\"status\":0,\"active\":1,\"id_user\":23,\"id_user_modified\":null}}','2023-10-27 07:06:33','2023-10-27 07:06:33'),(2523,'default','created','App\\Models\\TicketSolving',58,'App\\Models\\User',2,'{\"attributes\":{\"parent_id\":null,\"content\":\"5\",\"ticket_id\":269,\"active\":1,\"id_user\":2,\"id_user_modified\":null}}','2023-10-27 07:10:19','2023-10-27 07:10:19'),(2524,'default','updated','App\\Models\\TicketSolving',58,'App\\Models\\User',2,'{\"attributes\":{\"active\":0,\"id_user_modified\":2},\"old\":{\"active\":1,\"id_user_modified\":null}}','2023-10-27 07:10:29','2023-10-27 07:10:29'),(2525,'default','created','App\\Models\\TicketSolving',59,'App\\Models\\User',2,'{\"attributes\":{\"parent_id\":null,\"content\":\"4\",\"ticket_id\":269,\"active\":1,\"id_user\":2,\"id_user_modified\":null}}','2023-10-27 07:10:29','2023-10-27 07:10:29'),(2526,'default','created','App\\Models\\TicketSolving',60,'App\\Models\\User',2,'{\"attributes\":{\"parent_id\":59,\"content\":\"3\",\"ticket_id\":269,\"active\":1,\"id_user\":2,\"id_user_modified\":null}}','2023-10-27 07:10:29','2023-10-27 07:10:29'),(2527,'default','created','App\\Models\\TicketAssign',441,'App\\Models\\User',2,'{\"attributes\":{\"agent_id\":3,\"ticket_id\":269,\"assigned_by_id\":2,\"status\":1,\"active\":1,\"id_user\":2,\"id_user_modified\":null}}','2023-10-27 07:13:04','2023-10-27 07:13:04'),(2532,'login','login','App\\Models\\User',2,'App\\Models\\User',2,'{\"username\":\"admin\",\"name\":\"admin\",\"email\":\"admin@tcom.rs\"}','2023-10-27 07:15:17','2023-10-27 07:15:17'),(2579,'default','updated','App\\Models\\Ticket',269,'App\\Models\\User',2,'{\"attributes\":{\"status_id\":2,\"id_user_modified\":2},\"old\":{\"status_id\":1,\"id_user_modified\":null}}','2023-10-27 07:23:31','2023-10-27 07:23:31'),(2580,'default','created','App\\Models\\TicketTrackStatus',48,'App\\Models\\User',2,'{\"attributes\":{\"status_id\":2,\"ticket_id\":269,\"active\":1,\"id_user\":2,\"id_user_modified\":null}}','2023-10-27 07:23:31','2023-10-27 07:23:31'),(2581,'default','updated','App\\Models\\Ticket',269,'App\\Models\\User',2,'{\"attributes\":{\"status_id\":5},\"old\":{\"status_id\":2}}','2023-10-27 07:23:50','2023-10-27 07:23:50'),(2582,'default','created','App\\Models\\TicketTrackStatus',49,'App\\Models\\User',2,'{\"attributes\":{\"status_id\":5,\"ticket_id\":269,\"active\":1,\"id_user\":2,\"id_user_modified\":null}}','2023-10-27 07:23:50','2023-10-27 07:23:50'),(2583,'default','updated','App\\Models\\Ticket',269,'App\\Models\\User',2,'{\"attributes\":{\"id_user_completed\":2,\"completed_at\":\"2023-10-27 11:23:50\"},\"old\":{\"id_user_completed\":null,\"completed_at\":null}}','2023-10-27 07:23:50','2023-10-27 07:23:50'),(2584,'default','created','App\\Models\\TicketSituation',20,'App\\Models\\User',2,'{\"attributes\":{\"situation_category_id\":4,\"ticket_id\":269,\"note\":null,\"active\":1,\"id_user\":2,\"id_user_modified\":null}}','2023-10-27 07:23:50','2023-10-27 07:23:50'),(2585,'default','updated','App\\Models\\Ticket',269,'App\\Models\\User',2,'{\"attributes\":{\"completed_at\":\"2023-10-27 11:24:34\"},\"old\":{\"completed_at\":\"2023-10-27 11:23:50\"}}','2023-10-27 07:24:34','2023-10-27 07:24:34'),(2586,'default','updated','App\\Models\\TicketSituation',20,'App\\Models\\User',2,'{\"attributes\":{\"active\":0,\"id_user_modified\":2},\"old\":{\"active\":1,\"id_user_modified\":null}}','2023-10-27 07:24:34','2023-10-27 07:24:34'),(2587,'default','created','App\\Models\\TicketSituation',21,'App\\Models\\User',2,'{\"attributes\":{\"situation_category_id\":4,\"ticket_id\":269,\"note\":null,\"active\":1,\"id_user\":2,\"id_user_modified\":null}}','2023-10-27 07:24:34','2023-10-27 07:24:34'),(2588,'default','updated','App\\Models\\Ticket',269,'App\\Models\\User',2,'{\"attributes\":{\"completed_at\":\"2023-10-27 11:25:01\"},\"old\":{\"completed_at\":\"2023-10-27 11:24:34\"}}','2023-10-27 07:25:01','2023-10-27 07:25:01'),(2589,'default','updated','App\\Models\\TicketSituation',21,'App\\Models\\User',2,'{\"attributes\":{\"active\":0,\"id_user_modified\":2},\"old\":{\"active\":1,\"id_user_modified\":null}}','2023-10-27 07:25:01','2023-10-27 07:25:01'),(2590,'default','created','App\\Models\\TicketSolving',61,'App\\Models\\User',2,'{\"attributes\":{\"parent_id\":null,\"content\":\"1\",\"ticket_id\":124,\"active\":1,\"id_user\":2,\"id_user_modified\":null}}','2023-10-27 07:53:50','2023-10-27 07:53:50'),(2599,'default','created','App\\Models\\Ticket',272,'App\\Models\\User',2,'{\"attributes\":{\"parent_id\":null,\"user_id\":null,\"owner_id\":23,\"category_id\":1,\"priority_id\":1,\"status_id\":1,\"channel_type_id\":1,\"subject\":\"Selfi\",\"note\":null,\"active\":1,\"id_user\":2,\"id_user_modified\":null,\"id_user_completed\":null,\"completed_at\":null}}','2023-10-27 08:24:17','2023-10-27 08:24:17'),(2600,'default','created','App\\Models\\TicketComment',287,'App\\Models\\User',2,'{\"attributes\":{\"parent_id\":null,\"owner_id\":null,\"ticket_id\":272,\"content\":\"Molim da mi se odobri lk\",\"active\":1,\"id_user\":2,\"id_user_modified\":null}}','2023-10-27 08:24:17','2023-10-27 08:24:17'),(2601,'default','created','App\\Models\\TicketAttachment',438,'App\\Models\\User',2,'{\"attributes\":{\"attachment_type_id\":1,\"comment_id\":287,\"name\":\"Li\\u010dna karta 1\",\"size\":null,\"content\":\"document_images\\/23\\/document_20231020172848_66.png\",\"status\":0,\"active\":1,\"id_user\":23,\"id_user_modified\":null}}','2023-10-27 08:24:17','2023-10-27 08:24:17'),(2602,'default','created','App\\Models\\TicketAttachment',439,'App\\Models\\User',2,'{\"attributes\":{\"attachment_type_id\":1,\"comment_id\":287,\"name\":\"Li\\u010dna karta 2\",\"size\":null,\"content\":\"document_images\\/23\\/document_20231020172848_66.png\",\"status\":0,\"active\":1,\"id_user\":23,\"id_user_modified\":null}}','2023-10-27 08:24:17','2023-10-27 08:24:17'),(2603,'default','updated','App\\Models\\TicketComment',287,'App\\Models\\User',2,'{\"attributes\":{\"content\":\"Molim da mi se odobri lk; Datum isteka: 2023-12-05.\"},\"old\":{\"content\":\"Molim da mi se odobri lk\"}}','2023-10-27 08:24:17','2023-10-27 08:24:17'),(2604,'default','created','App\\Models\\TicketSolving',62,'App\\Models\\User',2,'{\"attributes\":{\"parent_id\":null,\"content\":\"4\",\"ticket_id\":120,\"active\":1,\"id_user\":2,\"id_user_modified\":null}}','2023-10-27 10:19:06','2023-10-27 10:19:06'),(2605,'default','created','App\\Models\\TicketSolving',63,'App\\Models\\User',2,'{\"attributes\":{\"parent_id\":62,\"content\":\"1\",\"ticket_id\":120,\"active\":1,\"id_user\":2,\"id_user_modified\":null}}','2023-10-27 10:19:06','2023-10-27 10:19:06'),(2606,'login','login','App\\Models\\User',2,'App\\Models\\User',2,'{\"username\":\"admin\",\"name\":\"admin\",\"email\":\"admin@tcom.rs\"}','2023-10-27 10:45:59','2023-10-27 10:45:59'),(2607,'login','login','App\\Models\\User',2,'App\\Models\\User',2,'{\"username\":\"admin\",\"name\":\"admin\",\"email\":\"admin@tcom.rs\"}','2023-10-27 11:25:56','2023-10-27 11:25:56'),(2608,'default','updated','App\\Models\\TicketAssign',439,'App\\Models\\User',2,'{\"attributes\":{\"status\":0,\"id_user_modified\":2},\"old\":{\"status\":1,\"id_user_modified\":null}}','2023-10-27 11:35:09','2023-10-27 11:35:09'),(2609,'default','created','App\\Models\\TicketAssign',442,'App\\Models\\User',2,'{\"attributes\":{\"agent_id\":3,\"ticket_id\":57,\"assigned_by_id\":2,\"status\":1,\"active\":1,\"id_user\":2,\"id_user_modified\":null}}','2023-10-27 11:35:09','2023-10-27 11:35:09'),(2610,'default','created','App\\Models\\TicketAssign',443,'App\\Models\\User',2,'{\"attributes\":{\"agent_id\":7,\"ticket_id\":57,\"assigned_by_id\":2,\"status\":1,\"active\":1,\"id_user\":2,\"id_user_modified\":null}}','2023-10-27 11:35:09','2023-10-27 11:35:09'),(2611,'default','updated','App\\Models\\Ticket',57,'App\\Models\\User',2,'{\"attributes\":{\"status_id\":4},\"old\":{\"status_id\":2}}','2023-10-27 11:35:40','2023-10-27 11:35:40'),(2612,'default','created','App\\Models\\TicketTrackStatus',50,'App\\Models\\User',2,'{\"attributes\":{\"status_id\":4,\"ticket_id\":57,\"active\":1,\"id_user\":2,\"id_user_modified\":null}}','2023-10-27 11:35:40','2023-10-27 11:35:40'),(2613,'default','created','App\\Models\\TicketSituation',22,'App\\Models\\User',2,'{\"attributes\":{\"situation_category_id\":4,\"ticket_id\":57,\"note\":\"dasds\",\"active\":1,\"id_user\":2,\"id_user_modified\":null}}','2023-10-27 11:35:40','2023-10-27 11:35:40'),(2614,'default','updated','App\\Models\\Ticket',57,'App\\Models\\User',2,'{\"attributes\":{\"priority_id\":3},\"old\":{\"priority_id\":1}}','2023-10-27 11:35:47','2023-10-27 11:35:47'),(2615,'default','created','App\\Models\\TicketSolving',64,'App\\Models\\User',2,'{\"attributes\":{\"parent_id\":null,\"content\":\"4\",\"ticket_id\":50,\"active\":1,\"id_user\":2,\"id_user_modified\":null}}','2023-10-27 11:36:51','2023-10-27 11:36:51'),(2616,'default','created','App\\Models\\TicketSolving',65,'App\\Models\\User',2,'{\"attributes\":{\"parent_id\":64,\"content\":\"5\",\"ticket_id\":50,\"active\":1,\"id_user\":2,\"id_user_modified\":null}}','2023-10-27 11:36:51','2023-10-27 11:36:51'),(2617,'default','created','App\\Models\\TicketProcessing',1,'App\\Models\\User',2,'{\"attributes\":{\"ticket_id\":272,\"active\":1,\"id_user\":2,\"id_user_modified\":null}}','2023-10-27 12:14:54','2023-10-27 12:14:54'),(2618,'default','created','App\\Models\\TicketProcessing',2,'App\\Models\\User',2,'{\"attributes\":{\"ticket_id\":272,\"active\":1,\"id_user\":2,\"id_user_modified\":null}}','2023-10-27 12:20:48','2023-10-27 12:20:48'),(2619,'default','updated','App\\Models\\TicketProcessing',2,'App\\Models\\User',2,'{\"attributes\":{\"id_user_modified\":2},\"old\":{\"id_user_modified\":null}}','2023-10-27 12:33:18','2023-10-27 12:33:18'),(2620,'default','created','App\\Models\\TicketProcessing',3,'App\\Models\\User',2,'{\"attributes\":{\"ticket_id\":124,\"active\":1,\"id_user\":2,\"id_user_modified\":null}}','2023-10-27 12:41:05','2023-10-27 12:41:05'),(2621,'default','updated','App\\Models\\TicketProcessing',2,'App\\Models\\User',2,'{\"attributes\":{\"status\":0},\"old\":{\"status\":1}}','2023-10-27 12:43:18','2023-10-27 12:43:18'),(2622,'default','updated','App\\Models\\Ticket',272,'App\\Models\\User',2,'{\"attributes\":{\"note\":\"Poruka nije adekvatna\",\"id_user_modified\":2},\"old\":{\"note\":null,\"id_user_modified\":null}}','2023-10-27 12:56:24','2023-10-27 12:56:24'),(2623,'default','updated','App\\Models\\TicketComment',287,'App\\Models\\User',2,'{\"attributes\":{\"content\":\"Molim da mi se odobri lk\",\"id_user_modified\":2},\"old\":{\"content\":\"Molim da mi se odobri lk; Datum isteka: 2023-12-05.\",\"id_user_modified\":null}}','2023-10-27 12:56:24','2023-10-27 12:56:24'),(2624,'login','login','App\\Models\\User',2,'App\\Models\\User',2,'{\"username\":\"admin\",\"name\":\"admin\",\"email\":\"admin@tcom.rs\"}','2023-10-30 08:27:28','2023-10-30 08:27:28'),(2625,'default','created','App\\Models\\TicketProcessing',4,'App\\Models\\User',2,'{\"attributes\":{\"ticket_id\":50,\"status\":1,\"active\":1,\"id_user\":2,\"id_user_modified\":null}}','2023-10-30 08:27:36','2023-10-30 08:27:36'),(2626,'default','created','App\\Models\\TicketProcessing',5,'App\\Models\\User',2,'{\"attributes\":{\"ticket_id\":272,\"status\":1,\"active\":1,\"id_user\":2,\"id_user_modified\":null}}','2023-10-30 08:39:59','2023-10-30 08:39:59'),(2627,'default','created','App\\Models\\TicketProcessing',6,'App\\Models\\User',2,'{\"attributes\":{\"ticket_id\":144,\"status\":1,\"active\":1,\"id_user\":2,\"id_user_modified\":null}}','2023-10-30 08:40:16','2023-10-30 08:40:16'),(2628,'default','created','App\\Models\\Ticket',273,'App\\Models\\User',2,'{\"attributes\":{\"parent_id\":null,\"user_id\":null,\"owner_id\":23,\"category_id\":7,\"priority_id\":1,\"status_id\":1,\"channel_type_id\":1,\"subject\":\"Selfi\",\"note\":null,\"active\":1,\"id_user\":2,\"id_user_modified\":null,\"id_user_completed\":null,\"completed_at\":null}}','2023-10-30 08:42:11','2023-10-30 08:42:11'),(2629,'default','created','App\\Models\\TicketComment',288,'App\\Models\\User',2,'{\"attributes\":{\"parent_id\":null,\"owner_id\":null,\"ticket_id\":273,\"content\":\"Molim da mi se odobri vozilo\",\"active\":1,\"id_user\":2,\"id_user_modified\":null}}','2023-10-30 08:42:11','2023-10-30 08:42:11'),(2630,'default','created','App\\Models\\TicketAttachment',440,'App\\Models\\User',2,'{\"attributes\":{\"attachment_type_id\":1,\"comment_id\":288,\"name\":\"Kreiranje vozila 1\",\"size\":null,\"content\":\"document_images\\/23\\/document_20231010130653_954.png\",\"status\":0,\"active\":1,\"id_user\":23,\"id_user_modified\":null}}','2023-10-30 08:42:11','2023-10-30 08:42:11'),(2631,'default','created','App\\Models\\TicketAttachment',441,'App\\Models\\User',2,'{\"attributes\":{\"attachment_type_id\":1,\"comment_id\":288,\"name\":\"Kreiranje vozila 2\",\"size\":null,\"content\":\"document_images\\/23\\/document_20231010130653_954.png\",\"status\":0,\"active\":1,\"id_user\":23,\"id_user_modified\":null}}','2023-10-30 08:42:11','2023-10-30 08:42:11'),(2632,'default','created','App\\Models\\Vehicle',124,'App\\Models\\User',2,'{\"attributes\":{\"vehicle_id\":61,\"ticket_id\":273,\"active\":1,\"id_user\":2,\"id_user_modified\":null}}','2023-10-30 08:42:12','2023-10-30 08:42:12'),(2633,'default','created','App\\Models\\TicketProcessing',7,'App\\Models\\User',2,'{\"attributes\":{\"ticket_id\":273,\"status\":1,\"active\":1,\"id_user\":2,\"id_user_modified\":null}}','2023-10-30 08:42:27','2023-10-30 08:42:27'),(2634,'login','login','App\\Models\\User',2,'App\\Models\\User',2,'{\"username\":\"admin\",\"name\":\"admin\",\"email\":\"admin@tcom.rs\"}','2023-10-30 08:45:10','2023-10-30 08:45:10'),(2635,'default','created','App\\Models\\TicketProcessing',8,'App\\Models\\User',2,'{\"attributes\":{\"ticket_id\":57,\"status\":1,\"active\":1,\"id_user\":2,\"id_user_modified\":null}}','2023-10-30 08:53:28','2023-10-30 08:53:28'),(2636,'default','updated','App\\Models\\TicketProcessing',8,'App\\Models\\User',2,'{\"attributes\":{\"status\":0,\"id_user_modified\":2},\"old\":{\"status\":1,\"id_user_modified\":null}}','2023-10-30 08:55:01','2023-10-30 08:55:01'),(2637,'default','created','App\\Models\\TicketProcessing',9,'App\\Models\\User',2,'{\"attributes\":{\"ticket_id\":57,\"status\":1,\"active\":1,\"id_user\":2,\"id_user_modified\":null}}','2023-10-30 08:56:49','2023-10-30 08:56:49'),(2638,'default','created','App\\Models\\Ticket',274,'App\\Models\\User',2,'{\"attributes\":{\"parent_id\":null,\"user_id\":null,\"owner_id\":23,\"category_id\":7,\"priority_id\":1,\"status_id\":1,\"channel_type_id\":1,\"subject\":\"Selfi\",\"note\":null,\"active\":1,\"id_user\":2,\"id_user_modified\":null,\"id_user_completed\":null,\"completed_at\":null}}','2023-10-30 08:58:56','2023-10-30 08:58:56'),(2639,'default','created','App\\Models\\TicketComment',289,'App\\Models\\User',2,'{\"attributes\":{\"parent_id\":null,\"owner_id\":null,\"ticket_id\":274,\"content\":\"Molim da mi se odobri vozilo\",\"active\":1,\"id_user\":2,\"id_user_modified\":null}}','2023-10-30 08:58:56','2023-10-30 08:58:56'),(2640,'default','created','App\\Models\\TicketAttachment',442,'App\\Models\\User',2,'{\"attributes\":{\"attachment_type_id\":1,\"comment_id\":289,\"name\":\"Kreiranje vozila 1\",\"size\":null,\"content\":\"document_images\\/23\\/document_20231010130653_954.png\",\"status\":0,\"active\":1,\"id_user\":23,\"id_user_modified\":null}}','2023-10-30 08:58:56','2023-10-30 08:58:56'),(2641,'default','created','App\\Models\\TicketAttachment',443,'App\\Models\\User',2,'{\"attributes\":{\"attachment_type_id\":1,\"comment_id\":289,\"name\":\"Kreiranje vozila 2\",\"size\":null,\"content\":\"document_images\\/23\\/document_20231010130653_954.png\",\"status\":0,\"active\":1,\"id_user\":23,\"id_user_modified\":null}}','2023-10-30 08:58:56','2023-10-30 08:58:56'),(2642,'default','created','App\\Models\\Vehicle',125,'App\\Models\\User',2,'{\"attributes\":{\"vehicle_id\":61,\"ticket_id\":274,\"active\":1,\"id_user\":2,\"id_user_modified\":null}}','2023-10-30 08:58:56','2023-10-30 08:58:56'),(2643,'default','updated','App\\Models\\Ticket',273,'App\\Models\\User',2,'{\"attributes\":{\"id_user_modified\":2},\"old\":{\"id_user_modified\":null}}','2023-10-30 08:59:04','2023-10-30 08:59:04'),(2644,'default','updated','App\\Models\\TicketComment',288,'App\\Models\\User',2,'{\"attributes\":{\"id_user_modified\":2},\"old\":{\"id_user_modified\":null}}','2023-10-30 08:59:04','2023-10-30 08:59:04'),(2645,'default','updated','App\\Models\\Vehicle',124,'App\\Models\\User',2,'{\"attributes\":{\"active\":0,\"id_user_modified\":2},\"old\":{\"active\":1,\"id_user_modified\":null}}','2023-10-30 08:59:04','2023-10-30 08:59:04'),(2646,'default','created','App\\Models\\Vehicle',126,'App\\Models\\User',2,'{\"attributes\":{\"vehicle_id\":61,\"ticket_id\":273,\"active\":1,\"id_user\":2,\"id_user_modified\":null}}','2023-10-30 08:59:04','2023-10-30 08:59:04'),(2647,'default','updated','App\\Models\\TicketProcessing',9,'App\\Models\\User',2,'{\"attributes\":{\"status\":0,\"id_user_modified\":2},\"old\":{\"status\":1,\"id_user_modified\":null}}','2023-10-30 09:02:44','2023-10-30 09:02:44'),(2648,'default','created','App\\Models\\TicketProcessing',10,'App\\Models\\User',2,'{\"attributes\":{\"ticket_id\":57,\"status\":1,\"active\":1,\"id_user\":2,\"id_user_modified\":null}}','2023-10-30 09:02:47','2023-10-30 09:02:47'),(2649,'default','updated','App\\Models\\TicketProcessing',10,'App\\Models\\User',2,'{\"attributes\":{\"status\":0,\"id_user_modified\":2},\"old\":{\"status\":1,\"id_user_modified\":null}}','2023-10-30 09:09:18','2023-10-30 09:09:18'),(2650,'default','created','App\\Models\\TicketProcessing',11,'App\\Models\\User',2,'{\"attributes\":{\"ticket_id\":57,\"status\":1,\"active\":1,\"id_user\":2,\"id_user_modified\":null}}','2023-10-30 09:10:23','2023-10-30 09:10:23'),(2651,'default','updated','App\\Models\\TicketProcessing',11,'App\\Models\\User',2,'{\"attributes\":{\"status\":0,\"id_user_modified\":2},\"old\":{\"status\":1,\"id_user_modified\":null}}','2023-10-30 09:16:12','2023-10-30 09:16:12'),(2652,'default','created','App\\Models\\TicketProcessing',12,'App\\Models\\User',2,'{\"attributes\":{\"ticket_id\":57,\"status\":1,\"active\":1,\"id_user\":2,\"id_user_modified\":null}}','2023-10-30 09:16:17','2023-10-30 09:16:17'),(2653,'default','updated','App\\Models\\TicketProcessing',12,'App\\Models\\User',2,'{\"attributes\":{\"status\":0,\"id_user_modified\":2},\"old\":{\"status\":1,\"id_user_modified\":null}}','2023-10-30 09:16:34','2023-10-30 09:16:34'),(2654,'default','created','App\\Models\\TicketProcessing',13,'App\\Models\\User',2,'{\"attributes\":{\"ticket_id\":57,\"status\":1,\"active\":1,\"id_user\":2,\"id_user_modified\":null}}','2023-10-30 09:16:43','2023-10-30 09:16:43'),(2655,'default','updated','App\\Models\\TicketSituation',22,'App\\Models\\User',2,'{\"attributes\":{\"active\":0,\"id_user_modified\":2},\"old\":{\"active\":1,\"id_user_modified\":null}}','2023-10-30 09:17:53','2023-10-30 09:17:53'),(2656,'default','created','App\\Models\\TicketSituation',23,'App\\Models\\User',2,'{\"attributes\":{\"situation_category_id\":1,\"ticket_id\":57,\"note\":\"bla bla truc\",\"active\":1,\"id_user\":2,\"id_user_modified\":null}}','2023-10-30 09:17:54','2023-10-30 09:17:54'),(2657,'default','updated','App\\Models\\TicketProcessing',13,'App\\Models\\User',2,'{\"attributes\":{\"status\":0,\"id_user_modified\":2},\"old\":{\"status\":1,\"id_user_modified\":null}}','2023-10-30 09:20:09','2023-10-30 09:20:09'),(2658,'default','created','App\\Models\\TicketProcessing',14,'App\\Models\\User',2,'{\"attributes\":{\"ticket_id\":57,\"status\":1,\"active\":1,\"id_user\":2,\"id_user_modified\":null}}','2023-10-30 09:20:16','2023-10-30 09:20:16'),(2659,'default','updated','App\\Models\\TicketProcessing',14,'App\\Models\\User',2,'{\"attributes\":{\"status\":0,\"id_user_modified\":2},\"old\":{\"status\":1,\"id_user_modified\":null}}','2023-10-30 09:21:53','2023-10-30 09:21:53'),(2660,'default','created','App\\Models\\TicketProcessing',15,'App\\Models\\User',2,'{\"attributes\":{\"ticket_id\":66,\"status\":1,\"active\":1,\"id_user\":2,\"id_user_modified\":null}}','2023-10-30 09:22:18','2023-10-30 09:22:18'),(2661,'default','created','App\\Models\\TicketSolving',66,'App\\Models\\User',2,'{\"attributes\":{\"parent_id\":null,\"content\":\"2\",\"ticket_id\":66,\"active\":1,\"id_user\":2,\"id_user_modified\":null}}','2023-10-30 09:22:39','2023-10-30 09:22:39'),(2662,'default','updated','App\\Models\\TicketProcessing',15,'App\\Models\\User',2,'{\"attributes\":{\"status\":0,\"id_user_modified\":2},\"old\":{\"status\":1,\"id_user_modified\":null}}','2023-10-30 09:22:54','2023-10-30 09:22:54'),(2663,'default','created','App\\Models\\TicketProcessing',16,'App\\Models\\User',2,'{\"attributes\":{\"ticket_id\":66,\"status\":1,\"active\":1,\"id_user\":2,\"id_user_modified\":null}}','2023-10-30 09:22:59','2023-10-30 09:22:59'),(2664,'default','updated','App\\Models\\TicketSolving',66,'App\\Models\\User',2,'{\"attributes\":{\"active\":0,\"id_user_modified\":2},\"old\":{\"active\":1,\"id_user_modified\":null}}','2023-10-30 09:23:16','2023-10-30 09:23:16'),(2665,'default','created','App\\Models\\TicketSolving',67,'App\\Models\\User',2,'{\"attributes\":{\"parent_id\":null,\"content\":\"4\",\"ticket_id\":66,\"active\":1,\"id_user\":2,\"id_user_modified\":null}}','2023-10-30 09:23:16','2023-10-30 09:23:16'),(2666,'default','created','App\\Models\\TicketSolving',68,'App\\Models\\User',2,'{\"attributes\":{\"parent_id\":67,\"content\":\"5\",\"ticket_id\":66,\"active\":1,\"id_user\":2,\"id_user_modified\":null}}','2023-10-30 09:23:16','2023-10-30 09:23:16'),(2667,'default','updated','App\\Models\\TicketProcessing',16,'App\\Models\\User',2,'{\"attributes\":{\"status\":0,\"id_user_modified\":2},\"old\":{\"status\":1,\"id_user_modified\":null}}','2023-10-30 09:23:39','2023-10-30 09:23:39'),(2668,'default','created','App\\Models\\TicketProcessing',17,'App\\Models\\User',2,'{\"attributes\":{\"ticket_id\":66,\"status\":1,\"active\":1,\"id_user\":2,\"id_user_modified\":null}}','2023-10-30 09:23:42','2023-10-30 09:23:42'),(2669,'default','updated','App\\Models\\TicketSolving',67,'App\\Models\\User',2,'{\"attributes\":{\"active\":0,\"id_user_modified\":2},\"old\":{\"active\":1,\"id_user_modified\":null}}','2023-10-30 09:24:58','2023-10-30 09:24:58'),(2670,'default','updated','App\\Models\\TicketSolving',68,'App\\Models\\User',2,'{\"attributes\":{\"active\":0,\"id_user_modified\":2},\"old\":{\"active\":1,\"id_user_modified\":null}}','2023-10-30 09:24:58','2023-10-30 09:24:58'),(2671,'default','created','App\\Models\\TicketSolving',69,'App\\Models\\User',2,'{\"attributes\":{\"parent_id\":null,\"content\":\"4\",\"ticket_id\":66,\"active\":1,\"id_user\":2,\"id_user_modified\":null}}','2023-10-30 09:24:58','2023-10-30 09:24:58'),(2672,'default','created','App\\Models\\TicketSolving',70,'App\\Models\\User',2,'{\"attributes\":{\"parent_id\":69,\"content\":\"4\",\"ticket_id\":66,\"active\":1,\"id_user\":2,\"id_user_modified\":null}}','2023-10-30 09:24:58','2023-10-30 09:24:58'),(2673,'default','updated','App\\Models\\TicketProcessing',17,'App\\Models\\User',2,'{\"attributes\":{\"status\":0,\"id_user_modified\":2},\"old\":{\"status\":1,\"id_user_modified\":null}}','2023-10-30 09:25:49','2023-10-30 09:25:49'),(2674,'default','created','App\\Models\\TicketProcessing',18,'App\\Models\\User',2,'{\"attributes\":{\"ticket_id\":66,\"status\":1,\"active\":1,\"id_user\":2,\"id_user_modified\":null}}','2023-10-30 09:25:52','2023-10-30 09:25:52'),(2675,'default','updated','App\\Models\\TicketSolving',69,'App\\Models\\User',2,'{\"attributes\":{\"active\":0,\"id_user_modified\":2},\"old\":{\"active\":1,\"id_user_modified\":null}}','2023-10-30 09:26:16','2023-10-30 09:26:16'),(2676,'default','updated','App\\Models\\TicketSolving',70,'App\\Models\\User',2,'{\"attributes\":{\"active\":0,\"id_user_modified\":2},\"old\":{\"active\":1,\"id_user_modified\":null}}','2023-10-30 09:26:16','2023-10-30 09:26:16'),(2677,'default','created','App\\Models\\TicketSolving',71,'App\\Models\\User',2,'{\"attributes\":{\"parent_id\":null,\"content\":\"4\",\"ticket_id\":66,\"active\":1,\"id_user\":2,\"id_user_modified\":null}}','2023-10-30 09:26:16','2023-10-30 09:26:16'),(2678,'default','created','App\\Models\\TicketSolving',72,'App\\Models\\User',2,'{\"attributes\":{\"parent_id\":71,\"content\":\"5\",\"ticket_id\":66,\"active\":1,\"id_user\":2,\"id_user_modified\":null}}','2023-10-30 09:26:16','2023-10-30 09:26:16'),(2679,'default','updated','App\\Models\\TicketSolving',71,'App\\Models\\User',2,'{\"attributes\":{\"active\":0,\"id_user_modified\":2},\"old\":{\"active\":1,\"id_user_modified\":null}}','2023-10-30 09:32:52','2023-10-30 09:32:52'),(2680,'default','updated','App\\Models\\TicketSolving',72,'App\\Models\\User',2,'{\"attributes\":{\"active\":0,\"id_user_modified\":2},\"old\":{\"active\":1,\"id_user_modified\":null}}','2023-10-30 09:32:52','2023-10-30 09:32:52'),(2681,'default','created','App\\Models\\TicketSolving',73,'App\\Models\\User',2,'{\"attributes\":{\"parent_id\":null,\"content\":\"4\",\"ticket_id\":66,\"active\":1,\"id_user\":2,\"id_user_modified\":null}}','2023-10-30 09:32:52','2023-10-30 09:32:52'),(2682,'default','created','App\\Models\\TicketSolving',74,'App\\Models\\User',2,'{\"attributes\":{\"parent_id\":73,\"content\":\"5\",\"ticket_id\":66,\"active\":1,\"id_user\":2,\"id_user_modified\":null}}','2023-10-30 09:32:52','2023-10-30 09:32:52'),(2683,'default','updated','App\\Models\\Ticket',66,'App\\Models\\User',2,'{\"attributes\":{\"status_id\":4},\"old\":{\"status_id\":2}}','2023-10-30 09:34:12','2023-10-30 09:34:12'),(2684,'default','created','App\\Models\\TicketTrackStatus',51,'App\\Models\\User',2,'{\"attributes\":{\"status_id\":4,\"ticket_id\":66,\"active\":1,\"id_user\":2,\"id_user_modified\":null}}','2023-10-30 09:34:12','2023-10-30 09:34:12'),(2685,'default','created','App\\Models\\TicketSituation',24,'App\\Models\\User',2,'{\"attributes\":{\"situation_category_id\":2,\"ticket_id\":66,\"note\":\"bla bla truc\",\"active\":1,\"id_user\":2,\"id_user_modified\":null}}','2023-10-30 09:34:12','2023-10-30 09:34:12'),(2686,'default','updated','App\\Models\\TicketProcessing',18,'App\\Models\\User',2,'{\"attributes\":{\"status\":0,\"id_user_modified\":2},\"old\":{\"status\":1,\"id_user_modified\":null}}','2023-10-30 09:45:50','2023-10-30 09:45:50'),(2687,'default','created','App\\Models\\TicketProcessing',19,'App\\Models\\User',2,'{\"attributes\":{\"ticket_id\":66,\"status\":1,\"active\":1,\"id_user\":2,\"id_user_modified\":null}}','2023-10-30 09:45:53','2023-10-30 09:45:53'),(2688,'default','updated','App\\Models\\TicketProcessing',19,'App\\Models\\User',2,'{\"attributes\":{\"status\":0,\"id_user_modified\":2},\"old\":{\"status\":1,\"id_user_modified\":null}}','2023-10-30 09:48:32','2023-10-30 09:48:32'),(2689,'default','created','App\\Models\\TicketProcessing',20,'App\\Models\\User',2,'{\"attributes\":{\"ticket_id\":66,\"status\":1,\"active\":1,\"id_user\":2,\"id_user_modified\":null}}','2023-10-30 09:48:35','2023-10-30 09:48:35'),(2690,'default','updated','App\\Models\\TicketSolving',73,'App\\Models\\User',2,'{\"attributes\":{\"active\":0,\"id_user_modified\":2},\"old\":{\"active\":1,\"id_user_modified\":null}}','2023-10-30 09:48:42','2023-10-30 09:48:42'),(2691,'default','updated','App\\Models\\TicketSolving',74,'App\\Models\\User',2,'{\"attributes\":{\"active\":0,\"id_user_modified\":2},\"old\":{\"active\":1,\"id_user_modified\":null}}','2023-10-30 09:48:42','2023-10-30 09:48:42'),(2692,'default','created','App\\Models\\TicketSolving',75,'App\\Models\\User',2,'{\"attributes\":{\"parent_id\":null,\"content\":\"4\",\"ticket_id\":66,\"active\":1,\"id_user\":2,\"id_user_modified\":null}}','2023-10-30 09:48:42','2023-10-30 09:48:42'),(2693,'default','created','App\\Models\\TicketSolving',76,'App\\Models\\User',2,'{\"attributes\":{\"parent_id\":75,\"content\":\"4\",\"ticket_id\":66,\"active\":1,\"id_user\":2,\"id_user_modified\":null}}','2023-10-30 09:48:42','2023-10-30 09:48:42'),(2694,'default','updated','App\\Models\\TicketProcessing',20,'App\\Models\\User',2,'{\"attributes\":{\"status\":0,\"id_user_modified\":2},\"old\":{\"status\":1,\"id_user_modified\":null}}','2023-10-30 09:48:45','2023-10-30 09:48:45'),(2695,'default','created','App\\Models\\TicketProcessing',21,'App\\Models\\User',2,'{\"attributes\":{\"ticket_id\":66,\"status\":1,\"active\":1,\"id_user\":2,\"id_user_modified\":null}}','2023-10-30 09:48:48','2023-10-30 09:48:48'),(2696,'default','updated','App\\Models\\TicketProcessing',21,'App\\Models\\User',2,'{\"attributes\":{\"status\":0,\"id_user_modified\":2},\"old\":{\"status\":1,\"id_user_modified\":null}}','2023-10-30 09:49:01','2023-10-30 09:49:01'),(2697,'default','created','App\\Models\\TicketProcessing',22,'App\\Models\\User',2,'{\"attributes\":{\"ticket_id\":66,\"status\":1,\"active\":1,\"id_user\":2,\"id_user_modified\":null}}','2023-10-30 09:49:06','2023-10-30 09:49:06'),(2698,'default','updated','App\\Models\\TicketProcessing',22,'App\\Models\\User',2,'{\"attributes\":{\"status\":0,\"id_user_modified\":2},\"old\":{\"status\":1,\"id_user_modified\":null}}','2023-10-30 09:50:15','2023-10-30 09:50:15'),(2699,'default','created','App\\Models\\User',136,'App\\Models\\User',2,'{\"attributes\":{\"name\":\"Danilo Lukic - Novi\",\"email\":\"lukic3@sbb.rs\",\"password\":\"$2y$10$Kaf3qddDTgZVogXhsRhL6u90DsWGdg0Cq6TTEyxag\\/Yn9DOzPGWfC\",\"role_id\":3,\"cms\":1,\"ban\":0,\"username\":\"danilo_lukic\",\"active\":1,\"phonr\":null,\"image\":null,\"remember_token\":null}}','2023-10-30 09:51:12','2023-10-30 09:51:12'),(2700,'default','created','App\\Models\\TicketCategoryUser',38,'App\\Models\\User',2,'{\"attributes\":{\"category_id\":4,\"user_id\":136,\"active\":1,\"id_user\":2,\"id_user_modified\":null}}','2023-10-30 09:51:12','2023-10-30 09:51:12'),(2701,'login','login','App\\Models\\User',136,'App\\Models\\User',136,'{\"username\":\"danilo_lukic\",\"name\":\"Danilo Lukic - Novi\",\"email\":\"lukic3@sbb.rs\"}','2023-10-30 09:51:23','2023-10-30 09:51:23'),(2702,'default','updated','App\\Models\\Vehicle',126,'App\\Models\\User',2,'{\"attributes\":{\"active\":0,\"id_user_modified\":2},\"old\":{\"active\":1,\"id_user_modified\":null}}','2023-10-30 10:07:28','2023-10-30 10:07:28'),(2703,'default','created','App\\Models\\Vehicle',127,'App\\Models\\User',2,'{\"attributes\":{\"vehicle_id\":61,\"ticket_id\":273,\"active\":1,\"id_user\":2,\"id_user_modified\":null}}','2023-10-30 10:07:28','2023-10-30 10:07:28'),(2704,'default','updated','App\\Models\\Vehicle',127,'App\\Models\\User',2,'{\"attributes\":{\"active\":0,\"id_user_modified\":2},\"old\":{\"active\":1,\"id_user_modified\":null}}','2023-10-30 10:07:36','2023-10-30 10:07:36'),(2705,'default','created','App\\Models\\Vehicle',128,'App\\Models\\User',2,'{\"attributes\":{\"vehicle_id\":61,\"ticket_id\":273,\"active\":1,\"id_user\":2,\"id_user_modified\":null}}','2023-10-30 10:07:36','2023-10-30 10:07:36'),(2706,'default','updated','App\\Models\\Ticket',273,'App\\Models\\User',2,'{\"attributes\":{\"status_id\":4},\"old\":{\"status_id\":1}}','2023-10-30 10:10:39','2023-10-30 10:10:39'),(2707,'default','created','App\\Models\\TicketTrackStatus',52,'App\\Models\\User',2,'{\"attributes\":{\"status_id\":4,\"ticket_id\":273,\"active\":1,\"id_user\":2,\"id_user_modified\":null}}','2023-10-30 10:10:39','2023-10-30 10:10:39'),(2708,'default','created','App\\Models\\TicketSituation',25,'App\\Models\\User',2,'{\"attributes\":{\"situation_category_id\":1,\"ticket_id\":273,\"note\":\"Napomena #1\",\"active\":1,\"id_user\":2,\"id_user_modified\":null}}','2023-10-30 10:10:39','2023-10-30 10:10:39'),(2709,'default','created','App\\Models\\TicketProcessing',23,'App\\Models\\User',2,'{\"attributes\":{\"ticket_id\":57,\"status\":1,\"active\":1,\"id_user\":2,\"id_user_modified\":null}}','2023-10-30 10:14:13','2023-10-30 10:14:13'),(2710,'default','updated','App\\Models\\TicketProcessing',23,'App\\Models\\User',2,'{\"attributes\":{\"status\":0,\"id_user_modified\":2},\"old\":{\"status\":1,\"id_user_modified\":null}}','2023-10-30 10:14:22','2023-10-30 10:14:22'),(2711,'default','created','App\\Models\\TicketProcessing',24,'App\\Models\\User',136,'{\"attributes\":{\"ticket_id\":57,\"status\":1,\"active\":1,\"id_user\":136,\"id_user_modified\":null}}','2023-10-30 10:14:26','2023-10-30 10:14:26'),(2712,'default','updated','App\\Models\\TicketProcessing',24,'App\\Models\\User',136,'{\"attributes\":{\"status\":0,\"id_user_modified\":136},\"old\":{\"status\":1,\"id_user_modified\":null}}','2023-10-30 10:16:32','2023-10-30 10:16:32'),(2713,'default','created','App\\Models\\TicketProcessing',25,'App\\Models\\User',136,'{\"attributes\":{\"ticket_id\":57,\"status\":1,\"active\":1,\"id_user\":136,\"id_user_modified\":null}}','2023-10-30 10:16:35','2023-10-30 10:16:35'),(2714,'default','updated','App\\Models\\TicketProcessing',25,'App\\Models\\User',136,'{\"attributes\":{\"status\":0,\"id_user_modified\":136},\"old\":{\"status\":1,\"id_user_modified\":null}}','2023-10-30 12:06:21','2023-10-30 12:06:21'),(2715,'default','updated','App\\Models\\TicketProcessing',4,'App\\Models\\User',2,'{\"attributes\":{\"status\":0,\"id_user_modified\":2},\"old\":{\"status\":1,\"id_user_modified\":null}}','2023-10-30 12:07:07','2023-10-30 12:07:07'),(2716,'default','created','App\\Models\\TicketProcessing',26,'App\\Models\\User',2,'{\"attributes\":{\"ticket_id\":57,\"status\":1,\"active\":1,\"id_user\":2,\"id_user_modified\":null}}','2023-10-30 12:07:42','2023-10-30 12:07:42'),(2717,'default','updated','App\\Models\\TicketProcessing',26,'App\\Models\\User',2,'{\"attributes\":{\"status\":0,\"id_user_modified\":2},\"old\":{\"status\":1,\"id_user_modified\":null}}','2023-10-30 12:11:27','2023-10-30 12:11:27'),(2718,'default','created','App\\Models\\TicketProcessing',27,'App\\Models\\User',2,'{\"attributes\":{\"ticket_id\":57,\"status\":1,\"active\":1,\"id_user\":2,\"id_user_modified\":null}}','2023-10-30 12:11:38','2023-10-30 12:11:38'),(2719,'default','updated','App\\Models\\TicketSituation',23,'App\\Models\\User',2,'{\"attributes\":{\"active\":0,\"id_user_modified\":2},\"old\":{\"active\":1,\"id_user_modified\":null}}','2023-10-30 12:12:51','2023-10-30 12:12:51'),(2720,'default','created','App\\Models\\TicketSituation',26,'App\\Models\\User',2,'{\"attributes\":{\"situation_category_id\":4,\"ticket_id\":57,\"note\":\"bla bla\",\"active\":1,\"id_user\":2,\"id_user_modified\":null}}','2023-10-30 12:12:51','2023-10-30 12:12:51'),(2721,'default','updated','App\\Models\\TicketProcessing',27,'App\\Models\\User',2,'{\"attributes\":{\"status\":0,\"id_user_modified\":2},\"old\":{\"status\":1,\"id_user_modified\":null}}','2023-10-30 12:13:31','2023-10-30 12:13:31'),(2722,'default','created','App\\Models\\TicketProcessing',28,'App\\Models\\User',2,'{\"attributes\":{\"ticket_id\":57,\"status\":1,\"active\":1,\"id_user\":2,\"id_user_modified\":null}}','2023-10-30 12:13:34','2023-10-30 12:13:34'),(2723,'default','updated','App\\Models\\TicketProcessing',28,'App\\Models\\User',2,'{\"attributes\":{\"status\":0,\"id_user_modified\":2},\"old\":{\"status\":1,\"id_user_modified\":null}}','2023-10-30 12:15:27','2023-10-30 12:15:27'),(2724,'default','created','App\\Models\\TicketProcessing',29,'App\\Models\\User',2,'{\"attributes\":{\"ticket_id\":50,\"status\":1,\"active\":1,\"id_user\":2,\"id_user_modified\":null}}','2023-10-30 12:15:35','2023-10-30 12:15:35'),(2725,'default','updated','App\\Models\\TicketSolving',64,'App\\Models\\User',2,'{\"attributes\":{\"active\":0,\"id_user_modified\":2},\"old\":{\"active\":1,\"id_user_modified\":null}}','2023-10-30 12:15:55','2023-10-30 12:15:55'),(2726,'default','updated','App\\Models\\TicketSolving',65,'App\\Models\\User',2,'{\"attributes\":{\"active\":0,\"id_user_modified\":2},\"old\":{\"active\":1,\"id_user_modified\":null}}','2023-10-30 12:15:55','2023-10-30 12:15:55'),(2727,'default','created','App\\Models\\TicketSolving',77,'App\\Models\\User',2,'{\"attributes\":{\"parent_id\":null,\"content\":\"4\",\"ticket_id\":50,\"active\":1,\"id_user\":2,\"id_user_modified\":null}}','2023-10-30 12:15:55','2023-10-30 12:15:55'),(2728,'default','created','App\\Models\\TicketSolving',78,'App\\Models\\User',2,'{\"attributes\":{\"parent_id\":77,\"content\":\"4\",\"ticket_id\":50,\"active\":1,\"id_user\":2,\"id_user_modified\":null}}','2023-10-30 12:15:55','2023-10-30 12:15:55'),(2729,'default','updated','App\\Models\\TicketProcessing',29,'App\\Models\\User',2,'{\"attributes\":{\"status\":0,\"id_user_modified\":2},\"old\":{\"status\":1,\"id_user_modified\":null}}','2023-10-30 12:15:58','2023-10-30 12:15:58'),(2730,'default','created','App\\Models\\TicketProcessing',30,'App\\Models\\User',2,'{\"attributes\":{\"ticket_id\":50,\"status\":1,\"active\":1,\"id_user\":2,\"id_user_modified\":null}}','2023-10-30 12:16:00','2023-10-30 12:16:00'),(2731,'default','updated','App\\Models\\TicketProcessing',30,'App\\Models\\User',2,'{\"attributes\":{\"status\":0,\"id_user_modified\":2},\"old\":{\"status\":1,\"id_user_modified\":null}}','2023-10-30 12:16:06','2023-10-30 12:16:06'),(2732,'default','created','App\\Models\\TicketProcessing',31,'App\\Models\\User',2,'{\"attributes\":{\"ticket_id\":50,\"status\":1,\"active\":1,\"id_user\":2,\"id_user_modified\":null}}','2023-10-30 12:16:31','2023-10-30 12:16:31'),(2733,'default','updated','App\\Models\\TicketProcessing',31,'App\\Models\\User',2,'{\"attributes\":{\"status\":0,\"id_user_modified\":2},\"old\":{\"status\":1,\"id_user_modified\":null}}','2023-10-30 12:18:24','2023-10-30 12:18:24'),(2734,'default','created','App\\Models\\TicketProcessing',32,'App\\Models\\User',2,'{\"attributes\":{\"ticket_id\":50,\"status\":1,\"active\":1,\"id_user\":2,\"id_user_modified\":null}}','2023-10-30 12:18:34','2023-10-30 12:18:34'),(2735,'default','updated','App\\Models\\TicketProcessing',32,'App\\Models\\User',2,'{\"attributes\":{\"status\":0,\"id_user_modified\":2},\"old\":{\"status\":1,\"id_user_modified\":null}}','2023-10-30 12:18:44','2023-10-30 12:18:44'),(2736,'default','created','App\\Models\\TicketProcessing',33,'App\\Models\\User',2,'{\"attributes\":{\"ticket_id\":50,\"status\":1,\"active\":1,\"id_user\":2,\"id_user_modified\":null}}','2023-10-30 12:20:07','2023-10-30 12:20:07'),(2737,'default','updated','App\\Models\\TicketProcessing',33,'App\\Models\\User',2,'{\"attributes\":{\"status\":0,\"id_user_modified\":2},\"old\":{\"status\":1,\"id_user_modified\":null}}','2023-10-30 12:20:52','2023-10-30 12:20:52'),(2738,'default','created','App\\Models\\TicketProcessing',34,'App\\Models\\User',2,'{\"attributes\":{\"ticket_id\":50,\"status\":1,\"active\":1,\"id_user\":2,\"id_user_modified\":null}}','2023-10-30 12:21:09','2023-10-30 12:21:09'),(2739,'default','updated','App\\Models\\TicketProcessing',34,'App\\Models\\User',2,'{\"attributes\":{\"status\":0,\"id_user_modified\":2},\"old\":{\"status\":1,\"id_user_modified\":null}}','2023-10-30 12:21:15','2023-10-30 12:21:15'),(2740,'default','created','App\\Models\\TicketProcessing',35,'App\\Models\\User',2,'{\"attributes\":{\"ticket_id\":50,\"status\":1,\"active\":1,\"id_user\":2,\"id_user_modified\":null}}','2023-10-30 12:28:54','2023-10-30 12:28:54'),(2741,'login','login','App\\Models\\User',2,'App\\Models\\User',2,'{\"username\":\"admin\",\"name\":\"admin\",\"email\":\"admin@tcom.rs\"}','2023-10-30 12:45:50','2023-10-30 12:45:50'),(2742,'logout','logout','App\\Models\\User',2,'App\\Models\\User',2,'{\"name\":\"admin\",\"email\":\"admin@tcom.rs\"}','2023-10-30 12:46:33','2023-10-30 12:46:33'),(2743,'login','login','App\\Models\\User',2,'App\\Models\\User',2,'{\"username\":\"admin\",\"name\":\"admin\",\"email\":\"admin@tcom.rs\"}','2023-10-30 12:46:45','2023-10-30 12:46:45'),(2744,'login','login','App\\Models\\User',2,'App\\Models\\User',2,'{\"username\":\"admin\",\"name\":\"admin\",\"email\":\"admin@tcom.rs\"}','2023-10-30 12:48:03','2023-10-30 12:48:03'),(2745,'default','updated','App\\Models\\TicketProcessing',35,'App\\Models\\User',2,'{\"attributes\":{\"status\":0,\"id_user_modified\":2},\"old\":{\"status\":1,\"id_user_modified\":null}}','2023-10-30 12:51:52','2023-10-30 12:51:52'),(2746,'default','created','App\\Models\\TicketProcessing',36,'App\\Models\\User',2,'{\"attributes\":{\"ticket_id\":50,\"status\":1,\"active\":1,\"id_user\":2,\"id_user_modified\":null}}','2023-10-30 12:52:12','2023-10-30 12:52:12'),(2747,'default','updated','App\\Models\\TicketProcessing',36,'App\\Models\\User',2,'{\"attributes\":{\"status\":0,\"id_user_modified\":2},\"old\":{\"status\":1,\"id_user_modified\":null}}','2023-10-30 12:53:04','2023-10-30 12:53:04'),(2748,'default','created','App\\Models\\TicketProcessing',37,'App\\Models\\User',136,'{\"attributes\":{\"ticket_id\":50,\"status\":1,\"active\":1,\"id_user\":136,\"id_user_modified\":null}}','2023-10-30 12:53:21','2023-10-30 12:53:21'),(2749,'default','updated','App\\Models\\TicketProcessing',37,'App\\Models\\User',136,'{\"attributes\":{\"status\":0,\"id_user_modified\":136},\"old\":{\"status\":1,\"id_user_modified\":null}}','2023-10-30 12:53:56','2023-10-30 12:53:56'),(2750,'default','created','App\\Models\\TicketProcessing',38,'App\\Models\\User',2,'{\"attributes\":{\"ticket_id\":50,\"status\":1,\"active\":1,\"id_user\":2,\"id_user_modified\":null}}','2023-10-30 12:54:11','2023-10-30 12:54:11'),(2751,'default','updated','App\\Models\\TicketProcessing',38,'App\\Models\\User',2,'{\"attributes\":{\"status\":0,\"id_user_modified\":2},\"old\":{\"status\":1,\"id_user_modified\":null}}','2023-10-30 12:54:23','2023-10-30 12:54:23'),(2752,'default','created','App\\Models\\TicketProcessing',39,'App\\Models\\User',2,'{\"attributes\":{\"ticket_id\":50,\"status\":1,\"active\":1,\"id_user\":2,\"id_user_modified\":null}}','2023-10-30 12:54:35','2023-10-30 12:54:35'),(2753,'default','updated','App\\Models\\TicketProcessing',39,'App\\Models\\User',2,'{\"attributes\":{\"status\":0,\"id_user_modified\":2},\"old\":{\"status\":1,\"id_user_modified\":null}}','2023-10-30 12:55:02','2023-10-30 12:55:02'),(2754,'default','created','App\\Models\\TicketProcessing',40,'App\\Models\\User',2,'{\"attributes\":{\"ticket_id\":50,\"status\":1,\"active\":1,\"id_user\":2,\"id_user_modified\":null}}','2023-10-30 12:55:05','2023-10-30 12:55:05'),(2755,'default','updated','App\\Models\\TicketProcessing',40,'App\\Models\\User',2,'{\"attributes\":{\"status\":0,\"id_user_modified\":2},\"old\":{\"status\":1,\"id_user_modified\":null}}','2023-10-30 12:55:15','2023-10-30 12:55:15'),(2756,'default','created','App\\Models\\TicketProcessing',41,'App\\Models\\User',2,'{\"attributes\":{\"ticket_id\":50,\"status\":1,\"active\":1,\"id_user\":2,\"id_user_modified\":null}}','2023-10-30 13:03:07','2023-10-30 13:03:07'),(2757,'default','updated','App\\Models\\TicketProcessing',41,'App\\Models\\User',2,'{\"attributes\":{\"status\":0,\"id_user_modified\":2},\"old\":{\"status\":1,\"id_user_modified\":null}}','2023-10-30 13:03:34','2023-10-30 13:03:34'),(2758,'default','updated','App\\Models\\TicketProcessing',3,'App\\Models\\User',2,'{\"attributes\":{\"status\":0,\"id_user_modified\":2},\"old\":{\"status\":1,\"id_user_modified\":null}}','2023-10-30 13:04:22','2023-10-30 13:04:22'),(2759,'default','created','App\\Models\\TicketProcessing',42,'App\\Models\\User',2,'{\"attributes\":{\"ticket_id\":124,\"status\":1,\"active\":1,\"id_user\":2,\"id_user_modified\":null}}','2023-10-30 13:04:29','2023-10-30 13:04:29'),(2760,'default','created','App\\Models\\TicketProcessing',43,'App\\Models\\User',2,'{\"attributes\":{\"ticket_id\":50,\"status\":1,\"active\":1,\"id_user\":2,\"id_user_modified\":null}}','2023-10-30 13:05:10','2023-10-30 13:05:10'),(2761,'default','updated','App\\Models\\TicketProcessing',43,'App\\Models\\User',2,'{\"attributes\":{\"status\":0,\"id_user_modified\":2},\"old\":{\"status\":1,\"id_user_modified\":null}}','2023-10-30 13:30:05','2023-10-30 13:30:05'),(2762,'default','created','App\\Models\\TicketProcessing',44,'App\\Models\\User',2,'{\"attributes\":{\"ticket_id\":50,\"status\":1,\"active\":1,\"id_user\":2,\"id_user_modified\":null}}','2023-10-30 13:30:32','2023-10-30 13:30:32'),(2763,'default','updated','App\\Models\\TicketProcessing',44,'App\\Models\\User',2,'{\"attributes\":{\"status\":0,\"id_user_modified\":2},\"old\":{\"status\":1,\"id_user_modified\":null}}','2023-10-30 13:30:37','2023-10-30 13:30:37'),(2764,'default','updated','App\\Models\\TicketProcessing',42,'App\\Models\\User',2,'{\"attributes\":{\"status\":0,\"id_user_modified\":2},\"old\":{\"status\":1,\"id_user_modified\":null}}','2023-10-30 13:32:06','2023-10-30 13:32:06'),(2765,'default','created','App\\Models\\TicketProcessing',45,'App\\Models\\User',2,'{\"attributes\":{\"ticket_id\":124,\"status\":1,\"active\":1,\"id_user\":2,\"id_user_modified\":null}}','2023-10-30 13:32:10','2023-10-30 13:32:10'),(2766,'default','created','App\\Models\\TicketProcessing',46,'App\\Models\\User',2,'{\"attributes\":{\"ticket_id\":50,\"status\":1,\"active\":1,\"id_user\":2,\"id_user_modified\":null}}','2023-10-30 13:32:22','2023-10-30 13:32:22'),(2767,'default','updated','App\\Models\\TicketProcessing',46,'App\\Models\\User',2,'{\"attributes\":{\"status\":0,\"id_user_modified\":2},\"old\":{\"status\":1,\"id_user_modified\":null}}','2023-10-30 13:32:46','2023-10-30 13:32:46'),(2768,'default','created','App\\Models\\TicketProcessing',47,'App\\Models\\User',2,'{\"attributes\":{\"ticket_id\":50,\"status\":1,\"active\":1,\"id_user\":2,\"id_user_modified\":null}}','2023-10-30 13:46:51','2023-10-30 13:46:51'),(2769,'default','updated','App\\Models\\TicketProcessing',47,'App\\Models\\User',2,'{\"attributes\":{\"status\":0,\"id_user_modified\":2},\"old\":{\"status\":1,\"id_user_modified\":null}}','2023-10-30 13:47:00','2023-10-30 13:47:00'),(2770,'default','created','App\\Models\\TicketProcessing',48,'App\\Models\\User',2,'{\"attributes\":{\"ticket_id\":50,\"status\":1,\"active\":1,\"id_user\":2,\"id_user_modified\":null}}','2023-10-30 13:49:45','2023-10-30 13:49:45'),(2771,'default','updated','App\\Models\\TicketProcessing',48,'App\\Models\\User',2,'{\"attributes\":{\"status\":0,\"id_user_modified\":2},\"old\":{\"status\":1,\"id_user_modified\":null}}','2023-10-30 13:49:51','2023-10-30 13:49:51'),(2772,'default','created','App\\Models\\TicketProcessing',49,'App\\Models\\User',2,'{\"attributes\":{\"ticket_id\":50,\"status\":1,\"active\":1,\"id_user\":2,\"id_user_modified\":null}}','2023-10-30 13:50:03','2023-10-30 13:50:03'),(2773,'default','updated','App\\Models\\TicketProcessing',49,'App\\Models\\User',2,'{\"attributes\":{\"status\":0,\"id_user_modified\":2},\"old\":{\"status\":1,\"id_user_modified\":null}}','2023-10-30 13:50:10','2023-10-30 13:50:10'),(2774,'logout','logout','App\\Models\\User',2,'App\\Models\\User',2,'{\"name\":\"admin\",\"email\":\"admin@tcom.rs\"}','2023-10-30 13:54:54','2023-10-30 13:54:54'),(2775,'login','login','App\\Models\\User',2,'App\\Models\\User',2,'{\"username\":\"admin\",\"name\":\"admin\",\"email\":\"admin@tcom.rs\"}','2023-10-30 14:03:15','2023-10-30 14:03:15'),(2776,'default','created','App\\Models\\TicketProcessing',50,'App\\Models\\User',2,'{\"attributes\":{\"ticket_id\":50,\"status\":1,\"active\":1,\"id_user\":2,\"id_user_modified\":null}}','2023-10-30 14:03:38','2023-10-30 14:03:38'),(2777,'default','updated','App\\Models\\TicketProcessing',50,'App\\Models\\User',2,'{\"attributes\":{\"status\":0,\"id_user_modified\":2},\"old\":{\"status\":1,\"id_user_modified\":null}}','2023-10-30 14:04:55','2023-10-30 14:04:55'),(2778,'default','updated','App\\Models\\TicketProcessing',45,'App\\Models\\User',2,'{\"attributes\":{\"status\":0,\"id_user_modified\":2},\"old\":{\"status\":1,\"id_user_modified\":null}}','2023-10-30 14:05:55','2023-10-30 14:05:55'),(2779,'default','created','App\\Models\\TicketProcessing',51,'App\\Models\\User',2,'{\"attributes\":{\"ticket_id\":50,\"status\":1,\"active\":1,\"id_user\":2,\"id_user_modified\":null}}','2023-10-30 14:15:28','2023-10-30 14:15:28'),(2780,'default','updated','App\\Models\\TicketProcessing',51,'App\\Models\\User',2,'{\"attributes\":{\"status\":0,\"id_user_modified\":2},\"old\":{\"status\":1,\"id_user_modified\":null}}','2023-10-30 14:15:34','2023-10-30 14:15:34'),(2781,'default','created','App\\Models\\TicketProcessing',52,'App\\Models\\User',2,'{\"attributes\":{\"ticket_id\":124,\"status\":1,\"active\":1,\"id_user\":2,\"id_user_modified\":null}}','2023-10-30 14:18:52','2023-10-30 14:18:52'),(2782,'default','created','App\\Models\\TicketProcessing',53,'App\\Models\\User',2,'{\"attributes\":{\"ticket_id\":125,\"status\":1,\"active\":1,\"id_user\":2,\"id_user_modified\":null}}','2023-10-30 14:59:17','2023-10-30 14:59:17'),(2783,'default','updated','App\\Models\\TicketProcessing',53,'App\\Models\\User',2,'{\"attributes\":{\"status\":0,\"id_user_modified\":2},\"old\":{\"status\":1,\"id_user_modified\":null}}','2023-10-30 14:59:38','2023-10-30 14:59:38'),(2784,'login','login','App\\Models\\User',2,'App\\Models\\User',2,'{\"username\":\"admin\",\"name\":\"admin\",\"email\":\"admin@tcom.rs\"}','2023-10-31 07:43:31','2023-10-31 07:43:31'),(2785,'login','login','App\\Models\\User',2,'App\\Models\\User',2,'{\"username\":\"admin\",\"name\":\"admin\",\"email\":\"admin@tcom.rs\"}','2023-10-31 07:52:33','2023-10-31 07:52:33'),(2786,'default','created','App\\Models\\TicketProcessing',54,'App\\Models\\User',2,'{\"attributes\":{\"ticket_id\":50,\"status\":1,\"active\":1,\"id_user\":2,\"id_user_modified\":null}}','2023-10-31 08:35:29','2023-10-31 08:35:29'),(2787,'default','created','App\\Models\\TicketCategory',45,'App\\Models\\User',2,'{\"attributes\":{\"name\":\"nova\",\"color\":null,\"status\":0,\"required\":0,\"type\":0,\"active\":1,\"id_user\":2,\"id_user_modified\":null}}','2023-10-31 08:39:32','2023-10-31 08:39:32'),(2788,'default','updated','App\\Models\\TicketCategory',3,'App\\Models\\User',2,'{\"attributes\":{\"name\":\"nova\",\"required\":0,\"id_user_modified\":2},\"old\":{\"name\":\"Saobra\\u0107ajna dozvola\",\"required\":1,\"id_user_modified\":null}}','2023-10-31 08:39:48','2023-10-31 08:39:48'),(2789,'default','updated','App\\Models\\TicketProcessing',54,'App\\Models\\User',2,'{\"attributes\":{\"status\":0,\"id_user_modified\":2},\"old\":{\"status\":1,\"id_user_modified\":null}}','2023-10-31 08:40:17','2023-10-31 08:40:17'),(2790,'default','created','App\\Models\\TicketProcessing',55,'App\\Models\\User',2,'{\"attributes\":{\"ticket_id\":50,\"status\":1,\"active\":1,\"id_user\":2,\"id_user_modified\":null}}','2023-10-31 08:40:20','2023-10-31 08:40:20'),(2791,'default','updated','App\\Models\\TicketProcessing',55,'App\\Models\\User',2,'{\"attributes\":{\"status\":0,\"id_user_modified\":2},\"old\":{\"status\":1,\"id_user_modified\":null}}','2023-10-31 08:40:26','2023-10-31 08:40:26'),(2792,'default','updated','App\\Models\\TicketProcessing',52,'App\\Models\\User',2,'{\"attributes\":{\"status\":0,\"id_user_modified\":2},\"old\":{\"status\":1,\"id_user_modified\":null}}','2023-10-31 08:45:40','2023-10-31 08:45:40'),(2793,'default','created','App\\Models\\TicketProcessing',56,'App\\Models\\User',2,'{\"attributes\":{\"ticket_id\":124,\"status\":1,\"active\":1,\"id_user\":2,\"id_user_modified\":null}}','2023-10-31 08:45:44','2023-10-31 08:45:44'),(2794,'default','updated','App\\Models\\TicketProcessing',56,'App\\Models\\User',2,'{\"attributes\":{\"status\":0,\"id_user_modified\":2},\"old\":{\"status\":1,\"id_user_modified\":null}}','2023-10-31 08:45:51','2023-10-31 08:45:51'),(2795,'default','created','App\\Models\\TicketProcessing',57,'App\\Models\\User',2,'{\"attributes\":{\"ticket_id\":124,\"status\":1,\"active\":1,\"id_user\":2,\"id_user_modified\":null}}','2023-10-31 08:49:22','2023-10-31 08:49:22'),(2796,'default','created','App\\Models\\TicketProcessing',58,'App\\Models\\User',2,'{\"attributes\":{\"ticket_id\":50,\"status\":1,\"active\":1,\"id_user\":2,\"id_user_modified\":null}}','2023-10-31 08:53:41','2023-10-31 08:53:41'),(2797,'login','login','App\\Models\\User',2,'App\\Models\\User',2,'{\"username\":\"admin\",\"name\":\"admin\",\"email\":\"admin@tcom.rs\"}','2023-11-01 08:15:41','2023-11-01 08:15:41'),(2798,'default','updated','App\\Models\\PageCategory',1,'App\\Models\\User',2,'{\"attributes\":{\"name\":\"nova\",\"id_user_modified\":2},\"old\":{\"name\":\"Uslovi kori\\u0161\\u0107enja\",\"id_user_modified\":null}}','2023-11-01 09:02:05','2023-11-01 09:02:05'),(2799,'default','created','App\\Models\\PageCategory',3,'App\\Models\\User',2,'{\"attributes\":{\"page_category_type_id\":1,\"name\":\"nova\",\"active\":1,\"id_user\":2,\"id_user_modified\":null}}','2023-11-01 09:03:22','2023-11-01 09:03:22'),(2800,'default','created','App\\Models\\PageCategory',4,'App\\Models\\User',2,'{\"attributes\":{\"page_category_type_id\":1,\"name\":\"nova\",\"active\":1,\"id_user\":2,\"id_user_modified\":null}}','2023-11-01 09:04:21','2023-11-01 09:04:21'),(2801,'default','created','App\\Models\\PageCategory',5,'App\\Models\\User',2,'{\"attributes\":{\"page_category_type_id\":1,\"name\":\"nova\",\"active\":1,\"id_user\":2,\"id_user_modified\":null}}','2023-11-01 09:04:46','2023-11-01 09:04:46'),(2802,'default','updated','App\\Models\\PageCategory',5,'App\\Models\\User',2,'{\"attributes\":{\"active\":0,\"id_user_modified\":2},\"old\":{\"active\":1,\"id_user_modified\":null}}','2023-11-01 09:10:23','2023-11-01 09:10:23'),(2803,'default','updated','App\\Models\\PageCategory',2,'App\\Models\\User',2,'{\"attributes\":{\"name\":\"nova\",\"id_user_modified\":2},\"old\":{\"name\":\"Politika privatnosti\",\"id_user_modified\":null}}','2023-11-01 09:59:37','2023-11-01 09:59:37'),(2804,'default','created','App\\Models\\PageCategory',6,'App\\Models\\User',2,'{\"attributes\":{\"page_category_type_id\":1,\"name\":\"nova\",\"active\":1,\"id_user\":2,\"id_user_modified\":null}}','2023-11-01 10:00:20','2023-11-01 10:00:20'),(2805,'default','created','App\\Models\\Page',1,'App\\Models\\User',2,'{\"attributes\":{\"page_category_id\":1,\"note\":null,\"name\":\"Uslovi\",\"path\":\"0\",\"status\":1,\"active\":1,\"id_user\":2,\"id_user_modified\":null}}','2023-11-01 10:30:22','2023-11-01 10:30:22'),(2806,'default','created','App\\Models\\Page',2,'App\\Models\\User',2,'{\"attributes\":{\"page_category_id\":1,\"note\":\"Ovo je neki tekst\",\"name\":\"Uslovi\",\"path\":\"Uslovi\",\"status\":1,\"active\":1,\"id_user\":2,\"id_user_modified\":null}}','2023-11-01 10:32:29','2023-11-01 10:32:29'),(2807,'default','updated','App\\Models\\Page',2,'App\\Models\\User',2,'{\"attributes\":{\"note\":\"Ovo je neki tekst222\",\"name\":\"Uslovi22\",\"path\":\"uslovi22\",\"id_user_modified\":2},\"old\":{\"note\":\"Ovo je neki tekst\",\"name\":\"Uslovi\",\"path\":\"Uslovi\",\"id_user_modified\":null}}','2023-11-01 10:33:35','2023-11-01 10:33:35'),(2808,'default','updated','App\\Models\\Page',2,'App\\Models\\User',2,'{\"attributes\":{\"status\":0},\"old\":{\"status\":1}}','2023-11-01 10:33:46','2023-11-01 10:33:46'),(2809,'default','updated','App\\Models\\Page',2,'App\\Models\\User',2,'{\"attributes\":{\"active\":0},\"old\":{\"active\":1}}','2023-11-01 10:34:36','2023-11-01 10:34:36'),(2810,'default','updated','App\\Models\\TicketProcessing',57,'App\\Models\\User',2,'{\"attributes\":{\"status\":0,\"id_user_modified\":2},\"old\":{\"status\":1,\"id_user_modified\":null}}','2023-11-02 07:14:13','2023-11-02 07:14:13'),(2811,'default','created','App\\Models\\TicketProcessing',59,'App\\Models\\User',2,'{\"attributes\":{\"ticket_id\":124,\"status\":1,\"active\":1,\"id_user\":2,\"id_user_modified\":null}}','2023-11-02 07:23:51','2023-11-02 07:23:51'),(2812,'default','created','App\\Models\\TicketProcessing',60,'App\\Models\\User',2,'{\"attributes\":{\"ticket_id\":125,\"status\":1,\"active\":1,\"id_user\":2,\"id_user_modified\":null}}','2023-11-02 08:19:33','2023-11-02 08:19:33'),(2813,'default','updated','App\\Models\\TicketProcessing',60,'App\\Models\\User',2,'{\"attributes\":{\"status\":0,\"id_user_modified\":2},\"old\":{\"status\":1,\"id_user_modified\":null}}','2023-11-02 08:19:34','2023-11-02 08:19:34'),(2814,'login','login','App\\Models\\User',2,'App\\Models\\User',2,'{\"username\":\"admin\",\"name\":\"admin\",\"email\":\"admin@tcom.rs\"}','2023-11-02 08:37:23','2023-11-02 08:37:23'),(2815,'default','updated','App\\Models\\TicketProcessing',59,'App\\Models\\User',2,'{\"attributes\":{\"status\":0,\"id_user_modified\":2},\"old\":{\"status\":1,\"id_user_modified\":null}}','2023-11-02 09:11:12','2023-11-02 09:11:12'),(2816,'default','created','App\\Models\\TicketProcessing',61,'App\\Models\\User',2,'{\"attributes\":{\"ticket_id\":123,\"status\":1,\"active\":1,\"id_user\":2,\"id_user_modified\":null}}','2023-11-02 09:11:14','2023-11-02 09:11:14'),(2817,'default','updated','App\\Models\\TicketProcessing',61,'App\\Models\\User',2,'{\"attributes\":{\"status\":0,\"id_user_modified\":2},\"old\":{\"status\":1,\"id_user_modified\":null}}','2023-11-02 09:11:25','2023-11-02 09:11:25'),(2818,'default','created','App\\Models\\TicketProcessing',62,'App\\Models\\User',2,'{\"attributes\":{\"ticket_id\":101,\"status\":1,\"active\":1,\"id_user\":2,\"id_user_modified\":null}}','2023-11-02 09:11:28','2023-11-02 09:11:28'),(2819,'default','updated','App\\Models\\TicketProcessing',58,'App\\Models\\User',2,'{\"attributes\":{\"status\":0,\"id_user_modified\":2},\"old\":{\"status\":1,\"id_user_modified\":null}}','2023-11-02 09:13:35','2023-11-02 09:13:35'),(2820,'default','created','App\\Models\\TicketProcessing',63,'App\\Models\\User',2,'{\"attributes\":{\"ticket_id\":124,\"status\":1,\"active\":1,\"id_user\":2,\"id_user_modified\":null}}','2023-11-02 09:13:41','2023-11-02 09:13:41'),(2821,'default','updated','App\\Models\\TicketProcessing',63,'App\\Models\\User',2,'{\"attributes\":{\"status\":0,\"id_user_modified\":2},\"old\":{\"status\":1,\"id_user_modified\":null}}','2023-11-02 09:13:43','2023-11-02 09:13:43'),(2822,'default','created','App\\Models\\TicketProcessing',64,'App\\Models\\User',2,'{\"attributes\":{\"ticket_id\":124,\"status\":1,\"active\":1,\"id_user\":2,\"id_user_modified\":null}}','2023-11-02 09:13:59','2023-11-02 09:13:59'),(2823,'default','updated','App\\Models\\TicketProcessing',64,'App\\Models\\User',2,'{\"attributes\":{\"status\":0,\"id_user_modified\":2},\"old\":{\"status\":1,\"id_user_modified\":null}}','2023-11-02 09:18:53','2023-11-02 09:18:53'),(2824,'default','created','App\\Models\\TicketProcessing',65,'App\\Models\\User',2,'{\"attributes\":{\"ticket_id\":123,\"status\":1,\"active\":1,\"id_user\":2,\"id_user_modified\":null}}','2023-11-02 09:18:56','2023-11-02 09:18:56'),(2825,'default','updated','App\\Models\\TicketProcessing',65,'App\\Models\\User',2,'{\"attributes\":{\"status\":0,\"id_user_modified\":2},\"old\":{\"status\":1,\"id_user_modified\":null}}','2023-11-02 09:19:12','2023-11-02 09:19:12'),(2826,'default','created','App\\Models\\TicketProcessing',66,'App\\Models\\User',2,'{\"attributes\":{\"ticket_id\":124,\"status\":1,\"active\":1,\"id_user\":2,\"id_user_modified\":null}}','2023-11-02 09:19:15','2023-11-02 09:19:15'),(2827,'default','created','App\\Models\\TicketProcessing',67,'App\\Models\\User',2,'{\"attributes\":{\"ticket_id\":123,\"status\":1,\"active\":1,\"id_user\":2,\"id_user_modified\":null}}','2023-11-02 09:24:06','2023-11-02 09:24:06'),(2828,'default','updated','App\\Models\\TicketProcessing',66,'App\\Models\\User',2,'{\"attributes\":{\"status\":0,\"id_user_modified\":2},\"old\":{\"status\":1,\"id_user_modified\":null}}','2023-11-02 09:32:57','2023-11-02 09:32:57'),(2829,'default','created','App\\Models\\TicketProcessing',68,'App\\Models\\User',2,'{\"attributes\":{\"ticket_id\":124,\"status\":1,\"active\":1,\"id_user\":2,\"id_user_modified\":null}}','2023-11-02 09:33:02','2023-11-02 09:33:02'),(2830,'default','updated','App\\Models\\TicketProcessing',68,'App\\Models\\User',2,'{\"attributes\":{\"status\":0,\"id_user_modified\":2},\"old\":{\"status\":1,\"id_user_modified\":null}}','2023-11-02 09:39:01','2023-11-02 09:39:01'),(2831,'default','created','App\\Models\\TicketProcessing',69,'App\\Models\\User',2,'{\"attributes\":{\"ticket_id\":124,\"status\":1,\"active\":1,\"id_user\":2,\"id_user_modified\":null}}','2023-11-02 09:39:04','2023-11-02 09:39:04'),(2832,'default','updated','App\\Models\\TicketProcessing',69,'App\\Models\\User',2,'{\"attributes\":{\"status\":0,\"id_user_modified\":2},\"old\":{\"status\":1,\"id_user_modified\":null}}','2023-11-02 09:39:08','2023-11-02 09:39:08'),(2833,'default','created','App\\Models\\TicketProcessing',70,'App\\Models\\User',2,'{\"attributes\":{\"ticket_id\":124,\"status\":1,\"active\":1,\"id_user\":2,\"id_user_modified\":null}}','2023-11-02 09:39:20','2023-11-02 09:39:20'),(2839,'default','created','App\\Models\\Page',8,'App\\Models\\User',2,'{\"attributes\":{\"page_category_id\":1,\"note\":\"Ovo je neki tekst222\",\"name\":\"Uslovi22\",\"path\":\"uslovi22\",\"status\":0,\"active\":1,\"id_user\":2,\"id_user_modified\":null}}','2023-11-02 10:39:47','2023-11-02 10:39:47'),(2840,'default','created','App\\Models\\PageAttachment',1,'App\\Models\\User',2,'{\"attributes\":{\"attachment_type_id\":3,\"page_id\":8,\"name\":\"\",\"path\":null,\"size\":null,\"status\":1,\"active\":1,\"id_user\":2,\"id_user_modified\":null}}','2023-11-02 10:39:47','2023-11-02 10:39:47'),(2841,'default','created','App\\Models\\Page',9,'App\\Models\\User',2,'{\"attributes\":{\"page_category_id\":1,\"note\":\"Ovo je neki tekst222\",\"name\":\"Uslovi22\",\"path\":\"uslovi22\",\"status\":0,\"active\":1,\"id_user\":2,\"id_user_modified\":null}}','2023-11-02 10:40:23','2023-11-02 10:40:23'),(2842,'default','created','App\\Models\\PageAttachment',2,'App\\Models\\User',2,'{\"attributes\":{\"attachment_type_id\":3,\"page_id\":9,\"name\":\"\",\"path\":\"storage\\/pages\\/applications\\/2023\\/11\\/9\\/9_0_1698925223.pdf\",\"size\":null,\"status\":1,\"active\":1,\"id_user\":2,\"id_user_modified\":null}}','2023-11-02 10:40:23','2023-11-02 10:40:23'),(2844,'default','updated','App\\Models\\Page',9,'App\\Models\\User',2,'{\"attributes\":{\"id_user_modified\":2},\"old\":{\"id_user_modified\":null}}','2023-11-02 12:33:32','2023-11-02 12:33:32'),(2845,'default','created','App\\Models\\PageAttachment',3,'App\\Models\\User',2,'{\"attributes\":{\"attachment_type_id\":3,\"page_id\":9,\"name\":\"Slika.jpg\",\"path\":\"storage\\/pages\\/applications\\/2023\\/11\\/9\\/9_0_1698932012.pdf\",\"size\":null,\"status\":1,\"active\":1,\"id_user\":2,\"id_user_modified\":null}}','2023-11-02 12:33:32','2023-11-02 12:33:32'),(2846,'default','created','App\\Models\\PageAttachment',4,'App\\Models\\User',2,'{\"attributes\":{\"attachment_type_id\":3,\"page_id\":9,\"name\":\"Slika.jpg\",\"path\":\"storage\\/pages\\/applications\\/2023\\/11\\/9\\/9_0_1698932270.pdf\",\"size\":null,\"status\":1,\"active\":1,\"id_user\":2,\"id_user_modified\":null}}','2023-11-02 12:37:50','2023-11-02 12:37:50'),(2847,'default','created','App\\Models\\PageAttachment',5,'App\\Models\\User',2,'{\"attributes\":{\"attachment_type_id\":3,\"page_id\":9,\"name\":\"Slika.jpg\",\"path\":\"storage\\/pages\\/applications\\/2023\\/11\\/9\\/9_0_1698932384.pdf\",\"size\":null,\"status\":1,\"active\":1,\"id_user\":2,\"id_user_modified\":null}}','2023-11-02 12:39:44','2023-11-02 12:39:44'),(2852,'default','created','App\\Models\\Page',12,'App\\Models\\User',2,'{\"attributes\":{\"page_category_id\":1,\"note\":\"Ovo je neki tekst222\",\"name\":\"Uslovi22\",\"path\":\"uslovi22\",\"status\":0,\"active\":1,\"id_user\":2,\"id_user_modified\":null}}','2023-11-02 12:40:58','2023-11-02 12:40:58'),(2853,'default','created','App\\Models\\PageAttachment',8,'App\\Models\\User',2,'{\"attributes\":{\"attachment_type_id\":3,\"page_id\":12,\"name\":\"Slika.jpg\",\"path\":\"storage\\/pages\\/applications\\/2023\\/11\\/12\\/12_0_1698932458.pdf\",\"size\":null,\"status\":1,\"active\":1,\"id_user\":2,\"id_user_modified\":null}}','2023-11-02 12:40:58','2023-11-02 12:40:58'),(2854,'default','updated','App\\Models\\TicketProcessing',70,'App\\Models\\User',2,'{\"attributes\":{\"status\":0,\"id_user_modified\":2},\"old\":{\"status\":1,\"id_user_modified\":null}}','2023-11-02 12:57:51','2023-11-02 12:57:51'),(2855,'default','created','App\\Models\\TicketProcessing',71,'App\\Models\\User',2,'{\"attributes\":{\"ticket_id\":124,\"status\":1,\"active\":1,\"id_user\":2,\"id_user_modified\":null}}','2023-11-02 12:58:13','2023-11-02 12:58:13'),(2856,'default','updated','App\\Models\\PageAttachment',8,'App\\Models\\User',2,'{\"attributes\":{\"active\":0,\"id_user_modified\":2},\"old\":{\"active\":1,\"id_user_modified\":null}}','2023-11-02 13:34:32','2023-11-02 13:34:32'),(2857,'default','updated','App\\Models\\TicketProcessing',71,'App\\Models\\User',2,'{\"attributes\":{\"status\":0,\"id_user_modified\":2},\"old\":{\"status\":1,\"id_user_modified\":null}}','2023-11-02 13:55:23','2023-11-02 13:55:23'),(2858,'default','created','App\\Models\\TicketProcessing',72,'App\\Models\\User',2,'{\"attributes\":{\"ticket_id\":116,\"status\":1,\"active\":1,\"id_user\":2,\"id_user_modified\":null}}','2023-11-02 13:55:31','2023-11-02 13:55:31'),(2859,'default','created','App\\Models\\TicketProcessing',73,'App\\Models\\User',2,'{\"attributes\":{\"ticket_id\":125,\"status\":1,\"active\":1,\"id_user\":2,\"id_user_modified\":null}}','2023-11-02 13:55:38','2023-11-02 13:55:38'),(2860,'default','updated','App\\Models\\TicketProcessing',73,'App\\Models\\User',2,'{\"attributes\":{\"status\":0,\"id_user_modified\":2},\"old\":{\"status\":1,\"id_user_modified\":null}}','2023-11-02 13:55:41','2023-11-02 13:55:41'),(2861,'default','created','App\\Models\\TicketProcessing',74,'App\\Models\\User',2,'{\"attributes\":{\"ticket_id\":124,\"status\":1,\"active\":1,\"id_user\":2,\"id_user_modified\":null}}','2023-11-02 13:55:50','2023-11-02 13:55:50'),(2862,'default','updated','App\\Models\\TicketProcessing',74,'App\\Models\\User',2,'{\"attributes\":{\"status\":0,\"id_user_modified\":2},\"old\":{\"status\":1,\"id_user_modified\":null}}','2023-11-02 13:55:53','2023-11-02 13:55:53'),(2863,'default','updated','App\\Models\\TicketProcessing',7,'App\\Models\\User',2,'{\"attributes\":{\"status\":0,\"id_user_modified\":2},\"old\":{\"status\":1,\"id_user_modified\":null}}','2023-11-02 13:56:12','2023-11-02 13:56:12'),(2864,'default','created','App\\Models\\TicketProcessing',75,'App\\Models\\User',2,'{\"attributes\":{\"ticket_id\":171,\"status\":1,\"active\":1,\"id_user\":2,\"id_user_modified\":null}}','2023-11-02 13:56:15','2023-11-02 13:56:15'),(2865,'default','updated','App\\Models\\TicketProcessing',75,'App\\Models\\User',2,'{\"attributes\":{\"status\":0,\"id_user_modified\":2},\"old\":{\"status\":1,\"id_user_modified\":null}}','2023-11-02 13:56:19','2023-11-02 13:56:19'),(2866,'default','created','App\\Models\\TicketProcessing',76,'App\\Models\\User',2,'{\"attributes\":{\"ticket_id\":57,\"status\":1,\"active\":1,\"id_user\":2,\"id_user_modified\":null}}','2023-11-02 13:56:24','2023-11-02 13:56:24'),(2867,'default','updated','App\\Models\\TicketProcessing',76,'App\\Models\\User',2,'{\"attributes\":{\"status\":0,\"id_user_modified\":2},\"old\":{\"status\":1,\"id_user_modified\":null}}','2023-11-02 13:56:27','2023-11-02 13:56:27'),(2868,'default','created','App\\Models\\TicketProcessing',77,'App\\Models\\User',2,'{\"attributes\":{\"ticket_id\":50,\"status\":1,\"active\":1,\"id_user\":2,\"id_user_modified\":null}}','2023-11-02 13:56:29','2023-11-02 13:56:29'),(2869,'default','updated','App\\Models\\TicketProcessing',77,'App\\Models\\User',2,'{\"attributes\":{\"status\":0,\"id_user_modified\":2},\"old\":{\"status\":1,\"id_user_modified\":null}}','2023-11-02 13:56:31','2023-11-02 13:56:31'),(2870,'default','created','App\\Models\\TicketProcessing',78,'App\\Models\\User',2,'{\"attributes\":{\"ticket_id\":133,\"status\":1,\"active\":1,\"id_user\":2,\"id_user_modified\":null}}','2023-11-02 13:56:52','2023-11-02 13:56:52'),(2871,'default','updated','App\\Models\\TicketProcessing',78,'App\\Models\\User',2,'{\"attributes\":{\"status\":0,\"id_user_modified\":2},\"old\":{\"status\":1,\"id_user_modified\":null}}','2023-11-02 13:56:55','2023-11-02 13:56:55'),(2872,'default','created','App\\Models\\TicketProcessing',79,'App\\Models\\User',2,'{\"attributes\":{\"ticket_id\":132,\"status\":1,\"active\":1,\"id_user\":2,\"id_user_modified\":null}}','2023-11-02 13:56:57','2023-11-02 13:56:57'),(2873,'default','updated','App\\Models\\TicketProcessing',79,'App\\Models\\User',2,'{\"attributes\":{\"status\":0,\"id_user_modified\":2},\"old\":{\"status\":1,\"id_user_modified\":null}}','2023-11-02 13:56:59','2023-11-02 13:56:59'),(2874,'default','created','App\\Models\\TicketProcessing',80,'App\\Models\\User',2,'{\"attributes\":{\"ticket_id\":131,\"status\":1,\"active\":1,\"id_user\":2,\"id_user_modified\":null}}','2023-11-02 13:57:02','2023-11-02 13:57:02'),(2875,'default','updated','App\\Models\\TicketProcessing',80,'App\\Models\\User',2,'{\"attributes\":{\"status\":0,\"id_user_modified\":2},\"old\":{\"status\":1,\"id_user_modified\":null}}','2023-11-02 13:57:04','2023-11-02 13:57:04'),(2876,'default','created','App\\Models\\TicketProcessing',81,'App\\Models\\User',2,'{\"attributes\":{\"ticket_id\":130,\"status\":1,\"active\":1,\"id_user\":2,\"id_user_modified\":null}}','2023-11-02 13:57:06','2023-11-02 13:57:06'),(2877,'default','updated','App\\Models\\TicketProcessing',81,'App\\Models\\User',2,'{\"attributes\":{\"status\":0,\"id_user_modified\":2},\"old\":{\"status\":1,\"id_user_modified\":null}}','2023-11-02 13:57:08','2023-11-02 13:57:08'),(2878,'default','created','App\\Models\\TicketProcessing',82,'App\\Models\\User',2,'{\"attributes\":{\"ticket_id\":129,\"status\":1,\"active\":1,\"id_user\":2,\"id_user_modified\":null}}','2023-11-02 13:57:10','2023-11-02 13:57:10'),(2879,'default','updated','App\\Models\\TicketProcessing',82,'App\\Models\\User',2,'{\"attributes\":{\"status\":0,\"id_user_modified\":2},\"old\":{\"status\":1,\"id_user_modified\":null}}','2023-11-02 13:57:12','2023-11-02 13:57:12'),(2880,'default','created','App\\Models\\TicketProcessing',83,'App\\Models\\User',2,'{\"attributes\":{\"ticket_id\":50,\"status\":1,\"active\":1,\"id_user\":2,\"id_user_modified\":null}}','2023-11-02 13:57:44','2023-11-02 13:57:44'),(2881,'default','updated','App\\Models\\TicketProcessing',83,'App\\Models\\User',2,'{\"attributes\":{\"status\":0,\"id_user_modified\":2},\"old\":{\"status\":1,\"id_user_modified\":null}}','2023-11-02 13:58:51','2023-11-02 13:58:51'),(2882,'default','created','App\\Models\\TicketProcessing',84,'App\\Models\\User',2,'{\"attributes\":{\"ticket_id\":124,\"status\":1,\"active\":1,\"id_user\":2,\"id_user_modified\":null}}','2023-11-02 13:59:04','2023-11-02 13:59:04'),(2883,'default','updated','App\\Models\\TicketProcessing',84,'App\\Models\\User',2,'{\"attributes\":{\"status\":0,\"id_user_modified\":2},\"old\":{\"status\":1,\"id_user_modified\":null}}','2023-11-02 14:31:36','2023-11-02 14:31:36'),(2884,'default','created','App\\Models\\TicketProcessing',85,'App\\Models\\User',2,'{\"attributes\":{\"ticket_id\":131,\"status\":1,\"active\":1,\"id_user\":2,\"id_user_modified\":null}}','2023-11-02 14:31:43','2023-11-02 14:31:43'),(2885,'default','updated','App\\Models\\TicketProcessing',85,'App\\Models\\User',2,'{\"attributes\":{\"status\":0,\"id_user_modified\":2},\"old\":{\"status\":1,\"id_user_modified\":null}}','2023-11-02 14:31:45','2023-11-02 14:31:45'),(2886,'default','created','App\\Models\\TicketProcessing',86,'App\\Models\\User',2,'{\"attributes\":{\"ticket_id\":130,\"status\":1,\"active\":1,\"id_user\":2,\"id_user_modified\":null}}','2023-11-02 14:31:47','2023-11-02 14:31:47'),(2887,'default','updated','App\\Models\\TicketProcessing',86,'App\\Models\\User',2,'{\"attributes\":{\"status\":0,\"id_user_modified\":2},\"old\":{\"status\":1,\"id_user_modified\":null}}','2023-11-02 14:31:50','2023-11-02 14:31:50'),(2888,'default','created','App\\Models\\TicketProcessing',87,'App\\Models\\User',2,'{\"attributes\":{\"ticket_id\":63,\"status\":1,\"active\":1,\"id_user\":2,\"id_user_modified\":null}}','2023-11-02 14:31:54','2023-11-02 14:31:54'),(2889,'default','updated','App\\Models\\TicketProcessing',87,'App\\Models\\User',2,'{\"attributes\":{\"status\":0,\"id_user_modified\":2},\"old\":{\"status\":1,\"id_user_modified\":null}}','2023-11-02 14:31:57','2023-11-02 14:31:57'),(2890,'default','created','App\\Models\\TicketProcessing',88,'App\\Models\\User',2,'{\"attributes\":{\"ticket_id\":61,\"status\":1,\"active\":1,\"id_user\":2,\"id_user_modified\":null}}','2023-11-02 14:31:59','2023-11-02 14:31:59'),(2891,'default','updated','App\\Models\\TicketProcessing',88,'App\\Models\\User',2,'{\"attributes\":{\"status\":0,\"id_user_modified\":2},\"old\":{\"status\":1,\"id_user_modified\":null}}','2023-11-02 14:32:01','2023-11-02 14:32:01'),(2892,'default','created','App\\Models\\TicketProcessing',89,'App\\Models\\User',2,'{\"attributes\":{\"ticket_id\":74,\"status\":1,\"active\":1,\"id_user\":2,\"id_user_modified\":null}}','2023-11-02 14:32:04','2023-11-02 14:32:04'),(2893,'default','updated','App\\Models\\TicketProcessing',89,'App\\Models\\User',2,'{\"attributes\":{\"status\":0,\"id_user_modified\":2},\"old\":{\"status\":1,\"id_user_modified\":null}}','2023-11-02 14:32:06','2023-11-02 14:32:06'),(2894,'default','created','App\\Models\\TicketProcessing',90,'App\\Models\\User',2,'{\"attributes\":{\"ticket_id\":79,\"status\":1,\"active\":1,\"id_user\":2,\"id_user_modified\":null}}','2023-11-02 14:32:08','2023-11-02 14:32:08'),(2895,'default','created','App\\Models\\TicketProcessing',91,'App\\Models\\User',2,'{\"attributes\":{\"ticket_id\":83,\"status\":1,\"active\":1,\"id_user\":2,\"id_user_modified\":null}}','2023-11-02 14:32:14','2023-11-02 14:32:14'),(2896,'default','created','App\\Models\\TicketProcessing',92,'App\\Models\\User',2,'{\"attributes\":{\"ticket_id\":124,\"status\":1,\"active\":1,\"id_user\":2,\"id_user_modified\":null}}','2023-11-02 14:32:22','2023-11-02 14:32:22'),(2897,'default','updated','App\\Models\\TicketProcessing',92,'App\\Models\\User',2,'{\"attributes\":{\"status\":0,\"id_user_modified\":2},\"old\":{\"status\":1,\"id_user_modified\":null}}','2023-11-02 14:44:08','2023-11-02 14:44:08'),(2898,'default','created','App\\Models\\TicketProcessing',93,'App\\Models\\User',2,'{\"attributes\":{\"ticket_id\":124,\"status\":1,\"active\":1,\"id_user\":2,\"id_user_modified\":null}}','2023-11-02 14:44:12','2023-11-02 14:44:12'),(2899,'default','updated','App\\Models\\TicketProcessing',93,'App\\Models\\User',2,'{\"attributes\":{\"status\":0,\"id_user_modified\":2},\"old\":{\"status\":1,\"id_user_modified\":null}}','2023-11-02 14:50:58','2023-11-02 14:50:58'),(2900,'default','created','App\\Models\\TicketProcessing',94,'App\\Models\\User',2,'{\"attributes\":{\"ticket_id\":124,\"status\":1,\"active\":1,\"id_user\":2,\"id_user_modified\":null}}','2023-11-03 07:21:14','2023-11-03 07:21:14'),(2901,'default','updated','App\\Models\\TicketProcessing',94,'App\\Models\\User',2,'{\"attributes\":{\"status\":0,\"id_user_modified\":2},\"old\":{\"status\":1,\"id_user_modified\":null}}','2023-11-03 07:21:16','2023-11-03 07:21:16'),(2902,'default','created','App\\Models\\TicketProcessing',95,'App\\Models\\User',2,'{\"attributes\":{\"ticket_id\":124,\"status\":1,\"active\":1,\"id_user\":2,\"id_user_modified\":null}}','2023-11-03 07:21:24','2023-11-03 07:21:24'),(2903,'default','updated','App\\Models\\TicketProcessing',95,'App\\Models\\User',2,'{\"attributes\":{\"status\":0,\"id_user_modified\":2},\"old\":{\"status\":1,\"id_user_modified\":null}}','2023-11-03 07:21:26','2023-11-03 07:21:26'),(2904,'default','created','App\\Models\\TicketProcessing',96,'App\\Models\\User',2,'{\"attributes\":{\"ticket_id\":124,\"status\":1,\"active\":1,\"id_user\":2,\"id_user_modified\":null}}','2023-11-03 09:09:25','2023-11-03 09:09:25'),(2905,'default','updated','App\\Models\\TicketProcessing',96,'App\\Models\\User',2,'{\"attributes\":{\"status\":0,\"id_user_modified\":2},\"old\":{\"status\":1,\"id_user_modified\":null}}','2023-11-03 09:10:07','2023-11-03 09:10:07'),(2906,'default','created','App\\Models\\TicketProcessing',97,'App\\Models\\User',2,'{\"attributes\":{\"ticket_id\":130,\"status\":1,\"active\":1,\"id_user\":2,\"id_user_modified\":null}}','2023-11-03 09:10:11','2023-11-03 09:10:11'),(2907,'default','updated','App\\Models\\TicketProcessing',97,'App\\Models\\User',2,'{\"attributes\":{\"status\":0,\"id_user_modified\":2},\"old\":{\"status\":1,\"id_user_modified\":null}}','2023-11-03 09:10:14','2023-11-03 09:10:14'),(2908,'default','created','App\\Models\\TicketProcessing',98,'App\\Models\\User',2,'{\"attributes\":{\"ticket_id\":133,\"status\":1,\"active\":1,\"id_user\":2,\"id_user_modified\":null}}','2023-11-03 09:10:16','2023-11-03 09:10:16'),(2909,'default','updated','App\\Models\\TicketProcessing',98,'App\\Models\\User',2,'{\"attributes\":{\"status\":0,\"id_user_modified\":2},\"old\":{\"status\":1,\"id_user_modified\":null}}','2023-11-03 09:10:18','2023-11-03 09:10:18'),(2910,'default','created','App\\Models\\TicketProcessing',99,'App\\Models\\User',2,'{\"attributes\":{\"ticket_id\":132,\"status\":1,\"active\":1,\"id_user\":2,\"id_user_modified\":null}}','2023-11-03 09:10:21','2023-11-03 09:10:21'),(2911,'default','updated','App\\Models\\TicketProcessing',99,'App\\Models\\User',2,'{\"attributes\":{\"status\":0,\"id_user_modified\":2},\"old\":{\"status\":1,\"id_user_modified\":null}}','2023-11-03 09:10:24','2023-11-03 09:10:24'),(2912,'default','created','App\\Models\\TicketProcessing',100,'App\\Models\\User',2,'{\"attributes\":{\"ticket_id\":131,\"status\":1,\"active\":1,\"id_user\":2,\"id_user_modified\":null}}','2023-11-03 09:10:27','2023-11-03 09:10:27'),(2913,'default','updated','App\\Models\\TicketProcessing',100,'App\\Models\\User',2,'{\"attributes\":{\"status\":0,\"id_user_modified\":2},\"old\":{\"status\":1,\"id_user_modified\":null}}','2023-11-03 09:10:30','2023-11-03 09:10:30'),(2914,'default','created','App\\Models\\TicketProcessing',101,'App\\Models\\User',2,'{\"attributes\":{\"ticket_id\":130,\"status\":1,\"active\":1,\"id_user\":2,\"id_user_modified\":null}}','2023-11-03 09:10:32','2023-11-03 09:10:32'),(2915,'default','updated','App\\Models\\TicketProcessing',101,'App\\Models\\User',2,'{\"attributes\":{\"status\":0,\"id_user_modified\":2},\"old\":{\"status\":1,\"id_user_modified\":null}}','2023-11-03 09:10:35','2023-11-03 09:10:35'),(2916,'default','created','App\\Models\\TicketProcessing',102,'App\\Models\\User',2,'{\"attributes\":{\"ticket_id\":129,\"status\":1,\"active\":1,\"id_user\":2,\"id_user_modified\":null}}','2023-11-03 09:10:37','2023-11-03 09:10:37'),(2917,'default','updated','App\\Models\\TicketProcessing',102,'App\\Models\\User',2,'{\"attributes\":{\"status\":0,\"id_user_modified\":2},\"old\":{\"status\":1,\"id_user_modified\":null}}','2023-11-03 09:10:40','2023-11-03 09:10:40'),(2918,'default','created','App\\Models\\TicketProcessing',103,'App\\Models\\User',2,'{\"attributes\":{\"ticket_id\":128,\"status\":1,\"active\":1,\"id_user\":2,\"id_user_modified\":null}}','2023-11-03 09:10:42','2023-11-03 09:10:42'),(2919,'default','updated','App\\Models\\TicketProcessing',103,'App\\Models\\User',2,'{\"attributes\":{\"status\":0,\"id_user_modified\":2},\"old\":{\"status\":1,\"id_user_modified\":null}}','2023-11-03 09:10:44','2023-11-03 09:10:44'),(2920,'default','created','App\\Models\\TicketProcessing',104,'App\\Models\\User',2,'{\"attributes\":{\"ticket_id\":127,\"status\":1,\"active\":1,\"id_user\":2,\"id_user_modified\":null}}','2023-11-03 09:10:47','2023-11-03 09:10:47'),(2921,'default','updated','App\\Models\\TicketProcessing',104,'App\\Models\\User',2,'{\"attributes\":{\"status\":0,\"id_user_modified\":2},\"old\":{\"status\":1,\"id_user_modified\":null}}','2023-11-03 09:10:50','2023-11-03 09:10:50'),(2922,'default','created','App\\Models\\TicketProcessing',105,'App\\Models\\User',2,'{\"attributes\":{\"ticket_id\":126,\"status\":1,\"active\":1,\"id_user\":2,\"id_user_modified\":null}}','2023-11-03 09:10:53','2023-11-03 09:10:53'),(2923,'default','updated','App\\Models\\TicketProcessing',105,'App\\Models\\User',2,'{\"attributes\":{\"status\":0,\"id_user_modified\":2},\"old\":{\"status\":1,\"id_user_modified\":null}}','2023-11-03 09:10:54','2023-11-03 09:10:54'),(2924,'default','created','App\\Models\\TicketProcessing',106,'App\\Models\\User',2,'{\"attributes\":{\"ticket_id\":125,\"status\":1,\"active\":1,\"id_user\":2,\"id_user_modified\":null}}','2023-11-03 09:10:57','2023-11-03 09:10:57'),(2925,'default','updated','App\\Models\\TicketProcessing',106,'App\\Models\\User',2,'{\"attributes\":{\"status\":0,\"id_user_modified\":2},\"old\":{\"status\":1,\"id_user_modified\":null}}','2023-11-03 09:11:00','2023-11-03 09:11:00'),(2926,'default','created','App\\Models\\TicketProcessing',107,'App\\Models\\User',2,'{\"attributes\":{\"ticket_id\":124,\"status\":1,\"active\":1,\"id_user\":2,\"id_user_modified\":null}}','2023-11-03 09:11:03','2023-11-03 09:11:03'),(2927,'default','updated','App\\Models\\TicketProcessing',107,'App\\Models\\User',2,'{\"attributes\":{\"status\":0,\"id_user_modified\":2},\"old\":{\"status\":1,\"id_user_modified\":null}}','2023-11-03 09:11:06','2023-11-03 09:11:06'),(2928,'default','created','App\\Models\\TicketProcessing',108,'App\\Models\\User',2,'{\"attributes\":{\"ticket_id\":125,\"status\":1,\"active\":1,\"id_user\":2,\"id_user_modified\":null}}','2023-11-03 09:11:08','2023-11-03 09:11:08'),(2929,'default','updated','App\\Models\\TicketProcessing',108,'App\\Models\\User',2,'{\"attributes\":{\"status\":0,\"id_user_modified\":2},\"old\":{\"status\":1,\"id_user_modified\":null}}','2023-11-03 09:11:12','2023-11-03 09:11:12'),(2930,'default','created','App\\Models\\TicketProcessing',109,'App\\Models\\User',2,'{\"attributes\":{\"ticket_id\":273,\"status\":1,\"active\":1,\"id_user\":2,\"id_user_modified\":null}}','2023-11-03 09:11:15','2023-11-03 09:11:15'),(2931,'default','updated','App\\Models\\TicketProcessing',109,'App\\Models\\User',2,'{\"attributes\":{\"status\":0,\"id_user_modified\":2},\"old\":{\"status\":1,\"id_user_modified\":null}}','2023-11-03 09:11:19','2023-11-03 09:11:19'),(2932,'default','created','App\\Models\\TicketProcessing',110,'App\\Models\\User',2,'{\"attributes\":{\"ticket_id\":273,\"status\":1,\"active\":1,\"id_user\":2,\"id_user_modified\":null}}','2023-11-03 09:11:21','2023-11-03 09:11:21'),(2933,'default','updated','App\\Models\\TicketProcessing',110,'App\\Models\\User',2,'{\"attributes\":{\"status\":0,\"id_user_modified\":2},\"old\":{\"status\":1,\"id_user_modified\":null}}','2023-11-03 09:13:17','2023-11-03 09:13:17'),(2934,'default','created','App\\Models\\TicketProcessing',111,'App\\Models\\User',2,'{\"attributes\":{\"ticket_id\":171,\"status\":1,\"active\":1,\"id_user\":2,\"id_user_modified\":null}}','2023-11-03 09:13:21','2023-11-03 09:13:21'),(2935,'default','updated','App\\Models\\TicketProcessing',111,'App\\Models\\User',2,'{\"attributes\":{\"status\":0,\"id_user_modified\":2},\"old\":{\"status\":1,\"id_user_modified\":null}}','2023-11-03 09:13:25','2023-11-03 09:13:25'),(2936,'default','created','App\\Models\\TicketProcessing',112,'App\\Models\\User',2,'{\"attributes\":{\"ticket_id\":273,\"status\":1,\"active\":1,\"id_user\":2,\"id_user_modified\":null}}','2023-11-03 09:13:33','2023-11-03 09:13:33'),(2937,'default','updated','App\\Models\\TicketProcessing',112,'App\\Models\\User',2,'{\"attributes\":{\"status\":0,\"id_user_modified\":2},\"old\":{\"status\":1,\"id_user_modified\":null}}','2023-11-03 09:13:37','2023-11-03 09:13:37'),(2938,'default','created','App\\Models\\TicketProcessing',113,'App\\Models\\User',2,'{\"attributes\":{\"ticket_id\":50,\"status\":1,\"active\":1,\"id_user\":2,\"id_user_modified\":null}}','2023-11-03 09:13:42','2023-11-03 09:13:42'),(2939,'default','updated','App\\Models\\TicketProcessing',113,'App\\Models\\User',2,'{\"attributes\":{\"status\":0,\"id_user_modified\":2},\"old\":{\"status\":1,\"id_user_modified\":null}}','2023-11-03 09:13:44','2023-11-03 09:13:44'),(2940,'default','created','App\\Models\\TicketProcessing',114,'App\\Models\\User',2,'{\"attributes\":{\"ticket_id\":57,\"status\":1,\"active\":1,\"id_user\":2,\"id_user_modified\":null}}','2023-11-03 09:13:46','2023-11-03 09:13:46'),(2941,'default','updated','App\\Models\\TicketProcessing',114,'App\\Models\\User',2,'{\"attributes\":{\"status\":0,\"id_user_modified\":2},\"old\":{\"status\":1,\"id_user_modified\":null}}','2023-11-03 09:13:48','2023-11-03 09:13:48'),(2942,'default','created','App\\Models\\TicketProcessing',115,'App\\Models\\User',2,'{\"attributes\":{\"ticket_id\":58,\"status\":1,\"active\":1,\"id_user\":2,\"id_user_modified\":null}}','2023-11-03 09:13:50','2023-11-03 09:13:50'),(2943,'default','updated','App\\Models\\TicketProcessing',115,'App\\Models\\User',2,'{\"attributes\":{\"status\":0,\"id_user_modified\":2},\"old\":{\"status\":1,\"id_user_modified\":null}}','2023-11-03 09:13:52','2023-11-03 09:13:52'),(2944,'default','created','App\\Models\\TicketProcessing',116,'App\\Models\\User',2,'{\"attributes\":{\"ticket_id\":58,\"status\":1,\"active\":1,\"id_user\":2,\"id_user_modified\":null}}','2023-11-03 09:13:54','2023-11-03 09:13:54'),(2945,'default','created','App\\Models\\TicketProcessing',117,'App\\Models\\User',2,'{\"attributes\":{\"ticket_id\":61,\"status\":1,\"active\":1,\"id_user\":2,\"id_user_modified\":null}}','2023-11-03 09:13:56','2023-11-03 09:13:56'),(2946,'default','updated','App\\Models\\TicketProcessing',117,'App\\Models\\User',2,'{\"attributes\":{\"status\":0,\"id_user_modified\":2},\"old\":{\"status\":1,\"id_user_modified\":null}}','2023-11-03 09:13:57','2023-11-03 09:13:57'),(2947,'default','created','App\\Models\\TicketProcessing',118,'App\\Models\\User',2,'{\"attributes\":{\"ticket_id\":63,\"status\":1,\"active\":1,\"id_user\":2,\"id_user_modified\":null}}','2023-11-03 09:13:59','2023-11-03 09:13:59'),(2948,'default','updated','App\\Models\\TicketProcessing',118,'App\\Models\\User',2,'{\"attributes\":{\"status\":0,\"id_user_modified\":2},\"old\":{\"status\":1,\"id_user_modified\":null}}','2023-11-03 09:14:00','2023-11-03 09:14:00'),(2949,'default','created','App\\Models\\TicketProcessing',119,'App\\Models\\User',2,'{\"attributes\":{\"ticket_id\":273,\"status\":1,\"active\":1,\"id_user\":2,\"id_user_modified\":null}}','2023-11-03 09:15:33','2023-11-03 09:15:33'),(2950,'default','updated','App\\Models\\TicketProcessing',119,'App\\Models\\User',2,'{\"attributes\":{\"status\":0,\"id_user_modified\":2},\"old\":{\"status\":1,\"id_user_modified\":null}}','2023-11-03 09:15:37','2023-11-03 09:15:37'),(2951,'default','created','App\\Models\\TicketProcessing',120,'App\\Models\\User',2,'{\"attributes\":{\"ticket_id\":124,\"status\":1,\"active\":1,\"id_user\":2,\"id_user_modified\":null}}','2023-11-03 09:15:41','2023-11-03 09:15:41'),(2952,'default','updated','App\\Models\\TicketProcessing',120,'App\\Models\\User',2,'{\"attributes\":{\"status\":0,\"id_user_modified\":2},\"old\":{\"status\":1,\"id_user_modified\":null}}','2023-11-03 09:16:01','2023-11-03 09:16:01'),(2953,'default','created','App\\Models\\TicketProcessing',121,'App\\Models\\User',2,'{\"attributes\":{\"ticket_id\":124,\"status\":1,\"active\":1,\"id_user\":2,\"id_user_modified\":null}}','2023-11-03 09:41:36','2023-11-03 09:41:36'),(2954,'default','updated','App\\Models\\TicketProcessing',121,'App\\Models\\User',2,'{\"attributes\":{\"status\":0,\"id_user_modified\":2},\"old\":{\"status\":1,\"id_user_modified\":null}}','2023-11-03 09:54:51','2023-11-03 09:54:51'),(2955,'default','created','App\\Models\\TicketProcessing',122,'App\\Models\\User',2,'{\"attributes\":{\"ticket_id\":169,\"status\":1,\"active\":1,\"id_user\":2,\"id_user_modified\":null}}','2023-11-03 09:55:01','2023-11-03 09:55:01'),(2956,'default','updated','App\\Models\\TicketProcessing',122,'App\\Models\\User',2,'{\"attributes\":{\"status\":0,\"id_user_modified\":2},\"old\":{\"status\":1,\"id_user_modified\":null}}','2023-11-03 09:55:04','2023-11-03 09:55:04'),(2957,'default','created','App\\Models\\TicketProcessing',123,'App\\Models\\User',2,'{\"attributes\":{\"ticket_id\":169,\"status\":1,\"active\":1,\"id_user\":2,\"id_user_modified\":null}}','2023-11-03 09:56:05','2023-11-03 09:56:05'),(2958,'default','updated','App\\Models\\TicketProcessing',123,'App\\Models\\User',2,'{\"attributes\":{\"status\":0,\"id_user_modified\":2},\"old\":{\"status\":1,\"id_user_modified\":null}}','2023-11-03 09:56:08','2023-11-03 09:56:08'),(2959,'default','created','App\\Models\\TicketProcessing',124,'App\\Models\\User',2,'{\"attributes\":{\"ticket_id\":124,\"status\":1,\"active\":1,\"id_user\":2,\"id_user_modified\":null}}','2023-11-03 09:56:13','2023-11-03 09:56:13'),(2960,'default','updated','App\\Models\\TicketProcessing',124,'App\\Models\\User',2,'{\"attributes\":{\"status\":0,\"id_user_modified\":2},\"old\":{\"status\":1,\"id_user_modified\":null}}','2023-11-03 09:56:17','2023-11-03 09:56:17'),(2961,'default','created','App\\Models\\TicketProcessing',125,'App\\Models\\User',2,'{\"attributes\":{\"ticket_id\":124,\"status\":1,\"active\":1,\"id_user\":2,\"id_user_modified\":null}}','2023-11-03 09:56:34','2023-11-03 09:56:34'),(2962,'default','updated','App\\Models\\TicketProcessing',125,'App\\Models\\User',2,'{\"attributes\":{\"status\":0,\"id_user_modified\":2},\"old\":{\"status\":1,\"id_user_modified\":null}}','2023-11-03 09:56:43','2023-11-03 09:56:43'),(2963,'default','created','App\\Models\\TicketProcessing',126,'App\\Models\\User',2,'{\"attributes\":{\"ticket_id\":136,\"status\":1,\"active\":1,\"id_user\":2,\"id_user_modified\":null}}','2023-11-03 09:56:46','2023-11-03 09:56:46'),(2964,'default','updated','App\\Models\\TicketProcessing',126,'App\\Models\\User',2,'{\"attributes\":{\"status\":0,\"id_user_modified\":2},\"old\":{\"status\":1,\"id_user_modified\":null}}','2023-11-03 09:56:49','2023-11-03 09:56:49'),(2965,'default','updated','App\\Models\\TicketComment',60,'App\\Models\\User',2,'{\"attributes\":{\"id_user_seen\":2,\"seen_at\":\"2023-11-03 12:20:11\"},\"old\":{\"id_user_seen\":null,\"seen_at\":null}}','2023-11-03 10:20:11','2023-11-03 10:20:11'),(2966,'default','updated','App\\Models\\TicketComment',60,'App\\Models\\User',2,'{\"attributes\":{\"seen\":1,\"seen_at\":\"2023-11-03 12:20:43\"},\"old\":{\"seen\":0,\"seen_at\":\"2023-11-03 12:20:11\"}}','2023-11-03 10:20:43','2023-11-03 10:20:43'),(2967,'default','updated','App\\Models\\TicketComment',60,'App\\Models\\User',2,'{\"attributes\":{\"id_user_seen\":2,\"seen\":1,\"seen_at\":\"2023-11-03 12:22:43\"},\"old\":{\"id_user_seen\":null,\"seen\":0,\"seen_at\":null}}','2023-11-03 10:22:43','2023-11-03 10:22:43'),(2968,'default','created','App\\Models\\TicketProcessing',127,'App\\Models\\User',2,'{\"attributes\":{\"ticket_id\":57,\"status\":1,\"active\":1,\"id_user\":2,\"id_user_modified\":null}}','2023-11-03 10:32:00','2023-11-03 10:32:00');

--
-- Table structure for table `failed_jobs`
--

CREATE TABLE `failed_jobs` (
  `id` bigint(20) unsigned NOT NULL AUTO_INCREMENT,
  `uuid` varchar(255) COLLATE utf8mb4_unicode_ci NOT NULL,
  `connection` text COLLATE utf8mb4_unicode_ci NOT NULL,
  `queue` text COLLATE utf8mb4_unicode_ci NOT NULL,
  `payload` longtext COLLATE utf8mb4_unicode_ci NOT NULL,
  `exception` longtext COLLATE utf8mb4_unicode_ci NOT NULL,
  `failed_at` timestamp NOT NULL DEFAULT current_timestamp(),
  PRIMARY KEY (`id`),
  UNIQUE KEY `failed_jobs_uuid_unique` (`uuid`)
) ENGINE=InnoDB DEFAULT CHARSET=utf8mb4 COLLATE=utf8mb4_unicode_ci;

--
-- Dumping data for table `failed_jobs`
--


--
-- Table structure for table `migrations`
--

CREATE TABLE `migrations` (
  `id` int(10) unsigned NOT NULL AUTO_INCREMENT,
  `migration` varchar(255) COLLATE utf8mb4_unicode_ci NOT NULL,
  `batch` int(11) NOT NULL,
  PRIMARY KEY (`id`)
) ENGINE=InnoDB AUTO_INCREMENT=10 DEFAULT CHARSET=utf8mb4 COLLATE=utf8mb4_unicode_ci;

--
-- Dumping data for table `migrations`
--

INSERT INTO `migrations` VALUES (1,'2014_10_12_000000_create_users_table',1),(2,'2014_10_12_100000_create_password_resets_table',1),(3,'2019_08_19_000000_create_failed_jobs_table',1),(4,'2016_06_01_000001_create_oauth_auth_codes_table',2),(5,'2016_06_01_000002_create_oauth_access_tokens_table',2),(6,'2016_06_01_000003_create_oauth_refresh_tokens_table',2),(7,'2016_06_01_000004_create_oauth_clients_table',2),(8,'2016_06_01_000005_create_oauth_personal_access_clients_table',2),(9,'2023_08_31_143607_create_activity_log_table',3);

--
-- Table structure for table `notification_users`
--

CREATE TABLE `notification_users` (
  `id` bigint(20) unsigned NOT NULL AUTO_INCREMENT,
  `user_id` bigint(20) DEFAULT NULL,
  `notification_id` bigint(20) DEFAULT NULL,
  `status` tinyint(4) NOT NULL DEFAULT 0 COMMENT 'Da li je procitana',
  `active` tinyint(4) NOT NULL DEFAULT 1,
  `id_user` int(11) DEFAULT NULL,
  `ip_address` varchar(15) DEFAULT NULL,
  `id_user_modified` int(11) DEFAULT NULL,
  `ip_address_modified` varchar(15) DEFAULT NULL,
  `created_at` timestamp NOT NULL DEFAULT current_timestamp(),
  `updated_at` timestamp NOT NULL DEFAULT current_timestamp() ON UPDATE current_timestamp(),
  PRIMARY KEY (`id`)
) ENGINE=InnoDB AUTO_INCREMENT=222 DEFAULT CHARSET=utf8mb4;

--
-- Dumping data for table `notification_users`
--

INSERT INTO `notification_users` VALUES (1,1,1,0,1,NULL,NULL,NULL,NULL,'2023-09-27 10:45:27','2023-09-27 10:45:27'),(2,2,1,0,1,NULL,NULL,NULL,NULL,'2023-09-27 10:45:27','2023-09-27 10:45:27'),(3,3,1,0,1,NULL,NULL,NULL,NULL,'2023-09-27 10:45:27','2023-09-27 10:45:27'),(4,7,1,0,1,NULL,NULL,NULL,NULL,'2023-09-27 10:45:27','2023-09-27 10:45:27'),(8,1,2,0,1,NULL,NULL,NULL,NULL,'2023-10-05 10:15:45','2023-10-05 10:15:45'),(9,2,2,0,1,NULL,NULL,NULL,NULL,'2023-10-05 10:15:45','2023-10-05 10:15:45'),(10,3,2,0,1,NULL,NULL,NULL,NULL,'2023-10-05 10:15:45','2023-10-05 10:15:45'),(11,1,3,0,1,NULL,NULL,NULL,NULL,'2023-10-05 10:22:23','2023-10-05 10:22:23'),(12,2,3,0,1,NULL,NULL,NULL,NULL,'2023-10-05 10:22:23','2023-10-05 10:22:23'),(13,3,3,0,1,NULL,NULL,NULL,NULL,'2023-10-05 10:22:23','2023-10-05 10:22:23'),(14,1,4,0,1,NULL,NULL,NULL,NULL,'2023-10-05 10:24:06','2023-10-05 10:24:06'),(15,2,4,0,1,NULL,NULL,NULL,NULL,'2023-10-05 10:24:06','2023-10-05 10:24:06'),(16,3,4,0,1,NULL,NULL,NULL,NULL,'2023-10-05 10:24:06','2023-10-05 10:24:06'),(17,1,5,0,1,NULL,NULL,NULL,NULL,'2023-10-19 14:51:14','2023-10-19 14:51:14'),(18,2,5,0,1,NULL,NULL,NULL,NULL,'2023-10-19 14:51:14','2023-10-19 14:51:14'),(19,3,5,0,1,NULL,NULL,NULL,NULL,'2023-10-19 14:51:14','2023-10-19 14:51:14'),(20,87,5,0,1,NULL,NULL,NULL,NULL,'2023-10-19 14:51:14','2023-10-19 14:51:14'),(21,100,5,0,1,NULL,NULL,NULL,NULL,'2023-10-19 14:51:14','2023-10-19 14:51:14'),(22,101,5,0,1,NULL,NULL,NULL,NULL,'2023-10-19 14:51:14','2023-10-19 14:51:14'),(23,104,5,0,1,NULL,NULL,NULL,NULL,'2023-10-19 14:51:14','2023-10-19 14:51:14'),(24,110,5,0,1,NULL,NULL,NULL,NULL,'2023-10-19 14:51:14','2023-10-19 14:51:14'),(25,111,5,0,1,NULL,NULL,NULL,NULL,'2023-10-19 14:51:14','2023-10-19 14:51:14'),(26,112,5,0,1,NULL,NULL,NULL,NULL,'2023-10-19 14:51:14','2023-10-19 14:51:14'),(32,1,6,0,1,NULL,NULL,NULL,NULL,'2023-10-19 14:51:36','2023-10-19 14:51:36'),(33,2,6,0,1,NULL,NULL,NULL,NULL,'2023-10-19 14:51:36','2023-10-19 14:51:36'),(34,3,6,0,1,NULL,NULL,NULL,NULL,'2023-10-19 14:51:36','2023-10-19 14:51:36'),(35,87,6,0,1,NULL,NULL,NULL,NULL,'2023-10-19 14:51:36','2023-10-19 14:51:36'),(36,100,6,0,1,NULL,NULL,NULL,NULL,'2023-10-19 14:51:36','2023-10-19 14:51:36'),(37,101,6,0,1,NULL,NULL,NULL,NULL,'2023-10-19 14:51:36','2023-10-19 14:51:36'),(38,104,6,0,1,NULL,NULL,NULL,NULL,'2023-10-19 14:51:36','2023-10-19 14:51:36'),(39,110,6,0,1,NULL,NULL,NULL,NULL,'2023-10-19 14:51:36','2023-10-19 14:51:36'),(40,111,6,0,1,NULL,NULL,NULL,NULL,'2023-10-19 14:51:36','2023-10-19 14:51:36'),(41,112,6,0,1,NULL,NULL,NULL,NULL,'2023-10-19 14:51:36','2023-10-19 14:51:36'),(47,1,7,0,1,NULL,NULL,NULL,NULL,'2023-10-19 14:51:54','2023-10-19 14:51:54'),(48,2,7,0,1,NULL,NULL,NULL,NULL,'2023-10-19 14:51:54','2023-10-19 14:51:54'),(49,3,7,0,1,NULL,NULL,NULL,NULL,'2023-10-19 14:51:54','2023-10-19 14:51:54'),(50,87,7,0,1,NULL,NULL,NULL,NULL,'2023-10-19 14:51:54','2023-10-19 14:51:54'),(51,100,7,0,1,NULL,NULL,NULL,NULL,'2023-10-19 14:51:54','2023-10-19 14:51:54'),(52,101,7,0,1,NULL,NULL,NULL,NULL,'2023-10-19 14:51:54','2023-10-19 14:51:54'),(53,104,7,0,1,NULL,NULL,NULL,NULL,'2023-10-19 14:51:54','2023-10-19 14:51:54'),(54,110,7,0,1,NULL,NULL,NULL,NULL,'2023-10-19 14:51:54','2023-10-19 14:51:54'),(55,111,7,0,1,NULL,NULL,NULL,NULL,'2023-10-19 14:51:54','2023-10-19 14:51:54'),(56,112,7,0,1,NULL,NULL,NULL,NULL,'2023-10-19 14:51:54','2023-10-19 14:51:54'),(62,1,8,0,1,NULL,NULL,NULL,NULL,'2023-10-19 14:54:55','2023-10-19 14:54:55'),(63,2,8,0,1,NULL,NULL,NULL,NULL,'2023-10-19 14:54:55','2023-10-19 14:54:55'),(64,3,8,0,1,NULL,NULL,NULL,NULL,'2023-10-19 14:54:55','2023-10-19 14:54:55'),(65,87,8,0,1,NULL,NULL,NULL,NULL,'2023-10-19 14:54:55','2023-10-19 14:54:55'),(66,100,8,0,1,NULL,NULL,NULL,NULL,'2023-10-19 14:54:55','2023-10-19 14:54:55'),(67,101,8,0,1,NULL,NULL,NULL,NULL,'2023-10-19 14:54:55','2023-10-19 14:54:55'),(68,104,8,0,1,NULL,NULL,NULL,NULL,'2023-10-19 14:54:55','2023-10-19 14:54:55'),(69,110,8,0,1,NULL,NULL,NULL,NULL,'2023-10-19 14:54:55','2023-10-19 14:54:55'),(70,111,8,0,1,NULL,NULL,NULL,NULL,'2023-10-19 14:54:55','2023-10-19 14:54:55'),(71,112,8,0,1,NULL,NULL,NULL,NULL,'2023-10-19 14:54:55','2023-10-19 14:54:55'),(77,1,9,0,1,NULL,NULL,NULL,NULL,'2023-10-19 14:55:16','2023-10-19 14:55:16'),(78,2,9,0,1,NULL,NULL,NULL,NULL,'2023-10-19 14:55:16','2023-10-19 14:55:16'),(79,3,9,0,1,NULL,NULL,NULL,NULL,'2023-10-19 14:55:16','2023-10-19 14:55:16'),(80,87,9,0,1,NULL,NULL,NULL,NULL,'2023-10-19 14:55:16','2023-10-19 14:55:16'),(81,100,9,0,1,NULL,NULL,NULL,NULL,'2023-10-19 14:55:16','2023-10-19 14:55:16'),(82,101,9,0,1,NULL,NULL,NULL,NULL,'2023-10-19 14:55:16','2023-10-19 14:55:16'),(83,104,9,0,1,NULL,NULL,NULL,NULL,'2023-10-19 14:55:16','2023-10-19 14:55:16'),(84,110,9,0,1,NULL,NULL,NULL,NULL,'2023-10-19 14:55:16','2023-10-19 14:55:16'),(85,111,9,0,1,NULL,NULL,NULL,NULL,'2023-10-19 14:55:16','2023-10-19 14:55:16'),(86,112,9,0,1,NULL,NULL,NULL,NULL,'2023-10-19 14:55:16','2023-10-19 14:55:16'),(92,1,10,0,1,NULL,NULL,NULL,NULL,'2023-10-19 14:55:53','2023-10-19 14:55:53'),(93,2,10,0,1,NULL,NULL,NULL,NULL,'2023-10-19 14:55:53','2023-10-19 14:55:53'),(94,3,10,0,1,NULL,NULL,NULL,NULL,'2023-10-19 14:55:53','2023-10-19 14:55:53'),(95,87,10,0,1,NULL,NULL,NULL,NULL,'2023-10-19 14:55:53','2023-10-19 14:55:53'),(96,100,10,0,1,NULL,NULL,NULL,NULL,'2023-10-19 14:55:53','2023-10-19 14:55:53'),(97,101,10,0,1,NULL,NULL,NULL,NULL,'2023-10-19 14:55:53','2023-10-19 14:55:53'),(98,104,10,0,1,NULL,NULL,NULL,NULL,'2023-10-19 14:55:53','2023-10-19 14:55:53'),(99,110,10,0,1,NULL,NULL,NULL,NULL,'2023-10-19 14:55:53','2023-10-19 14:55:53'),(100,111,10,0,1,NULL,NULL,NULL,NULL,'2023-10-19 14:55:53','2023-10-19 14:55:53'),(101,112,10,0,1,NULL,NULL,NULL,NULL,'2023-10-19 14:55:53','2023-10-19 14:55:53'),(107,1,11,0,1,NULL,NULL,NULL,NULL,'2023-10-19 14:57:03','2023-10-19 14:57:03'),(108,2,11,0,1,NULL,NULL,NULL,NULL,'2023-10-19 14:57:03','2023-10-19 14:57:03'),(109,3,11,0,1,NULL,NULL,NULL,NULL,'2023-10-19 14:57:03','2023-10-19 14:57:03'),(110,87,11,0,1,NULL,NULL,NULL,NULL,'2023-10-19 14:57:03','2023-10-19 14:57:03'),(111,100,11,0,1,NULL,NULL,NULL,NULL,'2023-10-19 14:57:03','2023-10-19 14:57:03'),(112,101,11,0,1,NULL,NULL,NULL,NULL,'2023-10-19 14:57:03','2023-10-19 14:57:03'),(113,104,11,0,1,NULL,NULL,NULL,NULL,'2023-10-19 14:57:03','2023-10-19 14:57:03'),(114,110,11,0,1,NULL,NULL,NULL,NULL,'2023-10-19 14:57:03','2023-10-19 14:57:03'),(115,111,11,0,1,NULL,NULL,NULL,NULL,'2023-10-19 14:57:03','2023-10-19 14:57:03'),(116,112,11,0,1,NULL,NULL,NULL,NULL,'2023-10-19 14:57:03','2023-10-19 14:57:03'),(122,1,12,0,1,NULL,NULL,NULL,NULL,'2023-10-19 14:59:23','2023-10-19 14:59:23'),(123,2,12,0,1,NULL,NULL,NULL,NULL,'2023-10-19 14:59:23','2023-10-19 14:59:23'),(124,3,12,0,1,NULL,NULL,NULL,NULL,'2023-10-19 14:59:23','2023-10-19 14:59:23'),(125,87,12,0,1,NULL,NULL,NULL,NULL,'2023-10-19 14:59:23','2023-10-19 14:59:23'),(126,100,12,0,1,NULL,NULL,NULL,NULL,'2023-10-19 14:59:23','2023-10-19 14:59:23'),(127,101,12,0,1,NULL,NULL,NULL,NULL,'2023-10-19 14:59:23','2023-10-19 14:59:23'),(128,104,12,0,1,NULL,NULL,NULL,NULL,'2023-10-19 14:59:23','2023-10-19 14:59:23'),(129,110,12,0,1,NULL,NULL,NULL,NULL,'2023-10-19 14:59:23','2023-10-19 14:59:23'),(130,111,12,0,1,NULL,NULL,NULL,NULL,'2023-10-19 14:59:23','2023-10-19 14:59:23'),(131,112,12,0,1,NULL,NULL,NULL,NULL,'2023-10-19 14:59:23','2023-10-19 14:59:23'),(137,1,13,0,1,NULL,NULL,NULL,NULL,'2023-10-19 14:59:35','2023-10-19 14:59:35'),(138,2,13,0,1,NULL,NULL,NULL,NULL,'2023-10-19 14:59:35','2023-10-19 14:59:35'),(139,3,13,0,1,NULL,NULL,NULL,NULL,'2023-10-19 14:59:35','2023-10-19 14:59:35'),(140,87,13,0,1,NULL,NULL,NULL,NULL,'2023-10-19 14:59:35','2023-10-19 14:59:35'),(141,100,13,0,1,NULL,NULL,NULL,NULL,'2023-10-19 14:59:35','2023-10-19 14:59:35'),(142,101,13,0,1,NULL,NULL,NULL,NULL,'2023-10-19 14:59:35','2023-10-19 14:59:35'),(143,104,13,0,1,NULL,NULL,NULL,NULL,'2023-10-19 14:59:35','2023-10-19 14:59:35'),(144,110,13,0,1,NULL,NULL,NULL,NULL,'2023-10-19 14:59:35','2023-10-19 14:59:35'),(145,111,13,0,1,NULL,NULL,NULL,NULL,'2023-10-19 14:59:35','2023-10-19 14:59:35'),(146,112,13,0,1,NULL,NULL,NULL,NULL,'2023-10-19 14:59:35','2023-10-19 14:59:35'),(152,1,14,0,1,NULL,NULL,NULL,NULL,'2023-10-19 14:59:50','2023-10-19 14:59:50'),(153,2,14,0,1,NULL,NULL,NULL,NULL,'2023-10-19 14:59:50','2023-10-19 14:59:50'),(154,3,14,0,1,NULL,NULL,NULL,NULL,'2023-10-19 14:59:50','2023-10-19 14:59:50'),(155,87,14,0,1,NULL,NULL,NULL,NULL,'2023-10-19 14:59:50','2023-10-19 14:59:50'),(156,100,14,0,1,NULL,NULL,NULL,NULL,'2023-10-19 14:59:50','2023-10-19 14:59:50'),(157,101,14,0,1,NULL,NULL,NULL,NULL,'2023-10-19 14:59:50','2023-10-19 14:59:50'),(158,104,14,0,1,NULL,NULL,NULL,NULL,'2023-10-19 14:59:50','2023-10-19 14:59:50'),(159,110,14,0,1,NULL,NULL,NULL,NULL,'2023-10-19 14:59:50','2023-10-19 14:59:50'),(160,111,14,0,1,NULL,NULL,NULL,NULL,'2023-10-19 14:59:50','2023-10-19 14:59:50'),(161,112,14,0,1,NULL,NULL,NULL,NULL,'2023-10-19 14:59:50','2023-10-19 14:59:50'),(167,1,15,0,1,NULL,NULL,NULL,NULL,'2023-10-19 14:59:57','2023-10-19 14:59:57'),(168,2,15,0,1,NULL,NULL,NULL,NULL,'2023-10-19 14:59:57','2023-10-19 14:59:57'),(169,3,15,0,1,NULL,NULL,NULL,NULL,'2023-10-19 14:59:57','2023-10-19 14:59:57'),(170,87,15,0,1,NULL,NULL,NULL,NULL,'2023-10-19 14:59:57','2023-10-19 14:59:57'),(171,100,15,0,1,NULL,NULL,NULL,NULL,'2023-10-19 14:59:57','2023-10-19 14:59:57'),(172,101,15,0,1,NULL,NULL,NULL,NULL,'2023-10-19 14:59:57','2023-10-19 14:59:57'),(173,104,15,0,1,NULL,NULL,NULL,NULL,'2023-10-19 14:59:57','2023-10-19 14:59:57'),(174,110,15,0,1,NULL,NULL,NULL,NULL,'2023-10-19 14:59:57','2023-10-19 14:59:57'),(175,111,15,0,1,NULL,NULL,NULL,NULL,'2023-10-19 14:59:57','2023-10-19 14:59:57'),(176,112,15,0,1,NULL,NULL,NULL,NULL,'2023-10-19 14:59:57','2023-10-19 14:59:57'),(182,1,16,0,1,NULL,NULL,NULL,NULL,'2023-10-19 15:00:09','2023-10-19 15:00:09'),(183,2,16,0,1,NULL,NULL,NULL,NULL,'2023-10-19 15:00:09','2023-10-19 15:00:09'),(184,3,16,0,1,NULL,NULL,NULL,NULL,'2023-10-19 15:00:09','2023-10-19 15:00:09'),(185,87,16,0,1,NULL,NULL,NULL,NULL,'2023-10-19 15:00:09','2023-10-19 15:00:09'),(186,100,16,0,1,NULL,NULL,NULL,NULL,'2023-10-19 15:00:09','2023-10-19 15:00:09'),(187,101,16,0,1,NULL,NULL,NULL,NULL,'2023-10-19 15:00:09','2023-10-19 15:00:09'),(188,104,16,0,1,NULL,NULL,NULL,NULL,'2023-10-19 15:00:09','2023-10-19 15:00:09'),(189,110,16,0,1,NULL,NULL,NULL,NULL,'2023-10-19 15:00:09','2023-10-19 15:00:09'),(190,111,16,0,1,NULL,NULL,NULL,NULL,'2023-10-19 15:00:09','2023-10-19 15:00:09'),(191,112,16,0,1,NULL,NULL,NULL,NULL,'2023-10-19 15:00:09','2023-10-19 15:00:09'),(197,1,17,0,1,NULL,NULL,NULL,NULL,'2023-10-19 15:00:16','2023-10-19 15:00:16'),(198,2,17,0,1,NULL,NULL,NULL,NULL,'2023-10-19 15:00:16','2023-10-19 15:00:16'),(199,3,17,0,1,NULL,NULL,NULL,NULL,'2023-10-19 15:00:16','2023-10-19 15:00:16'),(200,87,17,0,1,NULL,NULL,NULL,NULL,'2023-10-19 15:00:16','2023-10-19 15:00:16'),(201,100,17,0,1,NULL,NULL,NULL,NULL,'2023-10-19 15:00:16','2023-10-19 15:00:16'),(202,101,17,0,1,NULL,NULL,NULL,NULL,'2023-10-19 15:00:16','2023-10-19 15:00:16'),(203,104,17,0,1,NULL,NULL,NULL,NULL,'2023-10-19 15:00:16','2023-10-19 15:00:16'),(204,110,17,0,1,NULL,NULL,NULL,NULL,'2023-10-19 15:00:16','2023-10-19 15:00:16'),(205,111,17,0,1,NULL,NULL,NULL,NULL,'2023-10-19 15:00:16','2023-10-19 15:00:16'),(206,112,17,0,1,NULL,NULL,NULL,NULL,'2023-10-19 15:00:16','2023-10-19 15:00:16'),(212,1,18,0,1,NULL,NULL,NULL,NULL,'2023-10-19 15:00:25','2023-10-19 15:00:25'),(213,2,18,0,1,NULL,NULL,NULL,NULL,'2023-10-19 15:00:25','2023-10-19 15:00:25'),(214,3,18,0,1,NULL,NULL,NULL,NULL,'2023-10-19 15:00:25','2023-10-19 15:00:25'),(215,87,18,0,1,NULL,NULL,NULL,NULL,'2023-10-19 15:00:25','2023-10-19 15:00:25'),(216,100,18,0,1,NULL,NULL,NULL,NULL,'2023-10-19 15:00:25','2023-10-19 15:00:25'),(217,101,18,0,1,NULL,NULL,NULL,NULL,'2023-10-19 15:00:25','2023-10-19 15:00:25'),(218,104,18,0,1,NULL,NULL,NULL,NULL,'2023-10-19 15:00:25','2023-10-19 15:00:25'),(219,110,18,0,1,NULL,NULL,NULL,NULL,'2023-10-19 15:00:25','2023-10-19 15:00:25'),(220,111,18,0,1,NULL,NULL,NULL,NULL,'2023-10-19 15:00:25','2023-10-19 15:00:25'),(221,112,18,0,1,NULL,NULL,NULL,NULL,'2023-10-19 15:00:25','2023-10-19 15:00:25');

--
-- Table structure for table `notifications`
--

CREATE TABLE `notifications` (
  `id` bigint(20) unsigned NOT NULL AUTO_INCREMENT,
  `note` varchar(255) NOT NULL,
  `active` tinyint(4) NOT NULL DEFAULT 1,
  `id_user` int(11) DEFAULT NULL,
  `ip_address` varchar(15) DEFAULT NULL,
  `id_user_modified` int(11) DEFAULT NULL,
  `ip_address_modified` varchar(15) DEFAULT NULL,
  `created_at` timestamp NOT NULL DEFAULT current_timestamp(),
  `updated_at` timestamp NOT NULL DEFAULT current_timestamp() ON UPDATE current_timestamp(),
  PRIMARY KEY (`id`)
) ENGINE=InnoDB AUTO_INCREMENT=19 DEFAULT CHARSET=utf8mb4;

--
-- Dumping data for table `notifications`
--

INSERT INTO `notifications` VALUES (1,'Korisnik Admin [ID:2] je promenio lozinku za Sima S [ID:7]',1,NULL,NULL,NULL,NULL,'2023-09-27 10:45:27','2023-09-27 10:45:27'),(2,'Korisnik Admin [ID:2] je promenio lozinku za admin [ID:2]',1,NULL,NULL,NULL,NULL,'2023-10-05 10:15:45','2023-10-05 10:15:45'),(3,'Korisnik admin [ID:2] je promenio lozinku za admin [ID:2]',1,NULL,NULL,NULL,NULL,'2023-10-05 10:22:23','2023-10-05 10:22:23'),(4,'Korisnik admin [ID:2] je promenio lozinku za  [ID:2]',1,NULL,NULL,NULL,NULL,'2023-10-05 10:24:06','2023-10-05 10:24:06'),(5,'Korisnik admin [ID:2] je promenio lozinku za pera [ID:112]',1,NULL,NULL,NULL,NULL,'2023-10-19 14:51:14','2023-10-19 14:51:14'),(6,'Korisnik admin [ID:2] je promenio lozinku za pera [ID:112]',1,NULL,NULL,NULL,NULL,'2023-10-19 14:51:36','2023-10-19 14:51:36'),(7,'Korisnik admin [ID:2] je promenio lozinku za pera [ID:112]',1,NULL,NULL,NULL,NULL,'2023-10-19 14:51:54','2023-10-19 14:51:54'),(8,'Korisnik admin [ID:2] je promenio lozinku za pera [ID:112]',1,NULL,NULL,NULL,NULL,'2023-10-19 14:54:55','2023-10-19 14:54:55'),(9,'Korisnik admin [ID:2] je promenio lozinku za pera [ID:112]',1,NULL,NULL,NULL,NULL,'2023-10-19 14:55:16','2023-10-19 14:55:16'),(10,'Korisnik admin [ID:2] je promenio lozinku za pera [ID:112]',1,NULL,NULL,NULL,NULL,'2023-10-19 14:55:53','2023-10-19 14:55:53'),(11,'Korisnik admin [ID:2] je promenio lozinku za pera [ID:112]',1,NULL,NULL,NULL,NULL,'2023-10-19 14:57:03','2023-10-19 14:57:03'),(12,'Korisnik admin [ID:2] je promenio lozinku za pera [ID:112]',1,NULL,NULL,NULL,NULL,'2023-10-19 14:59:23','2023-10-19 14:59:23'),(13,'Korisnik admin [ID:2] je promenio lozinku za pera [ID:112]',1,NULL,NULL,NULL,NULL,'2023-10-19 14:59:35','2023-10-19 14:59:35'),(14,'Korisnik admin [ID:2] je promenio lozinku za pera [ID:112]',1,NULL,NULL,NULL,NULL,'2023-10-19 14:59:50','2023-10-19 14:59:50'),(15,'Korisnik admin [ID:2] je promenio lozinku za pera [ID:112]',1,NULL,NULL,NULL,NULL,'2023-10-19 14:59:57','2023-10-19 14:59:57'),(16,'Korisnik admin [ID:2] je promenio lozinku za pera [ID:112]',1,NULL,NULL,NULL,NULL,'2023-10-19 15:00:09','2023-10-19 15:00:09'),(17,'Korisnik admin [ID:2] je promenio lozinku za pera [ID:112]',1,NULL,NULL,NULL,NULL,'2023-10-19 15:00:16','2023-10-19 15:00:16'),(18,'Korisnik admin [ID:2] je promenio lozinku za pera [ID:112]',1,NULL,NULL,NULL,NULL,'2023-10-19 15:00:24','2023-10-19 15:00:24');

--
-- Table structure for table `oauth_access_tokens`
--

CREATE TABLE `oauth_access_tokens` (
  `id` varchar(100) COLLATE utf8mb4_unicode_ci NOT NULL,
  `user_id` bigint(20) unsigned DEFAULT NULL,
  `client_id` bigint(20) unsigned NOT NULL,
  `name` varchar(255) COLLATE utf8mb4_unicode_ci DEFAULT NULL,
  `scopes` text COLLATE utf8mb4_unicode_ci DEFAULT NULL,
  `revoked` tinyint(1) NOT NULL,
  `created_at` timestamp NULL DEFAULT NULL,
  `updated_at` timestamp NULL DEFAULT NULL,
  `expires_at` datetime DEFAULT NULL,
  PRIMARY KEY (`id`),
  KEY `oauth_access_tokens_user_id_index` (`user_id`)
) ENGINE=InnoDB DEFAULT CHARSET=utf8mb4 COLLATE=utf8mb4_unicode_ci;

--
-- Dumping data for table `oauth_access_tokens`
--

INSERT INTO `oauth_access_tokens` VALUES ('00da12321f42ff867c206f11c494e9001038a3275ce203753c7c4bb73ada8c095033cd6c41dc24ca',2,1,'iDrivyApi','[]',1,'2023-10-20 17:16:37','2023-10-20 17:16:37','2024-10-20 19:16:37'),('0c5dd106678a9979297a2c971a82bb7df9b8d04754472e8a5c2c4b7cd5852da4332520a30eba874f',2,1,'iDrivyApi','[]',0,'2023-11-02 08:37:22','2023-11-02 08:37:22','2024-11-02 09:37:22'),('1344a3243f71b0b0b0f98ecc2aac578ff2404fb33c5b61500a07a5b9b36ba263047423806352f70f',2,1,'iDrivyApi','[]',0,'2023-11-01 08:15:41','2023-11-01 08:15:41','2024-11-01 09:15:41'),('297088e07540ddc47b4a61b88bae09111ddb6be5b1b29a739ddcd6285419330d0fa4f5dfc6f89851',2,1,'iDrivyApi','[]',0,'2023-10-30 14:03:15','2023-10-30 14:03:15','2024-10-30 15:03:15'),('2e11800ed2ed040fa98ce0824d19dede3c54d9c81110c2eded960d1e922ad92b65379b340d74ea01',136,1,'iDrivyApi','[]',0,'2023-10-30 09:51:23','2023-10-30 09:51:23','2024-10-30 10:51:23'),('347f9e746a936e614c36ad5472af180e493f8bd63f98792c470543defc482b4482090e52ae34113f',2,1,'iDrivyApi','[]',0,'2023-10-16 13:05:15','2023-10-16 13:05:15','2024-10-16 15:05:15'),('36e2ea9282bfd86804380c65152508cf0eec89050b066ffa4209d3ba5f7608b2429d8ce6529460ef',2,1,'iDrivyApi','[]',0,'2023-10-30 12:48:02','2023-10-30 12:48:02','2024-10-30 13:48:02'),('3c39f18b48d9eda4e7cf343184d8cefed6923c674b86b8db28468c613440b3111beeb4edea72bb5a',2,1,'iDrivyApi','[]',1,'2023-10-30 12:46:45','2023-10-30 12:46:45','2024-10-30 13:46:45'),('3d5e8a228ffe3ed11cd74455774ea8e1e28d94f012e4cc3eb671a2d015c57744277c9aa207041fe4',2,1,'iDrivyApi','[]',0,'2023-10-19 11:15:30','2023-10-19 11:15:30','2024-10-19 13:15:30'),('3ffc3a020285c330648f1ff74dbf09e731393c8eb7189f44dcc01263a4e0991f2fa69b9792d92313',2,1,'iDrivyApi','[]',0,'2023-10-26 06:36:52','2023-10-26 06:36:52','2024-10-26 08:36:52'),('447e93e8d604be220bd676fdbfe61db0d44babcc3af61a09e1d2d48453b9951d87451f27d1b950d4',3,1,'iDrivyApi','[]',0,'2023-10-18 08:25:42','2023-10-18 08:25:42','2024-10-18 10:25:42'),('4cc369691e218fc2f0a70a8fc1060e0c8b19ec6e4fc075c92d259fd3b562c621feebf68b334675b6',2,1,'iDrivyApi','[]',0,'2023-10-17 14:43:55','2023-10-17 14:43:55','2024-10-17 16:43:55'),('507dc3862100a68b23dea42117e6eb896aa82d0eb1c3bcb2c6c0a1d7145822439f9e0c297ad94205',3,1,'iDrivyApi','[]',0,'2023-10-18 08:45:52','2023-10-18 08:45:52','2024-10-18 10:45:52'),('5089f12f6e809a776797c66d4e23cc1f75f9d8c65988b20d707505c8d0189a7a974c237e858af58e',2,1,'iDrivyApi','[]',0,'2023-10-20 09:39:18','2023-10-20 09:39:18','2024-10-20 11:39:18'),('5158a5c70a9309441d43bb391a0680f3385226e70b69161f3a7dee6bcf508c3d9d88c77bb6b13eed',2,1,'iDrivyApi','[]',0,'2023-10-18 11:08:23','2023-10-18 11:08:23','2024-10-18 13:08:23'),('5485ce3a637c8934a8045dd7619b98634fdaf9e7a557249c831de01cdf457f2d3c9187cbcc6a1d22',2,1,'iDrivyApi','[]',0,'2023-10-31 07:52:33','2023-10-31 07:52:33','2024-10-31 08:52:33'),('5e6482fbd48441f2551f31fcd1575f01a083f6d3c805af712e328c4676cff78fd0f1959ce43d7080',2,1,'iDrivyApi','[]',0,'2023-10-26 06:33:42','2023-10-26 06:33:42','2024-10-26 08:33:42'),('62295c1db163688f3865e8c9b94f64a622db6031dc0d90c9d8cf5ad50103739759bcd2dc5de368ef',2,1,'iDrivyApi','[]',0,'2023-10-27 10:45:59','2023-10-27 10:45:59','2024-10-27 12:45:59'),('638eaf4caf45d66e3c6ac0ae340fe60cce76e3741c4f77ce1e54f9e1bf3d2739997c42319e23aef8',2,1,'iDrivyApi','[]',0,'2023-10-26 06:51:03','2023-10-26 06:51:03','2024-10-26 08:51:03'),('71e3de11dfefa94110ababe76022068d1afbfc77b6ad595be6404847acbe9a3216c48bc99b5fb868',2,1,'iDrivyApi','[]',0,'2023-10-17 14:43:22','2023-10-17 14:43:22','2024-10-17 16:43:22'),('776d2e6971abd6e1ab1632d2269e335886718b83b7c396e976310b307bb8384e40c4295c3c368f6c',2,1,'iDrivyApi','[]',0,'2023-10-18 06:07:45','2023-10-18 06:07:45','2024-10-18 08:07:45'),('7cae0ee86727d4de948b4d0e3394b00effdbdd4023928addcba9ea617306bd56733667bf236f389b',2,1,'iDrivyApi','[]',0,'2023-10-18 06:31:01','2023-10-18 06:31:01','2024-10-18 08:31:01'),('897626db82492ed4712505df688945ba3f867a5a43a3d64882af7548c4c600a58c1e51b5db4c1143',2,1,'iDrivyApi','[]',0,'2023-10-30 12:45:50','2023-10-30 12:45:50','2024-10-30 13:45:50'),('89a8084c26b0dab64305444d16fb779137ed9431fb09a7a303271cb903d903b7cec00ab9687136c1',2,1,'iDrivyApi','[]',0,'2023-10-20 09:41:13','2023-10-20 09:41:13','2024-10-20 11:41:13'),('8a066aed74c92d9c4aecc8d577612907706765597da1a18b3f946801f7dfbad37d213c84661bc24d',2,1,'iDrivyApi','[]',0,'2023-10-27 11:25:56','2023-10-27 11:25:56','2024-10-27 13:25:56'),('93cfd4cb0af4edd57d69d651127a4ce2adf0ca8d1bcf546e399fb26a541d5bcbe4e943213b409e94',2,1,'iDrivyApi','[]',0,'2023-10-30 08:27:28','2023-10-30 08:27:28','2024-10-30 09:27:28'),('9ce36479c948b44a2061bcd4d34428231c611f75d2872040f51d42da855396e43decc8c240f20eef',2,1,'iDrivyApi','[]',0,'2023-10-16 18:03:57','2023-10-16 18:03:57','2024-10-16 20:03:57'),('a7069c13fac46050cdac0d23e2a6fdbb1143c53fa34f5b65ded45cfe0d9f79b21d3ecbfd32f868ed',2,1,'iDrivyApi','[]',0,'2023-10-23 18:16:33','2023-10-23 18:16:33','2024-10-23 20:16:33'),('a70c7872027ada9139d6e21ef92ae02af33fcff757bd91234a5851a6509652c80009883134279570',2,1,'iDrivyApi','[]',0,'2023-10-26 08:01:35','2023-10-26 08:01:35','2024-10-26 10:01:35'),('aeb5eb712c4c6d00dd4eabea826220c8410f4b5c61706237b1e6d3522f6e276fd17a29f753c95ce3',2,1,'iDrivyApi','[]',1,'2023-10-30 08:45:10','2023-10-30 08:45:10','2024-10-30 09:45:10'),('bd5d7e72a03dcf7eb510b16ac827d8046ff8923a9da01d1314a38052b47e5dc187cfd5d81bdfc0b0',2,1,'iDrivyApi','[]',0,'2023-10-26 07:11:58','2023-10-26 07:11:58','2024-10-26 09:11:58'),('bdf025d0daffbe85a4fb666aa8b433b34d45efd8c34116f9ebc271d4dd6bb57ca539a5debd6d82fa',3,1,'iDrivyApi','[]',0,'2023-10-18 08:53:47','2023-10-18 08:53:47','2024-10-18 10:53:47'),('cf08a81a4c55321bcb896c9c45f4c67166d44b052f4a1425594e80fa2da7e57a3c4eff533d783f5b',2,1,'iDrivyApi','[]',0,'2023-10-17 12:44:20','2023-10-17 12:44:20','2024-10-17 14:44:20'),('cffef6a359f23edcb54b6aa9f5d578803e9648a917feca97cfd5550849efd64a70c5c282e6388874',2,1,'iDrivyApi','[]',0,'2023-10-18 06:05:58','2023-10-18 06:05:58','2024-10-18 08:05:58'),('d58991118743ba01385ac3e863dac0d036249f203f5ca665da583e6ea40d3c28f098481deb3b9007',2,1,'iDrivyApi','[]',0,'2023-10-18 06:32:36','2023-10-18 06:32:36','2024-10-18 08:32:36'),('d97dacd9d31c0df17588aabe22f0570112133de62c53dedde038bcd337da4e584d892580e46d6f0d',2,1,'iDrivyApi','[]',0,'2023-10-20 12:44:55','2023-10-20 12:44:55','2024-10-20 14:44:55'),('dc36a53bfa8458f71542459ffcee9b5213a7590392d7054f97ded7d47bc4d0f2c1c3055060cda508',2,1,'iDrivyApi','[]',0,'2023-10-26 07:12:52','2023-10-26 07:12:52','2024-10-26 09:12:52'),('dc45bcb5c66a92582c91e49b175b10be2938c91bf901d3d53a7dafc69281a4795c8fcab5ae7c1174',2,1,'iDrivyApi','[]',0,'2023-10-19 10:05:49','2023-10-19 10:05:49','2024-10-19 12:05:49'),('e6c7523c46aec82f245c274848936073f8df7b2fe57a5089b7fe604848a8f6b8d2ebfa11bc01a819',2,1,'iDrivyApi','[]',0,'2023-10-19 11:52:40','2023-10-19 11:52:40','2024-10-19 13:52:40'),('ec4bf4504ddcbfd926fed256bb74e0be7d7ff3e6ac4ab8c974c08899dfd81c3d94f5f64ad91bd3dd',3,1,'iDrivyApi','[]',0,'2023-10-18 08:18:11','2023-10-18 08:18:11','2024-10-18 10:18:11'),('fa34bd7d3b04409a6b9da81d2d8b8bddd9c8c80d05ddc148be0587338ffd1787d94bb7ef6256ee14',2,1,'iDrivyApi','[]',0,'2023-10-27 07:15:17','2023-10-27 07:15:17','2024-10-27 09:15:17'),('fa628846d11466b76350e6f1287fa9e9469a6e0990a37b4d26c52772b1ab576c7ee6db3716052514',2,1,'iDrivyApi','[]',0,'2023-10-31 07:43:30','2023-10-31 07:43:30','2024-10-31 08:43:30'),('fd5c995f16a1fd67b2ca25ce49a6365e5278e91ff94064ba031307860b6debfc458da334a840dc26',2,1,'iDrivyApi','[]',1,'2023-10-19 10:41:24','2023-10-19 10:41:24','2024-10-19 12:41:24');

--
-- Table structure for table `oauth_auth_codes`
--

CREATE TABLE `oauth_auth_codes` (
  `id` varchar(100) COLLATE utf8mb4_unicode_ci NOT NULL,
  `user_id` bigint(20) unsigned NOT NULL,
  `client_id` bigint(20) unsigned NOT NULL,
  `scopes` text COLLATE utf8mb4_unicode_ci DEFAULT NULL,
  `revoked` tinyint(1) NOT NULL,
  `expires_at` datetime DEFAULT NULL,
  PRIMARY KEY (`id`),
  KEY `oauth_auth_codes_user_id_index` (`user_id`)
) ENGINE=InnoDB DEFAULT CHARSET=utf8mb4 COLLATE=utf8mb4_unicode_ci;

--
-- Dumping data for table `oauth_auth_codes`
--


--
-- Table structure for table `oauth_clients`
--

CREATE TABLE `oauth_clients` (
  `id` bigint(20) unsigned NOT NULL AUTO_INCREMENT,
  `user_id` bigint(20) unsigned DEFAULT NULL,
  `name` varchar(255) COLLATE utf8mb4_unicode_ci NOT NULL,
  `secret` varchar(100) COLLATE utf8mb4_unicode_ci DEFAULT NULL,
  `provider` varchar(255) COLLATE utf8mb4_unicode_ci DEFAULT NULL,
  `redirect` text COLLATE utf8mb4_unicode_ci NOT NULL,
  `personal_access_client` tinyint(1) NOT NULL,
  `password_client` tinyint(1) NOT NULL,
  `revoked` tinyint(1) NOT NULL,
  `created_at` timestamp NULL DEFAULT NULL,
  `updated_at` timestamp NULL DEFAULT NULL,
  PRIMARY KEY (`id`),
  KEY `oauth_clients_user_id_index` (`user_id`)
) ENGINE=InnoDB AUTO_INCREMENT=3 DEFAULT CHARSET=utf8mb4 COLLATE=utf8mb4_unicode_ci;

--
-- Dumping data for table `oauth_clients`
--

INSERT INTO `oauth_clients` VALUES (1,NULL,'iDrivy Personal Access Client','7Nar2IyxJEh4cTTTxL7wkBIo269BVo0kS83Iv8kL',NULL,'http://localhost',1,0,0,'2023-08-31 11:33:04','2023-08-31 11:33:04'),(2,NULL,'iDrivy Password Grant Client','hijVw8TadqTtOpwFr0x3APIZKvfCYykkIVptxEPO','users','http://localhost',0,1,0,'2023-08-31 11:33:04','2023-08-31 11:33:04');

--
-- Table structure for table `oauth_personal_access_clients`
--

CREATE TABLE `oauth_personal_access_clients` (
  `id` bigint(20) unsigned NOT NULL AUTO_INCREMENT,
  `client_id` bigint(20) unsigned NOT NULL,
  `created_at` timestamp NULL DEFAULT NULL,
  `updated_at` timestamp NULL DEFAULT NULL,
  PRIMARY KEY (`id`)
) ENGINE=InnoDB AUTO_INCREMENT=2 DEFAULT CHARSET=utf8mb4 COLLATE=utf8mb4_unicode_ci;

--
-- Dumping data for table `oauth_personal_access_clients`
--

INSERT INTO `oauth_personal_access_clients` VALUES (1,1,'2023-08-31 11:33:04','2023-08-31 11:33:04');

--
-- Table structure for table `oauth_refresh_tokens`
--

CREATE TABLE `oauth_refresh_tokens` (
  `id` varchar(100) COLLATE utf8mb4_unicode_ci NOT NULL,
  `access_token_id` varchar(100) COLLATE utf8mb4_unicode_ci NOT NULL,
  `revoked` tinyint(1) NOT NULL,
  `expires_at` datetime DEFAULT NULL,
  PRIMARY KEY (`id`),
  KEY `oauth_refresh_tokens_access_token_id_index` (`access_token_id`)
) ENGINE=InnoDB DEFAULT CHARSET=utf8mb4 COLLATE=utf8mb4_unicode_ci;

--
-- Dumping data for table `oauth_refresh_tokens`
--


--
-- Table structure for table `page_attachments`
--

CREATE TABLE `page_attachments` (
  `id` bigint(20) unsigned NOT NULL AUTO_INCREMENT,
  `attachment_type_id` bigint(20) unsigned DEFAULT NULL COMMENT '// ID tipa attachmenta',
  `page_id` bigint(20) unsigned DEFAULT NULL COMMENT '// ID stranice',
  `name` varchar(255) DEFAULT NULL COMMENT '// naziv fajla',
  `path` varchar(255) DEFAULT NULL COMMENT '// Url do fajla',
  `size` int(11) DEFAULT NULL,
  `status` tinyint(4) NOT NULL DEFAULT 1 COMMENT '1) Iz ticket baze 0) iz Idrivy baze',
  `active` tinyint(4) NOT NULL DEFAULT 1,
  `id_user` bigint(20) unsigned DEFAULT NULL COMMENT '// Id korisnika koji je kreirao zapis',
  `ip_address` varchar(15) DEFAULT NULL COMMENT '// Id korisnika koji je kreirao zapis',
  `id_user_modified` bigint(20) unsigned DEFAULT NULL COMMENT '// Id korisnika koji je uradio poslednju izmenu',
  `ip_address_modified` varchar(15) DEFAULT NULL COMMENT '// Id korisnika koji je posednji izvršio izmene',
  `created_at` datetime NOT NULL DEFAULT current_timestamp() COMMENT '// Datum i vreme kreiranja zapisa',
  `updated_at` datetime DEFAULT NULL COMMENT '// Datum i vreme poslednje izmene zapisa',
  PRIMARY KEY (`id`)
) ENGINE=InnoDB AUTO_INCREMENT=9 DEFAULT CHARSET=utf8mb4;

--
-- Dumping data for table `page_attachments`
--

INSERT INTO `page_attachments` VALUES (1,3,8,'',NULL,NULL,1,1,2,NULL,NULL,NULL,'2023-11-02 11:39:47','2023-11-02 11:39:47'),(2,3,9,'','storage/pages/applications/2023/11/9/9_0_1698925223.pdf',NULL,1,1,2,NULL,NULL,NULL,'2023-11-02 11:40:23','2023-11-02 11:40:23'),(3,3,9,'Slika.jpg','storage/pages/applications/2023/11/9/9_0_1698932012.pdf',NULL,1,1,2,NULL,NULL,NULL,'2023-11-02 13:33:32','2023-11-02 13:33:32'),(4,3,9,'Slika.jpg','storage/pages/applications/2023/11/9/9_0_1698932270.pdf',NULL,1,1,2,NULL,NULL,NULL,'2023-11-02 13:37:50','2023-11-02 13:37:50'),(5,3,9,'Slika.jpg','storage/pages/applications/2023/11/9/9_0_1698932384.pdf',NULL,1,1,2,NULL,NULL,NULL,'2023-11-02 13:39:44','2023-11-02 13:39:44'),(8,3,12,'Slika.jpg','storage/pages/applications/2023/11/12/12_0_1698932458.pdf',NULL,1,0,2,NULL,2,NULL,'2023-11-02 13:40:58','2023-11-02 14:34:32');

--
-- Table structure for table `page_categories`
--

CREATE TABLE `page_categories` (
  `id` bigint(20) unsigned NOT NULL AUTO_INCREMENT,
  `language_id` bigint(20) unsigned DEFAULT NULL,
  `page_category_type_id` bigint(20) unsigned DEFAULT NULL,
  `name` varchar(255) DEFAULT NULL COMMENT '// Naslov zahteva, reklamacije....',
  `active` tinyint(4) NOT NULL DEFAULT 1,
  `id_user` bigint(20) unsigned DEFAULT NULL COMMENT '// Id korisnika koji je kreirao zapis (korisnik koji je kreirao tiket). Može da bude korisnik aplikacije (onda je isto kao i owner_id) ili iz teh. podrške',
  `ip_address` varchar(15) DEFAULT NULL,
  `id_user_modified` bigint(20) unsigned DEFAULT NULL COMMENT '// Id korisnika koji je uradio poslednju izmenu',
  `ip_address_modified` varchar(15) DEFAULT NULL,
  `created_at` datetime NOT NULL DEFAULT current_timestamp() COMMENT '// Datum i vreme kreiranja zapisa',
  `updated_at` datetime DEFAULT NULL COMMENT '// Datum i vreme poslednje izmene zapisa',
  PRIMARY KEY (`id`)
) ENGINE=InnoDB AUTO_INCREMENT=7 DEFAULT CHARSET=utf8mb4;

--
-- Dumping data for table `page_categories`
--

INSERT INTO `page_categories` VALUES (1,NULL,1,'Uslovi korišćenja',1,NULL,NULL,2,NULL,'2023-11-01 10:58:33','2023-11-01 10:02:05'),(2,NULL,1,'nova',1,NULL,NULL,2,NULL,'2023-11-01 10:58:33','2023-11-01 10:59:37'),(3,NULL,2,'Aktuelne vesti',1,2,NULL,NULL,NULL,'2023-11-01 10:03:22','2023-11-01 10:03:22'),(4,NULL,3,'Uputstvo',1,2,NULL,NULL,NULL,'2023-11-01 10:04:21','2023-11-01 10:04:21'),(5,NULL,1,'nova',0,2,NULL,2,NULL,'2023-11-01 10:04:46','2023-11-01 10:10:23'),(6,NULL,1,'nova',1,2,NULL,NULL,NULL,'2023-11-01 11:00:20','2023-11-01 11:00:20');

--
-- Table structure for table `pages`
--

CREATE TABLE `pages` (
  `id` bigint(20) unsigned NOT NULL AUTO_INCREMENT,
  `page_category_id` bigint(20) unsigned DEFAULT NULL,
  `name` varchar(255) DEFAULT NULL COMMENT '// Naslov zahteva, reklamacije....',
  `note` longtext DEFAULT NULL COMMENT '// Tekst stranice',
  `path` varchar(255) DEFAULT NULL COMMENT '// Naslov zahteva, reklamacije....',
  `status` tinyint(4) NOT NULL DEFAULT 1 COMMENT '// Da li se stranica prikazuje',
  `active` tinyint(4) NOT NULL DEFAULT 1,
  `id_user` bigint(20) unsigned DEFAULT NULL COMMENT '// Id korisnika koji je kreirao zapis (korisnik koji je kreirao tiket). Može da bude korisnik aplikacije (onda je isto kao i owner_id) ili iz teh. podrške',
  `ip_address` varchar(15) DEFAULT NULL,
  `id_user_modified` bigint(20) unsigned DEFAULT NULL COMMENT '// Id korisnika koji je uradio poslednju izmenu',
  `ip_address_modified` varchar(15) DEFAULT NULL,
  `created_at` datetime NOT NULL DEFAULT current_timestamp() COMMENT '// Datum i vreme kreiranja zapisa',
  `updated_at` datetime DEFAULT NULL COMMENT '// Datum i vreme poslednje izmene zapisa',
  PRIMARY KEY (`id`)
) ENGINE=InnoDB AUTO_INCREMENT=13 DEFAULT CHARSET=utf8mb4;

--
-- Dumping data for table `pages`
--

INSERT INTO `pages` VALUES (1,1,'Uslovi',NULL,'0',1,1,2,NULL,NULL,NULL,'2023-11-01 11:30:22','2023-11-01 11:30:22'),(2,1,'Uslovi22','Ovo je neki tekst222','uslovi22',0,0,2,NULL,2,NULL,'2023-11-01 11:32:29','2023-11-01 11:34:36'),(8,1,'Uslovi22','Ovo je neki tekst222','uslovi22',0,1,2,NULL,NULL,NULL,'2023-11-02 11:39:47','2023-11-02 11:39:47'),(9,1,'Uslovi22','Ovo je neki tekst222','uslovi22',0,1,2,NULL,2,NULL,'2023-11-02 11:40:23','2023-11-02 13:33:32'),(12,1,'Uslovi22','Ovo je neki tekst222','uslovi22',0,1,2,NULL,NULL,NULL,'2023-11-02 13:40:58','2023-11-02 13:40:58');

--
-- Table structure for table `password_resets`
--

CREATE TABLE `password_resets` (
  `id` bigint(20) unsigned NOT NULL AUTO_INCREMENT,
  `email` varchar(255) COLLATE utf8mb4_unicode_ci NOT NULL,
  `token` varchar(255) COLLATE utf8mb4_unicode_ci NOT NULL,
  `active` tinyint(1) DEFAULT 1,
  `created_at` timestamp NULL DEFAULT current_timestamp(),
  `updated_at` timestamp NULL DEFAULT NULL,
  PRIMARY KEY (`id`),
  KEY `password_resets_email_index` (`email`)
) ENGINE=InnoDB AUTO_INCREMENT=25 DEFAULT CHARSET=utf8mb4 COLLATE=utf8mb4_unicode_ci;

--
-- Dumping data for table `password_resets`
--

INSERT INTO `password_resets` VALUES (2,'dragan@tcom.rs','687052',0,'2023-10-16 10:00:42','2023-10-16 10:02:02'),(3,'dragan@tcom.rs','861912',0,'2023-10-16 10:02:02','2023-10-16 10:02:02'),(4,'dragan@tcom.rs','323311',0,'2023-10-16 10:10:09','2023-10-16 10:10:09'),(5,'dragan@tcom.rs','885159',0,'2023-10-16 10:10:41','2023-10-16 10:10:41'),(6,'dragan@tcom.rs','899331',0,'2023-10-16 10:11:08','2023-10-16 10:11:08'),(7,'dragan@tcom.rs','354584',0,'2023-10-16 10:16:40','2023-10-16 10:18:51'),(8,'dragan@tcom.rs','784606',0,'2023-10-16 10:18:51','2023-10-16 10:19:16'),(9,'dragan@tcom.rs','390278',0,'2023-10-16 10:19:16','2023-10-16 10:20:14'),(10,'dragan@tcom.rs','148125',0,'2023-10-16 10:20:14','2023-10-16 10:22:48'),(11,'dragan@tcom.rs','840989',0,'2023-10-16 10:22:48','2023-10-16 10:24:08'),(12,'dragan@tcom.rs','677155',0,'2023-10-16 10:24:08','2023-10-16 10:37:51'),(13,'dragan@tcom.rs','909399',0,'2023-10-16 10:37:51','2023-10-16 10:38:21'),(14,'dragan@tcom.rs','387265',0,'2023-10-16 10:38:21','2023-10-16 10:38:41'),(15,'dragan@tcom.rs','833281',0,'2023-10-16 10:38:41','2023-10-16 10:39:07'),(16,'dragan@tcom.rs','589943',0,'2023-10-16 10:39:07','2023-10-16 10:39:41'),(17,'dragan@tcom.rs','363038',0,'2023-10-16 10:39:43','2023-10-16 10:39:56'),(18,'dragan@tcom.rs','455866',0,'2023-10-16 10:39:57','2023-10-16 10:40:23'),(19,'dragan@tcom.rs','564218',0,'2023-10-16 10:40:23','2023-10-16 10:40:58'),(20,'dragan@tcom.rs','595706',0,'2023-10-16 12:40:59','2023-10-16 11:27:35'),(21,'dragan@tcom.rs','331367',0,'2023-10-16 10:28:30','2023-10-16 11:46:59'),(22,'dragan@tcom.rs','124392',0,'2023-10-18 08:17:28','2023-10-18 08:18:01'),(23,'danilo@tcom.rs','506286',0,'2023-10-19 11:09:06','2023-10-19 11:10:05'),(24,'danilo@tcom.rs','727112',0,'2023-10-19 11:11:50','2023-10-19 11:13:29');

--
-- Table structure for table `roles`
--

CREATE TABLE `roles` (
  `id` bigint(20) unsigned NOT NULL AUTO_INCREMENT,
  `name` varchar(45) NOT NULL,
  `orig_name` varchar(45) DEFAULT NULL,
  `active` tinyint(4) NOT NULL DEFAULT 1,
  `id_user` int(11) unsigned DEFAULT NULL,
  `ip_address` varchar(15) DEFAULT NULL,
  `id_user_modified` int(11) unsigned DEFAULT NULL,
  `ip_address_modified` varchar(15) DEFAULT NULL,
  `created_at` timestamp NOT NULL DEFAULT current_timestamp(),
  `updated_at` timestamp NOT NULL DEFAULT current_timestamp() ON UPDATE current_timestamp(),
  PRIMARY KEY (`id`)
) ENGINE=InnoDB AUTO_INCREMENT=5 DEFAULT CHARSET=utf8mb4 COMMENT='// Uloge i privilegije';

--
-- Dumping data for table `roles`
--

INSERT INTO `roles` VALUES (1,'SuperAdmin','super_admin',1,NULL,NULL,NULL,NULL,'2023-09-01 13:12:06','2023-10-31 09:35:42'),(2,'Admin','admin',1,NULL,NULL,NULL,NULL,'2023-09-01 13:12:06','2023-10-31 09:35:42'),(3,'Tehnička podrška napredna','napredna_podrska',1,NULL,NULL,NULL,NULL,'2023-09-01 13:12:40','2023-10-31 09:35:42'),(4,'Tehnička podrška','podrska',1,NULL,NULL,NULL,NULL,'2023-09-01 13:12:40','2023-10-31 09:35:42');

--
-- Table structure for table `ticket_assigns`
--

CREATE TABLE `ticket_assigns` (
  `id` bigint(20) unsigned NOT NULL AUTO_INCREMENT,
  `agent_id` bigint(20) unsigned DEFAULT NULL COMMENT '// Korisnik kome je dodeljen tiket',
  `ticket_id` bigint(20) unsigned DEFAULT NULL COMMENT '// ID tiketa',
  `assigned_by_id` bigint(20) unsigned DEFAULT NULL COMMENT '// Korisnik koji je dodelio tiket',
  `status` tinyint(4) NOT NULL DEFAULT 1 COMMENT '// Da li je korisnik dodeljen',
  `active` tinyint(4) NOT NULL DEFAULT 1,
  `id_user` bigint(20) unsigned DEFAULT NULL COMMENT '// Id korisnika koji je kreirao zapis (korisnik koji je dodelio)',
  `ip_address` varchar(15) DEFAULT NULL,
  `id_user_modified` bigint(20) unsigned DEFAULT NULL COMMENT '// Id korisnika koji je uradio poslednju izmenu',
  `ip_address_modified` varchar(15) DEFAULT NULL,
  `created_at` datetime NOT NULL DEFAULT current_timestamp() COMMENT '// Datum i vreme kreiranja zapisa',
  `updated_at` datetime DEFAULT NULL ON UPDATE current_timestamp() COMMENT '// Datum i vreme poslednje izmene zapisa',
  PRIMARY KEY (`id`)
) ENGINE=InnoDB AUTO_INCREMENT=444 DEFAULT CHARSET=utf8mb4 COMMENT='// Dodeljivanje tiketa, log tabela dodele';

--
-- Dumping data for table `ticket_assigns`
--

INSERT INTO `ticket_assigns` VALUES (1,1,1,2,1,0,2,NULL,2,NULL,'2023-09-18 09:18:42','2023-09-18 10:08:19'),(2,1,2,2,1,1,2,NULL,NULL,NULL,'2023-09-18 09:22:27','2023-09-18 09:22:27'),(9,3,1,4,1,0,2,NULL,2,NULL,'2023-09-18 10:10:29','2023-09-18 10:33:41'),(19,1,1,4,1,0,2,NULL,2,NULL,'2023-09-18 10:33:41','2023-09-18 10:38:57'),(20,1,3,1,1,1,NULL,NULL,NULL,NULL,'2023-09-18 12:36:28',NULL),(21,3,1,4,1,1,2,NULL,NULL,NULL,'2023-09-18 10:38:57','2023-09-18 10:38:57'),(22,1,3,2,1,1,2,NULL,NULL,NULL,'2023-09-22 09:11:45','2023-09-22 09:11:45'),(23,1,5,2,1,1,2,NULL,NULL,NULL,'2023-09-22 09:22:46','2023-09-22 09:22:46'),(24,1,8,2,1,1,2,NULL,NULL,NULL,'2023-09-22 10:53:04','2023-09-22 10:53:04'),(25,1,9,2,1,1,2,NULL,NULL,NULL,'2023-09-22 10:55:58','2023-09-22 10:55:58'),(26,1,11,2,1,1,2,NULL,NULL,NULL,'2023-09-22 11:03:16','2023-09-22 11:03:16'),(27,1,12,2,1,1,2,NULL,NULL,NULL,'2023-09-22 11:05:20','2023-09-22 11:05:20'),(28,1,13,2,1,1,2,NULL,NULL,NULL,'2023-09-22 14:50:11','2023-09-22 14:50:11'),(29,1,14,2,1,1,2,NULL,NULL,NULL,'2023-09-22 14:50:37','2023-09-22 14:50:37'),(30,1,15,2,1,1,2,NULL,NULL,NULL,'2023-09-22 14:52:09','2023-09-22 14:52:09'),(31,1,16,2,1,1,2,NULL,NULL,NULL,'2023-09-22 14:52:20','2023-09-22 14:52:20'),(32,1,17,2,1,1,2,NULL,NULL,NULL,'2023-09-25 09:15:05','2023-09-25 09:15:05'),(33,1,19,2,1,1,2,NULL,NULL,NULL,'2023-09-25 09:20:15','2023-09-25 09:20:15'),(34,1,20,2,1,1,2,NULL,NULL,NULL,'2023-09-25 09:21:17','2023-09-25 09:21:17'),(35,1,21,2,1,1,2,NULL,NULL,NULL,'2023-09-25 09:22:25','2023-09-25 09:22:25'),(36,1,22,2,1,1,2,NULL,NULL,NULL,'2023-09-25 09:22:39','2023-09-25 09:22:39'),(37,1,23,2,1,1,2,NULL,NULL,NULL,'2023-09-25 09:23:14','2023-09-25 09:23:14'),(38,1,24,2,1,1,2,NULL,NULL,NULL,'2023-09-25 09:27:08','2023-09-25 09:27:08'),(39,1,26,2,1,1,2,NULL,NULL,NULL,'2023-09-25 09:29:16','2023-09-25 09:29:16'),(40,1,27,2,1,1,2,NULL,NULL,NULL,'2023-09-25 09:30:04','2023-09-25 09:30:04'),(41,1,29,2,1,1,2,NULL,NULL,NULL,'2023-09-25 09:31:59','2023-09-25 09:31:59'),(42,1,30,2,1,1,2,NULL,NULL,NULL,'2023-09-25 09:32:15','2023-09-25 09:32:15'),(43,1,31,2,1,1,2,NULL,NULL,NULL,'2023-09-25 09:33:08','2023-09-25 09:33:08'),(44,1,34,2,1,1,2,NULL,NULL,NULL,'2023-09-25 09:38:05','2023-09-25 09:38:05'),(45,1,35,2,1,1,2,NULL,NULL,NULL,'2023-09-25 09:39:12','2023-09-25 09:39:12'),(46,1,36,2,1,1,2,NULL,NULL,NULL,'2023-09-25 09:39:31','2023-09-25 09:39:31'),(47,1,37,2,1,1,2,NULL,NULL,NULL,'2023-09-25 09:43:02','2023-09-25 09:43:02'),(48,1,38,2,1,1,2,NULL,NULL,NULL,'2023-09-25 09:46:58','2023-09-25 09:46:58'),(49,1,39,2,1,1,2,NULL,NULL,NULL,'2023-09-25 09:55:29','2023-09-25 09:55:29'),(50,1,40,2,1,1,2,NULL,NULL,NULL,'2023-09-25 09:57:47','2023-09-25 09:57:47'),(51,1,41,2,1,1,2,NULL,NULL,NULL,'2023-09-25 09:58:39','2023-09-25 09:58:39'),(52,1,42,2,1,1,2,NULL,NULL,NULL,'2023-09-25 09:59:17','2023-09-25 09:59:17'),(53,1,43,2,1,1,2,NULL,NULL,NULL,'2023-09-25 10:00:34','2023-09-25 10:00:34'),(54,1,44,2,1,1,2,NULL,NULL,NULL,'2023-09-25 10:01:41','2023-09-25 10:01:41'),(55,1,45,2,1,1,2,NULL,NULL,NULL,'2023-09-25 10:02:33','2023-09-25 10:02:33'),(56,1,46,2,1,1,2,NULL,NULL,NULL,'2023-09-25 10:02:58','2023-09-25 10:02:58'),(57,1,47,2,1,1,2,NULL,NULL,NULL,'2023-09-25 10:03:34','2023-09-25 10:03:34'),(58,1,48,2,1,1,2,NULL,NULL,NULL,'2023-09-25 10:04:17','2023-09-25 10:04:17'),(59,3,49,2,1,1,3,NULL,2,NULL,'2023-09-25 10:05:42','2023-09-28 16:59:38'),(60,1,50,2,1,0,2,NULL,2,NULL,'2023-09-25 15:38:18','2023-09-28 13:24:12'),(61,4,49,3,1,1,2,NULL,NULL,NULL,'2023-09-27 12:32:55','2023-09-28 14:44:13'),(62,4,50,2,1,0,2,NULL,2,NULL,'2023-09-28 13:24:12','2023-09-28 13:52:08'),(63,3,50,2,1,0,2,NULL,2,NULL,'2023-09-28 13:52:08','2023-09-28 13:52:46'),(64,4,50,2,1,0,2,NULL,2,NULL,'2023-09-28 13:52:46','2023-09-28 13:56:36'),(65,3,50,2,1,0,2,NULL,2,NULL,'2023-09-28 13:56:36','2023-09-28 13:56:56'),(66,4,50,2,1,0,2,NULL,2,NULL,'2023-09-28 13:56:56','2023-09-28 13:59:55'),(68,3,50,2,1,0,2,NULL,2,NULL,'2023-09-28 13:59:16','2023-09-28 13:59:31'),(69,5,50,2,1,1,2,NULL,2,NULL,'2023-09-28 13:59:31','2023-10-02 15:15:00'),(70,3,50,2,1,0,2,NULL,2,NULL,'2023-09-28 13:59:55','2023-09-28 14:00:08'),(77,1,57,2,0,1,2,NULL,2,NULL,'2023-09-29 15:02:25','2023-10-26 17:07:24'),(78,1,58,2,0,1,2,NULL,2,NULL,'2023-09-29 15:03:02','2023-10-26 16:56:35'),(81,1,61,2,1,1,2,NULL,NULL,NULL,'2023-09-29 15:04:43','2023-09-29 15:04:43'),(83,1,63,2,1,1,2,NULL,NULL,NULL,'2023-09-29 15:05:13','2023-09-29 15:05:13'),(85,1,65,2,1,1,2,NULL,NULL,NULL,'2023-09-29 15:06:34','2023-09-29 15:06:34'),(86,1,66,2,1,1,2,NULL,2,NULL,'2023-09-29 15:09:47','2023-09-29 15:22:51'),(92,1,72,2,1,1,2,NULL,NULL,NULL,'2023-09-29 15:11:17','2023-09-29 15:11:17'),(93,3,66,2,1,1,2,NULL,NULL,NULL,'2023-09-29 15:22:51','2023-09-29 15:22:51'),(94,3,50,2,1,1,2,NULL,2,NULL,'2023-10-02 15:15:00','2023-10-06 08:37:20'),(95,3,74,2,1,1,2,NULL,NULL,NULL,'2023-10-03 09:13:31','2023-10-03 09:13:31'),(97,1,76,2,1,1,2,NULL,NULL,NULL,'2023-10-04 10:53:27','2023-10-04 10:53:27'),(98,7,50,2,1,1,2,NULL,NULL,NULL,'2023-10-06 08:43:06','2023-10-06 08:43:06'),(99,2,50,2,1,1,2,NULL,2,NULL,'2023-10-06 08:45:39','2023-10-06 08:45:48'),(100,8,50,2,1,1,2,NULL,NULL,NULL,'2023-10-06 08:45:48','2023-10-06 08:45:48'),(101,3,77,2,1,1,2,NULL,NULL,NULL,'2023-10-09 13:11:33','2023-10-09 13:11:33'),(102,3,78,2,1,1,2,NULL,NULL,NULL,'2023-10-09 13:12:50','2023-10-09 13:12:50'),(103,3,79,2,1,1,2,NULL,NULL,NULL,'2023-10-09 13:13:21','2023-10-09 13:13:21'),(104,3,80,2,1,1,2,NULL,NULL,NULL,'2023-10-09 13:14:51','2023-10-09 13:14:51'),(106,3,82,2,1,0,2,NULL,NULL,NULL,'2023-10-09 13:16:08','2023-10-10 11:04:49'),(107,3,83,2,1,1,2,NULL,NULL,NULL,'2023-10-09 13:16:22','2023-10-09 13:16:22'),(114,3,90,2,1,1,2,NULL,NULL,NULL,'2023-10-09 13:19:46','2023-10-09 13:19:46'),(115,3,91,2,1,1,2,NULL,NULL,NULL,'2023-10-09 13:20:13','2023-10-09 13:20:13'),(116,3,92,2,1,1,2,NULL,NULL,NULL,'2023-10-09 14:18:54','2023-10-09 14:18:54'),(117,3,91,2,1,1,2,NULL,NULL,NULL,'2023-10-09 14:28:54','2023-10-09 14:28:54'),(118,3,91,2,1,1,2,NULL,NULL,NULL,'2023-10-09 14:31:14','2023-10-09 14:31:14'),(119,3,91,2,1,1,2,NULL,NULL,NULL,'2023-10-09 14:31:29','2023-10-09 14:31:29'),(120,4,91,2,1,1,2,NULL,NULL,NULL,'2023-10-09 14:31:29','2023-10-09 14:31:29'),(125,3,91,2,1,1,2,NULL,NULL,NULL,'2023-10-09 14:40:24','2023-10-09 14:40:24'),(126,3,91,2,1,1,2,NULL,NULL,NULL,'2023-10-09 14:40:37','2023-10-09 14:40:37'),(127,7,91,2,1,1,2,NULL,NULL,NULL,'2023-10-09 14:40:37','2023-10-09 14:40:37'),(128,3,93,2,1,1,2,NULL,NULL,NULL,'2023-10-09 14:59:48','2023-10-09 14:59:48'),(129,7,93,2,1,1,2,NULL,NULL,NULL,'2023-10-09 14:59:48','2023-10-09 14:59:48'),(130,3,82,2,0,1,2,NULL,2,NULL,'2023-10-10 09:36:33','2023-10-10 10:16:57'),(157,7,82,2,0,1,2,NULL,2,NULL,'2023-10-10 10:09:28','2023-10-10 10:16:46'),(158,7,82,2,0,1,2,NULL,2,NULL,'2023-10-10 10:10:06','2023-10-10 10:16:46'),(159,7,82,2,0,1,2,NULL,2,NULL,'2023-10-10 10:11:17','2023-10-10 10:16:46'),(160,7,82,2,0,1,2,NULL,2,NULL,'2023-10-10 10:15:22','2023-10-10 10:16:46'),(161,7,82,2,1,1,2,NULL,NULL,NULL,'2023-10-10 10:16:46','2023-10-10 10:16:46'),(162,3,82,2,0,1,2,NULL,2,NULL,'2023-10-10 10:16:57','2023-10-10 10:28:59'),(168,3,82,2,0,1,2,NULL,2,NULL,'2023-10-10 10:28:59','2023-10-10 10:32:32'),(169,3,82,2,1,1,2,NULL,NULL,NULL,'2023-10-10 10:32:32','2023-10-10 10:32:32'),(170,2,82,2,1,1,2,NULL,NULL,NULL,'2023-10-10 10:32:32','2023-10-10 10:32:32'),(179,3,98,2,1,1,2,NULL,NULL,NULL,'2023-10-10 10:47:16','2023-10-10 10:47:16'),(180,2,98,2,1,1,2,NULL,NULL,NULL,'2023-10-10 10:47:16','2023-10-10 10:47:16'),(181,3,99,2,1,1,2,NULL,NULL,NULL,'2023-10-10 10:48:12','2023-10-10 10:48:12'),(182,2,99,2,1,1,2,NULL,NULL,NULL,'2023-10-10 10:48:12','2023-10-10 10:48:12'),(183,3,100,2,1,1,2,NULL,NULL,NULL,'2023-10-10 10:48:34','2023-10-10 10:48:34'),(184,2,100,2,1,1,2,NULL,NULL,NULL,'2023-10-10 10:48:34','2023-10-10 10:48:34'),(185,3,101,2,0,1,2,NULL,2,NULL,'2023-10-10 11:26:00','2023-10-10 11:43:38'),(186,2,101,2,0,1,2,NULL,2,NULL,'2023-10-10 11:26:00','2023-10-10 11:43:38'),(187,3,101,2,0,1,2,NULL,2,NULL,'2023-10-10 11:43:38','2023-10-10 11:45:18'),(188,2,101,2,0,1,2,NULL,2,NULL,'2023-10-10 11:43:38','2023-10-10 11:45:18'),(189,3,101,2,0,1,2,NULL,2,NULL,'2023-10-10 11:45:18','2023-10-10 11:51:40'),(190,2,101,2,0,1,2,NULL,2,NULL,'2023-10-10 11:45:18','2023-10-10 11:51:40'),(191,3,101,2,1,1,2,NULL,NULL,NULL,'2023-10-10 11:51:40','2023-10-10 11:51:40'),(192,2,101,2,1,1,2,NULL,NULL,NULL,'2023-10-10 11:51:40','2023-10-10 11:51:40'),(193,3,102,2,1,1,2,NULL,NULL,NULL,'2023-10-10 11:58:16','2023-10-10 11:58:16'),(194,2,102,2,1,1,2,NULL,NULL,NULL,'2023-10-10 11:58:16','2023-10-10 11:58:16'),(195,3,103,2,1,1,2,NULL,NULL,NULL,'2023-10-10 12:01:09','2023-10-10 12:01:09'),(196,2,103,2,1,1,2,NULL,NULL,NULL,'2023-10-10 12:01:09','2023-10-10 12:01:09'),(197,3,105,2,1,1,2,NULL,NULL,NULL,'2023-10-10 12:02:14','2023-10-10 12:02:14'),(198,2,105,2,1,1,2,NULL,NULL,NULL,'2023-10-10 12:02:14','2023-10-10 12:02:14'),(199,3,108,2,0,1,2,NULL,2,NULL,'2023-10-10 12:02:59','2023-10-10 12:04:58'),(200,2,108,2,0,1,2,NULL,2,NULL,'2023-10-10 12:02:59','2023-10-10 12:04:58'),(201,3,108,2,0,1,2,NULL,2,NULL,'2023-10-10 12:04:58','2023-10-10 12:06:29'),(202,2,108,2,0,1,2,NULL,2,NULL,'2023-10-10 12:04:58','2023-10-10 12:06:29'),(203,3,108,2,0,1,2,NULL,2,NULL,'2023-10-10 12:06:29','2023-10-10 12:08:33'),(204,2,108,2,0,1,2,NULL,2,NULL,'2023-10-10 12:06:29','2023-10-10 12:08:33'),(205,3,108,2,0,1,2,NULL,2,NULL,'2023-10-10 12:08:33','2023-10-10 12:08:47'),(206,2,108,2,0,1,2,NULL,2,NULL,'2023-10-10 12:08:33','2023-10-10 12:08:47'),(207,3,108,2,0,1,2,NULL,2,NULL,'2023-10-10 12:08:47','2023-10-10 12:11:05'),(208,2,108,2,0,1,2,NULL,2,NULL,'2023-10-10 12:08:47','2023-10-10 12:11:05'),(209,3,108,2,0,1,2,NULL,2,NULL,'2023-10-10 12:11:05','2023-10-10 12:13:54'),(210,2,108,2,0,1,2,NULL,2,NULL,'2023-10-10 12:11:05','2023-10-10 12:13:54'),(213,3,108,2,0,1,2,NULL,2,NULL,'2023-10-10 12:13:54','2023-10-10 12:22:48'),(214,2,108,2,0,1,2,NULL,2,NULL,'2023-10-10 12:13:54','2023-10-10 12:22:48'),(215,3,108,2,0,1,2,NULL,2,NULL,'2023-10-10 12:22:48','2023-10-10 12:23:21'),(216,2,108,2,0,1,2,NULL,2,NULL,'2023-10-10 12:22:48','2023-10-10 12:23:21'),(217,3,108,2,0,1,2,NULL,2,NULL,'2023-10-10 12:23:21','2023-10-10 12:24:50'),(218,2,108,2,0,1,2,NULL,2,NULL,'2023-10-10 12:23:21','2023-10-10 12:24:50'),(219,3,108,2,0,1,2,NULL,2,NULL,'2023-10-10 12:24:50','2023-10-10 12:25:10'),(220,2,108,2,0,1,2,NULL,2,NULL,'2023-10-10 12:24:50','2023-10-10 12:25:10'),(221,3,108,2,0,1,2,NULL,2,NULL,'2023-10-10 12:25:10','2023-10-10 12:25:53'),(222,2,108,2,0,1,2,NULL,2,NULL,'2023-10-10 12:25:10','2023-10-10 12:25:53'),(223,3,108,2,0,1,2,NULL,2,NULL,'2023-10-10 12:25:53','2023-10-10 12:26:50'),(224,2,108,2,0,1,2,NULL,2,NULL,'2023-10-10 12:25:53','2023-10-10 12:26:50'),(225,3,108,2,0,1,2,NULL,2,NULL,'2023-10-10 12:26:50','2023-10-10 12:33:39'),(226,2,108,2,0,1,2,NULL,2,NULL,'2023-10-10 12:26:50','2023-10-10 12:33:39'),(227,3,108,2,0,1,2,NULL,2,NULL,'2023-10-10 12:33:39','2023-10-10 12:34:13'),(228,2,108,2,0,1,2,NULL,2,NULL,'2023-10-10 12:33:39','2023-10-10 12:34:13'),(229,3,108,2,0,1,2,NULL,2,NULL,'2023-10-10 12:34:13','2023-10-10 12:35:40'),(230,2,108,2,0,1,2,NULL,2,NULL,'2023-10-10 12:34:13','2023-10-10 12:35:40'),(231,3,108,2,0,1,2,NULL,2,NULL,'2023-10-10 12:35:40','2023-10-10 12:36:06'),(232,2,108,2,0,1,2,NULL,2,NULL,'2023-10-10 12:35:40','2023-10-10 12:36:06'),(233,3,108,2,0,1,2,NULL,2,NULL,'2023-10-10 12:36:06','2023-10-10 12:36:57'),(234,2,108,2,0,1,2,NULL,2,NULL,'2023-10-10 12:36:06','2023-10-10 12:36:57'),(235,3,108,2,0,1,2,NULL,2,NULL,'2023-10-10 12:36:57','2023-10-10 12:37:21'),(236,2,108,2,0,1,2,NULL,2,NULL,'2023-10-10 12:36:57','2023-10-10 12:37:21'),(237,3,108,2,0,1,2,NULL,2,NULL,'2023-10-10 12:37:21','2023-10-10 12:38:41'),(238,2,108,2,0,1,2,NULL,2,NULL,'2023-10-10 12:37:21','2023-10-10 12:38:41'),(239,3,108,2,0,1,2,NULL,2,NULL,'2023-10-10 12:38:41','2023-10-10 12:39:33'),(240,2,108,2,0,1,2,NULL,2,NULL,'2023-10-10 12:38:41','2023-10-10 12:39:33'),(241,3,108,2,0,1,2,NULL,2,NULL,'2023-10-10 12:39:33','2023-10-10 12:40:00'),(242,2,108,2,0,1,2,NULL,2,NULL,'2023-10-10 12:39:33','2023-10-10 12:40:00'),(243,3,108,2,0,1,2,NULL,2,NULL,'2023-10-10 12:40:00','2023-10-10 12:40:22'),(244,2,108,2,0,1,2,NULL,2,NULL,'2023-10-10 12:40:00','2023-10-10 12:40:22'),(245,3,108,2,0,1,2,NULL,2,NULL,'2023-10-10 12:40:22','2023-10-10 12:40:46'),(246,2,108,2,0,1,2,NULL,2,NULL,'2023-10-10 12:40:22','2023-10-10 12:40:46'),(247,3,108,2,0,1,2,NULL,2,NULL,'2023-10-10 12:40:46','2023-10-10 12:42:04'),(248,2,108,2,0,1,2,NULL,2,NULL,'2023-10-10 12:40:46','2023-10-10 12:42:04'),(249,3,108,2,0,1,2,NULL,2,NULL,'2023-10-10 12:42:04','2023-10-10 12:42:31'),(250,2,108,2,0,1,2,NULL,2,NULL,'2023-10-10 12:42:04','2023-10-10 12:42:31'),(251,3,108,2,0,1,2,NULL,2,NULL,'2023-10-10 12:42:31','2023-10-10 12:43:39'),(252,2,108,2,0,1,2,NULL,2,NULL,'2023-10-10 12:42:31','2023-10-10 12:43:39'),(253,3,108,2,0,1,2,NULL,2,NULL,'2023-10-10 12:43:39','2023-10-10 12:43:48'),(254,2,108,2,0,1,2,NULL,2,NULL,'2023-10-10 12:43:39','2023-10-10 12:43:48'),(255,3,108,2,0,1,2,NULL,2,NULL,'2023-10-10 12:43:48','2023-10-10 12:43:57'),(256,2,108,2,0,1,2,NULL,2,NULL,'2023-10-10 12:43:48','2023-10-10 12:43:57'),(257,3,108,2,0,1,2,NULL,2,NULL,'2023-10-10 12:43:57','2023-10-10 12:44:18'),(258,2,108,2,0,1,2,NULL,2,NULL,'2023-10-10 12:43:57','2023-10-10 12:44:18'),(259,3,108,2,0,1,2,NULL,2,NULL,'2023-10-10 12:44:18','2023-10-10 12:44:43'),(260,2,108,2,0,1,2,NULL,2,NULL,'2023-10-10 12:44:18','2023-10-10 12:44:43'),(261,3,108,2,0,1,2,NULL,2,NULL,'2023-10-10 12:44:43','2023-10-10 12:44:59'),(262,2,108,2,0,1,2,NULL,2,NULL,'2023-10-10 12:44:43','2023-10-10 12:44:59'),(263,3,108,2,0,1,2,NULL,2,NULL,'2023-10-10 12:44:59','2023-10-10 12:45:12'),(264,2,108,2,0,1,2,NULL,2,NULL,'2023-10-10 12:44:59','2023-10-10 12:45:12'),(265,3,108,2,1,1,2,NULL,NULL,NULL,'2023-10-10 12:45:12','2023-10-10 12:45:12'),(266,2,108,2,1,1,2,NULL,NULL,NULL,'2023-10-10 12:45:12','2023-10-10 12:45:12'),(267,3,109,2,1,1,2,NULL,NULL,NULL,'2023-10-10 13:22:33','2023-10-10 13:22:33'),(268,2,109,2,1,1,2,NULL,NULL,NULL,'2023-10-10 13:22:33','2023-10-10 13:22:33'),(271,3,111,2,1,1,2,NULL,NULL,NULL,'2023-10-10 13:26:26','2023-10-10 13:26:26'),(272,2,111,2,1,1,2,NULL,NULL,NULL,'2023-10-10 13:26:26','2023-10-10 13:26:26'),(273,3,112,2,1,1,2,NULL,NULL,NULL,'2023-10-10 13:29:46','2023-10-10 13:29:46'),(274,2,112,2,1,1,2,NULL,NULL,NULL,'2023-10-10 13:29:46','2023-10-10 13:29:46'),(275,3,113,2,1,1,2,NULL,NULL,NULL,'2023-10-10 13:32:08','2023-10-10 13:32:08'),(276,2,113,2,1,1,2,NULL,NULL,NULL,'2023-10-10 13:32:08','2023-10-10 13:32:08'),(277,3,114,2,1,1,2,NULL,NULL,NULL,'2023-10-10 13:32:45','2023-10-10 13:32:45'),(278,2,114,2,1,1,2,NULL,NULL,NULL,'2023-10-10 13:32:45','2023-10-10 13:32:45'),(279,3,115,2,1,1,2,NULL,NULL,NULL,'2023-10-10 13:40:26','2023-10-10 13:40:26'),(280,2,115,2,1,1,2,NULL,NULL,NULL,'2023-10-10 13:40:26','2023-10-10 13:40:26'),(281,3,116,2,0,1,2,NULL,2,NULL,'2023-10-10 13:43:56','2023-10-10 13:50:48'),(282,2,116,2,0,1,2,NULL,2,NULL,'2023-10-10 13:43:56','2023-10-10 13:50:48'),(287,3,116,2,0,1,2,NULL,2,NULL,'2023-10-10 13:50:48','2023-10-10 14:00:17'),(288,2,116,2,0,1,2,NULL,2,NULL,'2023-10-10 13:50:48','2023-10-10 14:00:17'),(301,7,120,2,1,1,2,NULL,NULL,NULL,'2023-10-10 13:55:21','2023-10-10 13:55:21'),(302,3,120,2,1,1,2,NULL,NULL,NULL,'2023-10-10 13:55:21','2023-10-10 13:55:21'),(303,7,121,2,1,1,2,NULL,NULL,NULL,'2023-10-10 13:55:31','2023-10-10 13:55:31'),(304,3,121,2,1,1,2,NULL,NULL,NULL,'2023-10-10 13:55:31','2023-10-10 13:55:31'),(305,7,122,2,1,1,2,NULL,NULL,NULL,'2023-10-10 13:55:33','2023-10-10 13:55:33'),(306,3,122,2,1,1,2,NULL,NULL,NULL,'2023-10-10 13:55:33','2023-10-10 13:55:33'),(307,7,123,2,1,1,2,NULL,NULL,NULL,'2023-10-10 13:56:53','2023-10-10 13:56:53'),(308,3,123,2,1,1,2,NULL,NULL,NULL,'2023-10-10 13:56:53','2023-10-10 13:56:53'),(309,7,124,2,1,1,2,NULL,NULL,NULL,'2023-10-10 13:57:15','2023-10-10 13:57:15'),(310,3,124,2,1,1,2,NULL,NULL,NULL,'2023-10-10 13:57:15','2023-10-10 13:57:15'),(313,3,116,2,0,1,2,NULL,2,NULL,'2023-10-10 14:00:17','2023-10-10 14:00:34'),(314,2,116,2,0,1,2,NULL,2,NULL,'2023-10-10 14:00:17','2023-10-10 14:00:34'),(315,3,116,2,0,1,2,NULL,2,NULL,'2023-10-10 14:00:34','2023-10-10 14:01:17'),(316,2,116,2,0,1,2,NULL,2,NULL,'2023-10-10 14:00:34','2023-10-10 14:01:17'),(317,3,116,2,0,1,2,NULL,2,NULL,'2023-10-10 14:01:17','2023-10-10 14:01:35'),(318,2,116,2,0,1,2,NULL,2,NULL,'2023-10-10 14:01:17','2023-10-10 14:01:35'),(319,3,116,2,0,1,2,NULL,2,NULL,'2023-10-10 14:01:35','2023-10-10 14:01:43'),(320,2,116,2,0,1,2,NULL,2,NULL,'2023-10-10 14:01:35','2023-10-10 14:01:43'),(321,3,116,2,0,1,2,NULL,2,NULL,'2023-10-10 14:01:43','2023-10-10 14:04:09'),(322,2,116,2,0,1,2,NULL,2,NULL,'2023-10-10 14:01:43','2023-10-10 14:04:09'),(323,7,125,2,1,1,2,NULL,NULL,NULL,'2023-10-10 14:02:46','2023-10-10 14:02:46'),(324,3,125,2,1,1,2,NULL,NULL,NULL,'2023-10-10 14:02:46','2023-10-10 14:02:46'),(325,7,126,2,1,1,2,NULL,NULL,NULL,'2023-10-10 14:02:51','2023-10-10 14:02:51'),(326,3,126,2,1,1,2,NULL,NULL,NULL,'2023-10-10 14:02:51','2023-10-10 14:02:51'),(327,7,127,2,1,1,2,NULL,NULL,NULL,'2023-10-10 14:02:55','2023-10-10 14:02:55'),(328,3,127,2,1,1,2,NULL,NULL,NULL,'2023-10-10 14:02:55','2023-10-10 14:02:55'),(329,7,128,2,1,1,2,NULL,NULL,NULL,'2023-10-10 14:03:00','2023-10-10 14:03:00'),(330,3,128,2,1,1,2,NULL,NULL,NULL,'2023-10-10 14:03:00','2023-10-10 14:03:00'),(331,7,129,2,1,1,2,NULL,NULL,NULL,'2023-10-10 14:03:15','2023-10-10 14:03:15'),(332,3,129,2,1,1,2,NULL,NULL,NULL,'2023-10-10 14:03:15','2023-10-10 14:03:15'),(333,7,130,2,1,1,2,NULL,NULL,NULL,'2023-10-10 14:03:26','2023-10-10 14:03:26'),(334,3,130,2,1,1,2,NULL,NULL,NULL,'2023-10-10 14:03:26','2023-10-10 14:03:26'),(335,7,131,2,1,1,2,NULL,NULL,NULL,'2023-10-10 14:03:29','2023-10-10 14:03:29'),(336,3,131,2,1,1,2,NULL,NULL,NULL,'2023-10-10 14:03:29','2023-10-10 14:03:29'),(337,7,132,2,1,1,2,NULL,NULL,NULL,'2023-10-10 14:03:31','2023-10-10 14:03:31'),(338,3,132,2,1,1,2,NULL,NULL,NULL,'2023-10-10 14:03:31','2023-10-10 14:03:31'),(339,7,133,2,1,1,2,NULL,NULL,NULL,'2023-10-10 14:03:33','2023-10-10 14:03:33'),(340,3,133,2,1,1,2,NULL,NULL,NULL,'2023-10-10 14:03:33','2023-10-10 14:03:33'),(341,3,116,2,0,1,2,NULL,2,NULL,'2023-10-10 14:04:09','2023-10-10 14:04:15'),(342,2,116,2,0,1,2,NULL,2,NULL,'2023-10-10 14:04:09','2023-10-10 14:04:15'),(343,3,116,2,1,1,2,NULL,NULL,NULL,'2023-10-10 14:04:15','2023-10-10 14:04:15'),(344,2,116,2,1,1,2,NULL,NULL,NULL,'2023-10-10 14:04:15','2023-10-10 14:04:15'),(345,3,134,2,1,1,2,NULL,NULL,NULL,'2023-10-10 14:05:19','2023-10-10 14:05:19'),(346,2,134,2,1,1,2,NULL,NULL,NULL,'2023-10-10 14:05:19','2023-10-10 14:05:19'),(347,3,135,2,1,1,2,NULL,NULL,NULL,'2023-10-10 14:05:30','2023-10-10 14:05:30'),(348,2,135,2,1,1,2,NULL,NULL,NULL,'2023-10-10 14:05:30','2023-10-10 14:05:30'),(349,3,136,2,1,1,2,NULL,NULL,NULL,'2023-10-10 14:05:34','2023-10-10 14:05:34'),(350,2,136,2,1,1,2,NULL,NULL,NULL,'2023-10-10 14:05:34','2023-10-10 14:05:34'),(355,3,139,2,1,1,2,NULL,NULL,NULL,'2023-10-10 14:09:42','2023-10-10 14:09:42'),(356,2,139,2,1,1,2,NULL,NULL,NULL,'2023-10-10 14:09:42','2023-10-10 14:09:42'),(359,3,141,2,1,1,2,NULL,NULL,NULL,'2023-10-10 14:13:49','2023-10-10 14:13:49'),(360,2,141,2,1,1,2,NULL,NULL,NULL,'2023-10-10 14:13:49','2023-10-10 14:13:49'),(361,3,142,2,0,1,2,NULL,2,NULL,'2023-10-10 14:14:01','2023-10-10 14:25:41'),(362,2,142,2,0,1,2,NULL,2,NULL,'2023-10-10 14:14:01','2023-10-10 14:25:41'),(363,3,142,2,1,1,2,NULL,NULL,NULL,'2023-10-10 14:25:41','2023-10-10 14:25:41'),(364,2,142,2,1,1,2,NULL,NULL,NULL,'2023-10-10 14:25:41','2023-10-10 14:25:41'),(365,7,143,2,1,1,2,NULL,NULL,NULL,'2023-10-10 14:26:42','2023-10-10 14:26:42'),(366,3,143,2,1,1,2,NULL,NULL,NULL,'2023-10-10 14:26:42','2023-10-10 14:26:42'),(367,7,144,2,0,1,2,NULL,2,NULL,'2023-10-10 14:49:44','2023-10-13 15:05:49'),(368,3,144,2,0,1,2,NULL,2,NULL,'2023-10-10 14:49:44','2023-10-11 08:21:53'),(369,3,144,2,0,1,2,NULL,2,NULL,'2023-10-11 08:21:53','2023-10-11 08:22:05'),(370,2,144,2,0,1,2,NULL,2,NULL,'2023-10-11 08:21:53','2023-10-11 08:22:05'),(371,3,144,2,0,1,2,NULL,2,NULL,'2023-10-11 08:22:05','2023-10-13 15:05:49'),(372,2,144,2,0,1,2,NULL,2,NULL,'2023-10-11 08:22:05','2023-10-13 15:05:49'),(373,3,145,2,1,1,2,NULL,NULL,NULL,'2023-10-11 08:23:49','2023-10-11 08:23:49'),(374,2,145,2,1,1,2,NULL,NULL,NULL,'2023-10-11 08:23:49','2023-10-11 08:23:49'),(375,3,146,2,1,1,2,NULL,NULL,NULL,'2023-10-11 13:44:00','2023-10-11 13:44:00'),(376,2,146,2,1,1,2,NULL,NULL,NULL,'2023-10-11 13:44:00','2023-10-11 13:44:00'),(377,3,147,2,0,1,2,NULL,2,NULL,'2023-10-11 13:44:06','2023-10-11 13:46:31'),(378,2,147,2,0,1,2,NULL,2,NULL,'2023-10-11 13:44:06','2023-10-11 13:46:31'),(379,3,147,2,1,1,2,NULL,NULL,NULL,'2023-10-11 13:46:31','2023-10-11 13:46:31'),(380,2,147,2,1,1,2,NULL,NULL,NULL,'2023-10-11 13:46:31','2023-10-11 13:46:31'),(381,3,144,2,0,1,2,NULL,2,NULL,'2023-10-13 15:09:34','2023-10-13 15:11:47'),(382,3,144,2,0,1,2,NULL,2,NULL,'2023-10-13 15:11:47','2023-10-13 15:12:01'),(383,5,144,2,0,1,2,NULL,2,NULL,'2023-10-13 15:12:01','2023-10-23 13:57:04'),(384,4,144,2,0,1,2,NULL,2,NULL,'2023-10-13 15:12:01','2023-10-23 13:57:04'),(385,2,253,2,1,1,2,NULL,NULL,NULL,'2023-10-19 19:49:35','2023-10-19 19:49:35'),(386,3,253,2,1,1,2,NULL,NULL,NULL,'2023-10-19 19:49:35','2023-10-19 19:49:35'),(387,2,254,2,1,1,2,NULL,NULL,NULL,'2023-10-19 19:49:47','2023-10-19 19:49:47'),(388,2,250,2,0,1,2,NULL,2,NULL,'2023-10-19 19:50:04','2023-10-19 19:50:12'),(389,2,250,2,0,1,2,NULL,2,NULL,'2023-10-19 19:50:12','2023-10-19 19:50:21'),(390,3,250,2,0,1,2,NULL,2,NULL,'2023-10-19 19:50:12','2023-10-19 19:50:21'),(391,3,250,2,1,1,2,NULL,NULL,NULL,'2023-10-19 19:50:21','2023-10-19 19:50:21'),(392,3,256,2,1,1,2,NULL,NULL,NULL,'2023-10-20 11:41:51','2023-10-20 11:41:51'),(393,3,260,2,1,1,2,NULL,NULL,NULL,'2023-10-20 13:17:43','2023-10-20 13:17:43'),(394,2,144,2,0,0,2,NULL,NULL,NULL,'2023-10-23 13:57:14','2023-10-26 12:17:21'),(395,3,144,2,0,1,2,NULL,2,NULL,'2023-10-23 13:57:14','2023-10-26 10:14:52'),(396,2,261,2,1,1,2,NULL,NULL,NULL,'2023-10-23 14:09:34','2023-10-23 14:09:34'),(397,3,261,2,1,1,2,NULL,NULL,NULL,'2023-10-23 14:09:34','2023-10-23 14:09:34'),(398,2,262,2,1,1,2,NULL,NULL,NULL,'2023-10-25 14:19:18','2023-10-25 14:19:18'),(399,3,262,2,1,1,2,NULL,NULL,NULL,'2023-10-25 14:19:18','2023-10-25 14:19:18'),(400,2,263,2,1,1,2,NULL,NULL,NULL,'2023-10-25 14:23:19','2023-10-25 14:23:19'),(401,3,263,2,1,1,2,NULL,NULL,NULL,'2023-10-25 14:23:19','2023-10-25 14:23:19'),(402,2,265,2,1,1,2,NULL,NULL,NULL,'2023-10-25 14:29:39','2023-10-25 14:29:39'),(403,3,265,2,1,1,2,NULL,NULL,NULL,'2023-10-25 14:29:39','2023-10-25 14:29:39'),(404,2,266,2,1,1,2,NULL,NULL,NULL,'2023-10-25 14:42:16','2023-10-25 14:42:16'),(405,3,266,2,1,1,2,NULL,NULL,NULL,'2023-10-25 14:42:16','2023-10-25 14:42:16'),(406,2,267,2,1,1,2,NULL,NULL,NULL,'2023-10-25 14:43:15','2023-10-25 14:43:15'),(407,3,267,2,1,1,2,NULL,NULL,NULL,'2023-10-25 14:43:15','2023-10-25 14:43:15'),(408,2,268,2,0,1,2,NULL,2,NULL,'2023-10-25 14:52:09','2023-10-25 14:52:57'),(409,3,268,2,0,1,2,NULL,2,NULL,'2023-10-25 14:52:09','2023-10-25 14:52:57'),(410,2,268,2,1,1,2,NULL,NULL,NULL,'2023-10-25 14:52:57','2023-10-25 14:52:57'),(411,3,268,2,1,1,2,NULL,NULL,NULL,'2023-10-25 14:52:57','2023-10-25 14:52:57'),(412,3,144,2,0,1,2,NULL,2,NULL,'2023-10-26 10:14:52','2023-10-26 10:16:52'),(413,3,144,2,0,1,2,NULL,2,NULL,'2023-10-26 10:16:52','2023-10-26 10:17:23'),(414,3,144,2,0,1,2,NULL,2,NULL,'2023-10-26 10:17:23','2023-10-26 10:17:43'),(415,2,144,2,0,1,2,NULL,2,NULL,'2023-10-26 10:17:43','2023-10-26 10:21:06'),(416,3,144,2,0,1,2,NULL,2,NULL,'2023-10-26 10:17:43','2023-10-26 10:18:14'),(417,3,144,2,0,1,2,NULL,2,NULL,'2023-10-26 10:18:14','2023-10-26 10:21:06'),(418,7,144,2,0,1,2,NULL,2,NULL,'2023-10-26 10:21:06','2023-10-26 10:33:15'),(419,3,144,2,0,1,2,NULL,2,NULL,'2023-10-26 10:21:06','2023-10-26 10:33:15'),(420,112,144,2,0,1,2,NULL,2,NULL,'2023-10-26 10:28:03','2023-10-26 10:30:08'),(421,112,144,2,0,1,2,NULL,2,NULL,'2023-10-26 10:30:09','2023-10-26 10:30:51'),(422,112,144,2,0,1,2,NULL,2,NULL,'2023-10-26 10:30:51','2023-10-26 10:33:15'),(423,112,144,2,0,1,2,NULL,2,NULL,'2023-10-26 10:33:15','2023-10-26 10:33:37'),(424,111,144,2,1,1,2,NULL,NULL,NULL,'2023-10-26 10:33:37','2023-10-26 10:33:37'),(425,112,144,2,1,1,2,NULL,NULL,NULL,'2023-10-26 10:33:37','2023-10-26 10:33:37'),(426,2,58,2,0,1,2,NULL,2,NULL,'2023-10-26 16:56:35','2023-10-27 08:44:05'),(427,3,58,2,0,1,2,NULL,2,NULL,'2023-10-26 16:56:35','2023-10-27 08:44:05'),(428,7,58,2,0,1,2,NULL,2,NULL,'2023-10-26 16:56:35','2023-10-27 08:44:05'),(429,2,57,2,0,1,2,NULL,2,NULL,'2023-10-26 17:07:24','2023-10-26 17:08:14'),(430,3,57,2,0,1,2,NULL,2,NULL,'2023-10-26 17:07:24','2023-10-26 17:08:14'),(431,7,57,2,0,1,2,NULL,2,NULL,'2023-10-26 17:07:24','2023-10-26 17:08:14'),(432,2,57,2,0,1,2,NULL,2,NULL,'2023-10-26 17:08:14','2023-10-26 17:08:46'),(433,3,57,2,0,1,2,NULL,2,NULL,'2023-10-26 17:08:14','2023-10-26 17:08:46'),(434,7,57,2,0,1,2,NULL,2,NULL,'2023-10-26 17:08:14','2023-10-26 17:08:46'),(435,3,57,2,0,1,2,NULL,2,NULL,'2023-10-26 17:08:46','2023-10-26 17:10:12'),(436,3,57,2,0,1,2,NULL,2,NULL,'2023-10-26 17:10:12','2023-10-26 17:10:33'),(437,3,57,2,0,1,2,NULL,2,NULL,'2023-10-26 17:10:33','2023-10-26 17:10:42'),(438,7,57,2,0,1,2,NULL,2,NULL,'2023-10-26 17:10:33','2023-10-26 17:10:42'),(439,3,57,2,0,1,2,NULL,2,NULL,'2023-10-26 17:10:42','2023-10-27 13:35:09'),(440,7,58,2,1,1,2,NULL,NULL,NULL,'2023-10-27 08:44:05','2023-10-27 08:44:05'),(441,3,269,2,1,1,2,NULL,NULL,NULL,'2023-10-27 09:13:04','2023-10-27 09:13:04'),(442,3,57,2,1,1,2,NULL,NULL,NULL,'2023-10-27 13:35:09','2023-10-27 13:35:09'),(443,7,57,2,1,1,2,NULL,NULL,NULL,'2023-10-27 13:35:09','2023-10-27 13:35:09');

--
-- Table structure for table `ticket_attachment_types`
--

CREATE TABLE `ticket_attachment_types` (
  `id` bigint(20) unsigned NOT NULL AUTO_INCREMENT,
  `name` varchar(255) DEFAULT NULL,
  `active` tinyint(4) NOT NULL DEFAULT 1,
  `id_user` bigint(20) unsigned DEFAULT NULL COMMENT '// Id korisnika koji je kreirao zapis',
  `ip_address` varchar(15) DEFAULT NULL,
  `id_user_modified` bigint(20) unsigned DEFAULT NULL COMMENT '// Id korisnika koji je uradio poslednju izmenu',
  `ip_address_modified` varchar(15) DEFAULT NULL COMMENT '// Id korisnika koji je posednji izvršio izmene',
  `created_at` datetime NOT NULL DEFAULT current_timestamp() COMMENT '// Datum i vreme dodele',
  `updated_at` datetime DEFAULT NULL ON UPDATE current_timestamp() COMMENT '// Datum i vreme poslednje izmene zapisa',
  PRIMARY KEY (`id`)
) ENGINE=InnoDB AUTO_INCREMENT=6 DEFAULT CHARSET=utf8mb4 COMMENT='// Tip attachmenta (slika, video, pdf)';

--
-- Dumping data for table `ticket_attachment_types`
--

INSERT INTO `ticket_attachment_types` VALUES (1,'Slika',1,NULL,NULL,NULL,NULL,'2023-09-13 16:16:50',NULL),(2,'Video',1,NULL,NULL,NULL,NULL,'2023-09-13 16:16:50',NULL),(3,'Pdf',1,NULL,NULL,NULL,NULL,'2023-09-13 16:16:50',NULL),(4,'xls',1,NULL,NULL,2,NULL,'2023-10-09 10:40:29','2023-10-18 16:11:05'),(5,'doc',1,NULL,NULL,NULL,NULL,'2023-10-09 13:42:37','2023-10-09 13:42:37');

--
-- Table structure for table `ticket_attachments`
--

CREATE TABLE `ticket_attachments` (
  `id` bigint(20) unsigned NOT NULL AUTO_INCREMENT,
  `attachment_type_id` bigint(20) unsigned DEFAULT NULL COMMENT '// ID tipa attachmenta',
  `comment_id` bigint(20) unsigned DEFAULT NULL COMMENT '// ID komentara tiketa',
  `name` varchar(255) DEFAULT NULL COMMENT '// naziv fajla',
  `content` varchar(255) DEFAULT NULL COMMENT '// Url do fajla',
  `size` int(11) DEFAULT NULL,
  `status` tinyint(4) NOT NULL DEFAULT 1 COMMENT '1) Iz ticket baze 0) iz Idrivy baze',
  `active` tinyint(4) NOT NULL DEFAULT 1,
  `id_user` bigint(20) unsigned DEFAULT NULL COMMENT '// Id korisnika koji je kreirao zapis',
  `ip_address` varchar(15) DEFAULT NULL COMMENT '// Id korisnika koji je kreirao zapis',
  `id_user_modified` bigint(20) unsigned DEFAULT NULL COMMENT '// Id korisnika koji je uradio poslednju izmenu',
  `ip_address_modified` varchar(15) DEFAULT NULL COMMENT '// Id korisnika koji je posednji izvršio izmene',
  `created_at` datetime NOT NULL DEFAULT current_timestamp() COMMENT '// Datum i vreme kreiranja zapisa',
  `updated_at` datetime DEFAULT NULL ON UPDATE current_timestamp() COMMENT '// Datum i vreme poslednje izmene zapisa',
  PRIMARY KEY (`id`)
) ENGINE=InnoDB AUTO_INCREMENT=444 DEFAULT CHARSET=utf8mb4 COMMENT='// Prilozi uz poruku';

--
-- Dumping data for table `ticket_attachments`
--

INSERT INTO `ticket_attachments` VALUES (1,1,1,NULL,'/upload/2023/09/s_123654789.jpg',NULL,1,1,2,NULL,NULL,NULL,'2023-09-18 09:18:42','2023-09-18 09:18:42'),(2,2,1,NULL,'/upload/2023/09/v_123654789.mp4',NULL,1,1,2,NULL,NULL,NULL,'2023-09-18 09:18:42','2023-09-18 09:18:42'),(3,1,2,NULL,'/upload/2023/09/s_123654789.jpg',NULL,1,1,2,NULL,NULL,NULL,'2023-09-18 09:22:27','2023-09-18 09:22:27'),(4,2,2,NULL,'/upload/2023/09/v_123654789.mp4',NULL,1,1,2,NULL,NULL,NULL,'2023-09-18 09:22:27','2023-09-18 09:22:27'),(5,1,3,NULL,'/upload/2023/09/s_123654789.jpg',NULL,1,1,2,NULL,NULL,NULL,'2023-09-22 09:11:45','2023-09-22 09:11:45'),(6,2,3,NULL,'/upload/2023/09/v_123654789.mp4',NULL,1,1,2,NULL,NULL,NULL,'2023-09-22 09:11:45','2023-09-22 09:11:45'),(7,1,4,NULL,'/upload/2023/09/s_123654789.jpg',NULL,1,1,3,NULL,NULL,NULL,'2023-09-22 09:22:46','2023-09-22 09:22:46'),(8,2,4,NULL,'/upload/2023/09/v_123654789.mp4',NULL,1,1,3,NULL,NULL,NULL,'2023-09-22 09:22:46','2023-09-22 09:22:46'),(12,1,10,NULL,'/upload/2023/09/s_123654789.jpg',NULL,1,1,3,NULL,NULL,NULL,'2023-09-22 11:03:16','2023-09-22 11:03:16'),(13,2,10,NULL,'',NULL,1,1,3,NULL,NULL,NULL,'2023-09-22 11:03:16','2023-09-22 11:03:16'),(14,1,11,NULL,'/upload/2023/09/s_123654789.jpg',NULL,1,1,3,NULL,NULL,NULL,'2023-09-22 11:05:20','2023-09-22 11:05:20'),(15,1,12,NULL,'/upload/2023/09/s_123654789.jpg',NULL,1,1,3,NULL,NULL,NULL,'2023-09-22 14:50:11','2023-09-22 14:50:11'),(16,1,13,NULL,'/upload/2023/09/s_123654789.jpg',NULL,1,1,3,NULL,NULL,NULL,'2023-09-22 14:50:37','2023-09-22 14:50:37'),(17,1,14,NULL,'/upload/2023/09/s_123654789.jpg',NULL,1,1,3,NULL,NULL,NULL,'2023-09-22 14:52:09','2023-09-22 14:52:09'),(18,1,15,NULL,'/upload/2023/09/s_123654789.jpg',NULL,1,1,3,NULL,NULL,NULL,'2023-09-22 14:52:20','2023-09-22 14:52:20'),(19,1,21,NULL,'images/2023/09/23/23_21_0.',NULL,1,1,3,NULL,NULL,NULL,'2023-09-25 09:23:14','2023-09-25 09:23:14'),(20,1,42,NULL,'images/2023/09/44/44_42_0.',NULL,1,1,3,NULL,NULL,NULL,'2023-09-25 10:01:41','2023-09-25 10:01:41'),(21,1,47,NULL,'images/2023/09/49/49_47_0.png',NULL,1,1,3,NULL,NULL,NULL,'2023-09-25 10:05:42','2023-09-25 10:05:42'),(22,1,49,NULL,'images/2023/09/49/49_49_0.png',NULL,1,1,3,NULL,NULL,NULL,'2023-09-25 12:35:26','2023-10-11 16:08:53'),(23,1,49,NULL,'images/2023/09/49/49_49_1.jpeg',NULL,1,1,3,NULL,NULL,NULL,'2023-09-25 12:35:26','2023-10-11 16:08:53'),(24,1,50,NULL,'images/2023/09/49//50/49_50_0.png',NULL,1,1,3,NULL,NULL,NULL,'2023-09-25 12:37:25','2023-09-25 12:37:25'),(25,1,50,NULL,'images/2023/09/49//50//50/49_50_1.jpeg',NULL,1,1,3,NULL,NULL,NULL,'2023-09-25 12:37:25','2023-09-25 12:37:25'),(26,1,51,NULL,'images/2023/09/49/51/49_51_0.png',NULL,1,1,3,NULL,NULL,NULL,'2023-09-25 12:38:12','2023-09-25 12:38:12'),(27,1,51,NULL,'images/2023/09/49/51/49_51_1.jpeg',NULL,1,1,3,NULL,NULL,NULL,'2023-09-25 12:38:12','2023-09-25 12:38:12'),(28,1,52,NULL,'images/2023/09/49/52/49_52_0.png',NULL,1,1,3,NULL,NULL,NULL,'2023-09-25 12:56:06','2023-09-25 12:56:06'),(29,1,52,NULL,'images/2023/09/49/52/49_52_1.jpeg',NULL,1,1,3,NULL,NULL,NULL,'2023-09-25 12:56:06','2023-09-25 12:56:06'),(30,1,53,NULL,'images/2023/09/50/53/50_53_0.png',NULL,1,1,3,NULL,NULL,NULL,'2023-09-25 15:38:18','2023-09-25 15:38:18'),(31,NULL,NULL,NULL,NULL,NULL,1,1,23,NULL,NULL,NULL,'2023-10-09 13:49:51','2023-10-09 13:49:51'),(32,NULL,NULL,NULL,NULL,NULL,1,1,2,NULL,NULL,NULL,'2023-10-09 13:51:51','2023-10-09 13:51:51'),(33,1,50,NULL,NULL,NULL,1,1,2,NULL,NULL,NULL,'2023-10-09 13:52:53','2023-10-09 13:52:53'),(34,1,50,NULL,NULL,NULL,1,1,2,NULL,NULL,NULL,'2023-10-09 13:54:31','2023-10-09 13:54:31'),(35,1,113,NULL,'images/2023/10/108/113/108_113_0.jpeg',NULL,1,0,23,NULL,2,NULL,'2023-10-10 12:02:59','2023-10-10 12:24:50'),(40,1,113,NULL,'images/2023/10/108/113/108_113_0.jpeg',NULL,1,0,23,NULL,NULL,NULL,'2023-10-10 12:23:21','2023-10-10 14:26:46'),(43,1,113,NULL,'images/2023/10/108/113/108_113_0.jpeg',NULL,1,0,23,NULL,2,NULL,'2023-10-10 12:24:50','2023-10-10 12:25:10'),(44,1,113,NULL,'images/2023/10/108/113/108_113_0.jpeg',NULL,1,0,23,NULL,NULL,NULL,'2023-10-10 12:25:10','2023-10-10 14:26:46'),(45,1,113,NULL,'images/2023/10/108/113/108_113_0.jpeg',NULL,1,0,23,NULL,NULL,NULL,'2023-10-10 12:25:53','2023-10-10 14:26:46'),(46,1,113,NULL,'images/2023/10/108/113/108_113_1.jpeg',NULL,1,0,23,NULL,NULL,NULL,'2023-10-10 12:25:53','2023-10-10 14:26:46'),(47,1,113,NULL,'images/2023/10/108/113/108_113_0.jpeg',NULL,1,0,23,NULL,NULL,NULL,'2023-10-10 12:26:50','2023-10-10 14:34:08'),(48,1,113,NULL,'images/2023/10/108/113/108_113_1.jpeg',NULL,1,0,23,NULL,NULL,NULL,'2023-10-10 12:26:50','2023-10-10 14:34:08'),(49,1,113,NULL,'images/2023/10/108/113/108_113_0_1696941340.jpeg',NULL,1,0,23,NULL,2,NULL,'2023-10-10 12:35:40','2023-10-10 12:40:00'),(50,1,113,NULL,'images/2023/10/108/113/108_113_1_1696941340.jpeg',NULL,1,0,23,NULL,2,NULL,'2023-10-10 12:35:40','2023-10-10 12:40:00'),(51,1,113,NULL,'images/2023/10/108/113/108_113_0_1696941366.jpeg',NULL,1,0,23,NULL,2,NULL,'2023-10-10 12:36:06','2023-10-10 12:40:00'),(52,1,113,NULL,'images/2023/10/108/113/108_113_0_1696941417.jpeg',NULL,1,0,23,NULL,2,NULL,'2023-10-10 12:36:57','2023-10-10 12:40:00'),(53,1,113,NULL,'images/2023/10/108/113/108_113_0_1696941441.jpeg',NULL,1,0,23,NULL,2,NULL,'2023-10-10 12:37:21','2023-10-10 12:40:00'),(54,1,113,NULL,'images/2023/10/108/113/108_113_0_1696941521.jpeg',NULL,1,0,23,NULL,2,NULL,'2023-10-10 12:38:41','2023-10-10 12:38:41'),(55,1,113,NULL,'images/2023/10/108/113/108_113_0_1696941573.jpeg',NULL,1,0,23,NULL,2,NULL,'2023-10-10 12:39:33','2023-10-10 12:39:33'),(56,1,113,NULL,'images/2023/10/108/113/108_113_0_1696941600.jpeg',NULL,1,0,23,NULL,2,NULL,'2023-10-10 12:40:00','2023-10-10 12:43:39'),(57,1,113,NULL,'images/2023/10/108/113/108_113_0_1696941828.jpeg',NULL,1,0,23,NULL,2,NULL,'2023-10-10 12:43:48','2023-10-10 12:43:57'),(58,1,113,NULL,'images/2023/10/108/113/108_113_0_1696941837.jpeg',NULL,1,0,23,NULL,2,NULL,'2023-10-10 12:43:57','2023-10-10 12:44:59'),(59,1,113,NULL,'images/2023/10/108/113/108_113_1_1696941837.jpeg',NULL,1,0,23,NULL,2,NULL,'2023-10-10 12:43:57','2023-10-10 12:44:18'),(60,1,113,NULL,'images/2023/10/108/113/108_113_0_1696941858.jpeg',NULL,1,0,23,NULL,2,NULL,'2023-10-10 12:44:18','2023-10-10 12:45:12'),(61,1,113,NULL,'images/2023/10/108/113/108_113_0_1696941899.jpeg',NULL,1,0,23,NULL,2,NULL,'2023-10-10 12:44:59','2023-10-10 12:45:12'),(62,1,113,NULL,'images/2023/10/108/113/108_113_0_1696941912.jpeg',NULL,1,1,23,NULL,NULL,NULL,'2023-10-10 12:45:12','2023-10-10 12:45:12'),(63,1,113,NULL,'images/2023/10/108/113/108_113_1_1696941912.jpeg',NULL,1,1,23,NULL,NULL,NULL,'2023-10-10 12:45:12','2023-10-10 12:45:12'),(64,1,114,NULL,'images/2023/10/109/114/109_114_0_1696944153.jpeg',NULL,1,1,23,NULL,NULL,NULL,'2023-10-10 13:22:33','2023-10-10 13:22:33'),(65,1,114,NULL,'images/2023/10/109/114/109_114_1_1696944153.jpeg',NULL,1,1,23,NULL,NULL,NULL,'2023-10-10 13:22:33','2023-10-10 13:22:33'),(68,1,116,NULL,'images/2023/10/111/116/111_116_0_1696944386.jpeg',NULL,1,1,23,NULL,NULL,NULL,'2023-10-10 13:26:26','2023-10-10 13:26:26'),(69,1,116,NULL,'images/2023/10/111/116/111_116_1_1696944386.jpeg',NULL,1,1,23,NULL,NULL,NULL,'2023-10-10 13:26:26','2023-10-10 13:26:26'),(70,1,117,NULL,'images/2023/10/112/117/112_117_0_1696944586.jpeg',NULL,1,1,23,NULL,NULL,NULL,'2023-10-10 13:29:46','2023-10-10 13:29:46'),(71,1,117,NULL,'images/2023/10/112/117/112_117_1_1696944586.jpeg',NULL,1,1,23,NULL,NULL,NULL,'2023-10-10 13:29:46','2023-10-10 13:29:46'),(72,1,118,NULL,'images/2023/10/113/118/113_118_0_1696944728.jpeg',NULL,1,1,23,NULL,NULL,NULL,'2023-10-10 13:32:08','2023-10-10 13:32:08'),(73,1,118,NULL,'images/2023/10/113/118/113_118_1_1696944728.jpeg',NULL,1,1,23,NULL,NULL,NULL,'2023-10-10 13:32:08','2023-10-10 13:32:08'),(74,1,119,NULL,'images/2023/10/114/119/114_119_0_1696944765.jpeg',NULL,1,1,23,NULL,NULL,NULL,'2023-10-10 13:32:45','2023-10-10 13:32:45'),(75,1,119,NULL,'images/2023/10/114/119/114_119_1_1696944765.jpeg',NULL,1,1,23,NULL,NULL,NULL,'2023-10-10 13:32:45','2023-10-10 13:32:45'),(76,1,120,NULL,'images/2023/10/115/120/115_120_0_1696945226.jpeg',NULL,1,1,23,NULL,NULL,NULL,'2023-10-10 13:40:26','2023-10-10 13:40:26'),(77,1,120,NULL,'images/2023/10/115/120/115_120_1_1696945226.jpeg',NULL,1,1,23,NULL,NULL,NULL,'2023-10-10 13:40:26','2023-10-10 13:40:26'),(78,1,121,NULL,'images/2023/10/116/121/116_121_0_1696945436.jpeg',NULL,1,0,23,NULL,2,NULL,'2023-10-10 13:43:56','2023-10-10 13:50:48'),(79,1,121,NULL,'images/2023/10/116/121/116_121_1_1696945436.jpeg',NULL,1,0,23,NULL,2,NULL,'2023-10-10 13:43:56','2023-10-10 13:50:48'),(84,1,121,NULL,'images/2023/10/116/121/116_121_0_1696945848.jpeg',NULL,1,0,23,NULL,2,NULL,'2023-10-10 13:50:48','2023-10-10 14:00:17'),(85,1,121,NULL,'images/2023/10/116/121/116_121_1_1696945848.jpeg',NULL,1,0,23,NULL,2,NULL,'2023-10-10 13:50:48','2023-10-10 14:00:17'),(98,1,121,NULL,'images/2023/10/116/121/116_121_0_1696946417.jpeg',NULL,1,0,23,NULL,2,NULL,'2023-10-10 14:00:17','2023-10-10 14:00:34'),(99,1,121,NULL,'images/2023/10/116/121/116_121_1_1696946417.jpeg',NULL,1,0,23,NULL,2,NULL,'2023-10-10 14:00:17','2023-10-10 14:00:34'),(100,1,121,NULL,'images/2023/10/116/121/116_121_0_1696946434.jpeg',NULL,1,0,23,NULL,2,NULL,'2023-10-10 14:00:34','2023-10-10 14:01:17'),(101,1,121,NULL,'images/2023/10/116/121/116_121_1_1696946434.jpeg',NULL,1,0,23,NULL,2,NULL,'2023-10-10 14:00:34','2023-10-10 14:01:17'),(102,1,121,NULL,'images/2023/10/116/121/116_121_0_1696946477.jpeg',NULL,1,0,23,NULL,2,NULL,'2023-10-10 14:01:17','2023-10-10 14:01:35'),(103,1,121,NULL,'images/2023/10/116/121/116_121_1_1696946477.jpeg',NULL,1,0,23,NULL,2,NULL,'2023-10-10 14:01:17','2023-10-10 14:01:35'),(104,1,121,NULL,'images/2023/10/116/121/116_121_0_1696946495.jpeg',NULL,1,0,23,NULL,2,NULL,'2023-10-10 14:01:35','2023-10-10 14:01:43'),(105,1,121,NULL,'images/2023/10/116/121/116_121_1_1696946495.jpeg',NULL,1,0,23,NULL,2,NULL,'2023-10-10 14:01:35','2023-10-10 14:01:43'),(106,1,121,NULL,'images/2023/10/116/121/116_121_0_1696946503.jpeg',NULL,1,0,23,NULL,2,NULL,'2023-10-10 14:01:43','2023-10-10 14:04:09'),(107,1,121,NULL,'images/2023/10/116/121/116_121_1_1696946503.jpeg',NULL,1,0,23,NULL,2,NULL,'2023-10-10 14:01:43','2023-10-10 14:04:09'),(108,1,121,NULL,'images/2023/10/116/121/116_121_0_1696946649.jpeg',NULL,1,0,23,NULL,2,NULL,'2023-10-10 14:04:09','2023-10-10 14:04:15'),(109,1,121,NULL,'images/2023/10/116/121/116_121_1_1696946649.jpeg',NULL,1,0,23,NULL,2,NULL,'2023-10-10 14:04:09','2023-10-10 14:04:15'),(110,1,121,NULL,'images/2023/10/116/121/116_121_0_1696946655.jpeg',NULL,1,1,23,NULL,NULL,NULL,'2023-10-10 14:04:15','2023-10-10 14:04:15'),(111,1,121,NULL,'images/2023/10/116/121/116_121_1_1696946655.jpeg',NULL,1,1,23,NULL,NULL,NULL,'2023-10-10 14:04:15','2023-10-10 14:04:15'),(112,1,139,NULL,'images/2023/10/134/139/134_139_0_1696946719.jpeg',NULL,1,1,23,NULL,NULL,NULL,'2023-10-10 14:05:19','2023-10-10 14:05:19'),(113,1,139,NULL,'images/2023/10/134/139/134_139_1_1696946719.jpeg',NULL,1,1,23,NULL,NULL,NULL,'2023-10-10 14:05:19','2023-10-10 14:05:19'),(114,1,140,NULL,'images/2023/10/135/140/135_140_0_1696946730.jpeg',NULL,1,1,23,NULL,NULL,NULL,'2023-10-10 14:05:30','2023-10-10 14:05:30'),(115,1,140,NULL,'images/2023/10/135/140/135_140_1_1696946730.jpeg',NULL,1,1,23,NULL,NULL,NULL,'2023-10-10 14:05:30','2023-10-10 14:05:30'),(116,1,141,NULL,'images/2023/10/136/141/136_141_0_1696946734.jpeg',NULL,1,1,23,NULL,NULL,NULL,'2023-10-10 14:05:34','2023-10-10 14:05:34'),(117,1,141,NULL,'images/2023/10/136/141/136_141_1_1696946734.jpeg',NULL,1,1,23,NULL,NULL,NULL,'2023-10-10 14:05:34','2023-10-10 14:05:34'),(122,1,144,NULL,'images/2023/10/139/144/139_144_0_1696946982.jpeg',NULL,1,1,23,NULL,NULL,NULL,'2023-10-10 14:09:42','2023-10-10 14:09:42'),(123,1,144,NULL,'images/2023/10/139/144/139_144_1_1696946982.jpeg',NULL,1,1,23,NULL,NULL,NULL,'2023-10-10 14:09:42','2023-10-10 14:09:42'),(126,1,146,NULL,'images/2023/10/141/146/141_146_0_1696947229.jpeg',NULL,1,1,23,NULL,NULL,NULL,'2023-10-10 14:13:49','2023-10-10 14:13:49'),(127,1,146,NULL,'images/2023/10/141/146/141_146_1_1696947229.jpeg',NULL,1,1,23,NULL,NULL,NULL,'2023-10-10 14:13:49','2023-10-10 14:13:49'),(128,1,147,NULL,'images/2023/10/142/147/142_147_0_1696947241.jpeg',NULL,1,0,23,NULL,2,NULL,'2023-10-10 14:14:01','2023-10-10 14:25:41'),(129,1,147,NULL,'images/2023/10/142/147/142_147_1_1696947241.jpeg',NULL,1,0,23,NULL,2,NULL,'2023-10-10 14:14:01','2023-10-10 14:25:41'),(130,1,147,NULL,'images/2023/10/142/147/142_147_0_1696947941.jpeg',NULL,1,1,23,NULL,NULL,NULL,'2023-10-10 14:25:41','2023-10-10 14:25:41'),(131,1,147,NULL,'images/2023/10/142/147/142_147_1_1696947941.jpeg',NULL,1,1,23,NULL,NULL,NULL,'2023-10-10 14:25:41','2023-10-10 14:25:41'),(132,1,150,NULL,'images/2023/10/144/150/144_150_0_1697012513.jpeg',NULL,1,0,23,NULL,2,NULL,'2023-10-11 08:21:53','2023-10-11 08:22:05'),(133,1,150,NULL,'images/2023/10/144/150/144_150_1_1697012513.jpeg',NULL,1,0,23,NULL,2,NULL,'2023-10-11 08:21:53','2023-10-11 08:22:05'),(134,1,150,NULL,'images/2023/10/144/150/144_150_0_1697012525.jpeg',NULL,1,0,23,NULL,2,NULL,'2023-10-11 08:22:05','2023-10-13 15:05:49'),(135,1,150,NULL,'images/2023/10/144/150/144_150_1_1697012525.jpeg',NULL,1,0,23,NULL,2,NULL,'2023-10-11 08:22:05','2023-10-13 15:05:49'),(136,1,151,NULL,'images/2023/10/145/151/145_151_0_1697012629.jpeg',NULL,1,1,23,NULL,NULL,NULL,'2023-10-11 08:23:49','2023-10-11 08:23:49'),(137,1,151,NULL,'images/2023/10/145/151/145_151_1_1697012629.jpeg',NULL,1,1,23,NULL,NULL,NULL,'2023-10-11 08:23:49','2023-10-11 08:23:49'),(138,1,152,NULL,'images/2023/10/146/152/146_152_0_1697031840.jpeg',NULL,1,1,23,NULL,NULL,NULL,'2023-10-11 13:44:00','2023-10-11 13:44:00'),(139,1,152,NULL,'images/2023/10/146/152/146_152_1_1697031840.jpeg',NULL,1,1,23,NULL,NULL,NULL,'2023-10-11 13:44:00','2023-10-11 13:44:00'),(140,1,153,NULL,'images/2023/10/147/153/147_153_0_1697031846.jpeg',NULL,1,0,23,NULL,2,NULL,'2023-10-11 13:44:06','2023-10-11 13:46:31'),(141,1,153,NULL,'images/2023/10/147/153/147_153_1_1697031846.jpeg',NULL,1,0,23,NULL,2,NULL,'2023-10-11 13:44:06','2023-10-11 13:46:31'),(142,1,153,NULL,'images/2023/10/147/153/147_153_0_1697031991.jpeg',NULL,1,1,23,NULL,NULL,NULL,'2023-10-11 13:46:31','2023-10-11 13:46:31'),(143,1,153,NULL,'images/2023/10/147/153/147_153_1_1697031991.jpeg',NULL,1,1,23,NULL,NULL,NULL,'2023-10-11 13:46:31','2023-10-11 13:46:31'),(144,1,174,NULL,'http://192.168.2.108:50172/storage/document_images/23/document_20231010130653_954.png',NULL,1,1,23,NULL,NULL,NULL,'2023-10-12 11:04:37','2023-10-12 11:04:37'),(145,1,174,NULL,'http://192.168.2.108:50172/storage/document_images/23/document_20231010130653_954.png',NULL,1,1,23,NULL,NULL,NULL,'2023-10-12 11:04:37','2023-10-12 11:04:37'),(146,1,175,NULL,'document_images/23/document_20231010130653_954.png',NULL,1,1,23,NULL,NULL,NULL,'2023-10-12 11:17:16','2023-10-12 11:17:16'),(147,1,175,NULL,'document_images/23/document_20231010130653_954.png',NULL,1,1,23,NULL,NULL,NULL,'2023-10-12 11:17:16','2023-10-12 11:17:16'),(148,1,176,NULL,'document_images/23/document_20231010130653_954.png',NULL,0,1,23,NULL,NULL,NULL,'2023-10-12 11:21:21','2023-10-12 11:21:21'),(149,1,176,NULL,'document_images/23/document_20231010130653_954.png',NULL,0,1,23,NULL,NULL,NULL,'2023-10-12 11:21:21','2023-10-12 11:21:21'),(150,1,177,NULL,'document_images/23/document_20231013140808_846.png',NULL,0,1,23,NULL,NULL,NULL,'2023-10-18 09:18:25','2023-10-18 09:18:25'),(151,1,177,NULL,'document_images/23/document_20231013140808_846.png',NULL,0,1,23,NULL,NULL,NULL,'2023-10-18 09:18:25','2023-10-18 09:18:25'),(152,1,177,NULL,'document_images/23/document_20231010131315_910.png',NULL,0,1,23,NULL,NULL,NULL,'2023-10-18 09:18:25','2023-10-18 09:18:25'),(153,1,177,NULL,'document_images/23/document_20231010131315_910.png',NULL,0,1,23,NULL,NULL,NULL,'2023-10-18 09:18:25','2023-10-18 09:18:25'),(154,1,177,NULL,'document_images/23/document_20231010130737_962.png',NULL,0,1,23,NULL,NULL,NULL,'2023-10-18 09:18:25','2023-10-18 09:18:25'),(155,1,177,NULL,'document_images/23/document_20231010130737_962.png',NULL,0,1,23,NULL,NULL,NULL,'2023-10-18 09:18:25','2023-10-18 09:18:25'),(156,1,177,NULL,'document_images/23/document_20231010125133_669.png',NULL,0,1,23,NULL,NULL,NULL,'2023-10-18 09:18:25','2023-10-18 09:18:25'),(157,1,177,NULL,'document_images/23/document_20231010125133_669.png',NULL,0,1,23,NULL,NULL,NULL,'2023-10-18 09:18:25','2023-10-18 09:18:25'),(158,1,177,NULL,'document_images/23/document_20231010124140_41.png',NULL,0,1,23,NULL,NULL,NULL,'2023-10-18 09:18:25','2023-10-18 09:18:25'),(159,1,177,NULL,'document_images/23/document_20231010124140_41.png',NULL,0,1,23,NULL,NULL,NULL,'2023-10-18 09:18:25','2023-10-18 09:18:25'),(160,1,177,NULL,'document_images/23/document_20231010125314_242.png',NULL,0,1,23,NULL,NULL,NULL,'2023-10-18 09:18:25','2023-10-18 09:18:25'),(161,1,177,NULL,'document_images/23/document_20231010125314_242.png',NULL,0,1,23,NULL,NULL,NULL,'2023-10-18 09:18:25','2023-10-18 09:18:25'),(162,1,177,NULL,'document_images/23/document_20231010122150_170.png',NULL,0,1,23,NULL,NULL,NULL,'2023-10-18 09:18:25','2023-10-18 09:18:25'),(163,1,177,NULL,'document_images/23/document_20231010122150_170.png',NULL,0,1,23,NULL,NULL,NULL,'2023-10-18 09:18:25','2023-10-18 09:18:25'),(164,1,177,NULL,'document_images/23/document_20231010123547_509.png',NULL,0,1,23,NULL,NULL,NULL,'2023-10-18 09:18:25','2023-10-18 09:18:25'),(165,1,177,NULL,'document_images/23/document_20231010123547_509.png',NULL,0,1,23,NULL,NULL,NULL,'2023-10-18 09:18:25','2023-10-18 09:18:25'),(166,1,177,NULL,'document_images/23/document_20231010121239_796.png',NULL,0,1,23,NULL,NULL,NULL,'2023-10-18 09:18:25','2023-10-18 09:18:25'),(167,1,177,NULL,'document_images/23/document_20231010121239_796.png',NULL,0,1,23,NULL,NULL,NULL,'2023-10-18 09:18:25','2023-10-18 09:18:25'),(168,1,177,NULL,'document_images/23/document_20231010120523_729.png',NULL,0,1,23,NULL,NULL,NULL,'2023-10-18 09:18:25','2023-10-18 09:18:25'),(169,1,177,NULL,'document_images/23/document_20231010120523_729.png',NULL,0,1,23,NULL,NULL,NULL,'2023-10-18 09:18:25','2023-10-18 09:18:25'),(170,1,177,NULL,'document_images/23/document_20231010120611_371.png',NULL,0,1,23,NULL,NULL,NULL,'2023-10-18 09:18:25','2023-10-18 09:18:25'),(171,1,177,NULL,'document_images/23/document_20231010120611_371.png',NULL,0,1,23,NULL,NULL,NULL,'2023-10-18 09:18:25','2023-10-18 09:18:25'),(172,1,177,NULL,'document_images/23/document_20231010114016_148.png',NULL,0,1,23,NULL,NULL,NULL,'2023-10-18 09:18:25','2023-10-18 09:18:25'),(173,1,177,NULL,'document_images/23/document_20231010114016_148.png',NULL,0,1,23,NULL,NULL,NULL,'2023-10-18 09:18:25','2023-10-18 09:18:25'),(174,1,177,NULL,'document_images/23/document_20231010113248_138.png',NULL,0,1,23,NULL,NULL,NULL,'2023-10-18 09:18:25','2023-10-18 09:18:25'),(175,1,177,NULL,'document_images/23/document_20231010113248_138.png',NULL,0,1,23,NULL,NULL,NULL,'2023-10-18 09:18:25','2023-10-18 09:18:25'),(176,1,177,NULL,'document_images/23/document_20231010112407_161.png',NULL,0,1,23,NULL,NULL,NULL,'2023-10-18 09:18:25','2023-10-18 09:18:25'),(177,1,177,NULL,'document_images/23/document_20231010112407_161.png',NULL,0,1,23,NULL,NULL,NULL,'2023-10-18 09:18:25','2023-10-18 09:18:25'),(178,1,177,NULL,'document_images/23/document_20231010112346_645.png',NULL,0,1,23,NULL,NULL,NULL,'2023-10-18 09:18:25','2023-10-18 09:18:25'),(179,1,177,NULL,'document_images/23/document_20231010112346_645.png',NULL,0,1,23,NULL,NULL,NULL,'2023-10-18 09:18:25','2023-10-18 09:18:25'),(180,1,177,NULL,'document_images/23/document_20231010111919_416.png',NULL,0,1,23,NULL,NULL,NULL,'2023-10-18 09:18:25','2023-10-18 09:18:25'),(181,1,177,NULL,'document_images/23/document_20231010111919_416.png',NULL,0,1,23,NULL,NULL,NULL,'2023-10-18 09:18:25','2023-10-18 09:18:25'),(182,1,177,NULL,'document_images/23/document_20231010110205_154.png',NULL,0,1,23,NULL,NULL,NULL,'2023-10-18 09:18:25','2023-10-18 09:18:25'),(183,1,177,NULL,'document_images/23/document_20231010110205_154.png',NULL,0,1,23,NULL,NULL,NULL,'2023-10-18 09:18:25','2023-10-18 09:18:25'),(184,1,177,NULL,'document_images/23/document_20231010105647_613.png',NULL,0,1,23,NULL,NULL,NULL,'2023-10-18 09:18:25','2023-10-18 09:18:25'),(185,1,177,NULL,'document_images/23/document_20231010105647_613.png',NULL,0,1,23,NULL,NULL,NULL,'2023-10-18 09:18:25','2023-10-18 09:18:25'),(186,1,177,NULL,'document_images/23/document_20231010090952_167.png',NULL,0,1,23,NULL,NULL,NULL,'2023-10-18 09:18:25','2023-10-18 09:18:25'),(187,1,177,NULL,'document_images/23/document_20231010090952_167.png',NULL,0,1,23,NULL,NULL,NULL,'2023-10-18 09:18:25','2023-10-18 09:18:25'),(188,1,177,NULL,'document_images/23/document_20231010125702_351.png',NULL,0,1,23,NULL,NULL,NULL,'2023-10-18 09:18:25','2023-10-18 09:18:25'),(189,1,177,NULL,'document_images/23/document_20231010125702_351.png',NULL,0,1,23,NULL,NULL,NULL,'2023-10-18 09:18:25','2023-10-18 09:18:25'),(190,1,177,NULL,'document_images/23/document_20231010130653_954.png',NULL,0,1,23,NULL,NULL,NULL,'2023-10-18 09:18:25','2023-10-18 09:18:25'),(191,1,177,NULL,'document_images/23/document_20231010130653_954.png',NULL,0,1,23,NULL,NULL,NULL,'2023-10-18 09:18:25','2023-10-18 09:18:25'),(192,1,177,NULL,'document_images/23/document_20231006164011_201.png',NULL,0,1,23,NULL,NULL,NULL,'2023-10-18 09:18:25','2023-10-18 09:18:25'),(193,1,177,NULL,'document_images/23/document_20231006164011_201.png',NULL,0,1,23,NULL,NULL,NULL,'2023-10-18 09:18:25','2023-10-18 09:18:25'),(194,1,177,NULL,'document_images/23/document_20230929143817_665.png',NULL,0,1,23,NULL,NULL,NULL,'2023-10-18 09:18:25','2023-10-18 09:18:25'),(195,1,177,NULL,'document_images/23/document_20230929143817_665.png',NULL,0,1,23,NULL,NULL,NULL,'2023-10-18 09:18:25','2023-10-18 09:18:25'),(196,1,177,NULL,'document_images/23/',NULL,0,1,23,NULL,NULL,NULL,'2023-10-18 09:18:25','2023-10-18 09:18:25'),(197,1,177,NULL,'document_images/23/',NULL,0,1,23,NULL,NULL,NULL,'2023-10-18 09:18:25','2023-10-18 09:18:25'),(198,1,177,NULL,'document_images/23/document_20231011153941_739.png',NULL,0,1,23,NULL,NULL,NULL,'2023-10-18 09:18:25','2023-10-18 09:18:25'),(199,1,177,NULL,'document_images/23/document_20231011153941_739.png',NULL,0,1,23,NULL,NULL,NULL,'2023-10-18 09:18:25','2023-10-18 09:18:25'),(200,1,177,NULL,'document_images/23/document_20230929143434_747.png',NULL,0,1,23,NULL,NULL,NULL,'2023-10-18 09:18:25','2023-10-18 09:18:25'),(201,1,177,NULL,'document_images/23/document_20230929143434_747.png',NULL,0,1,23,NULL,NULL,NULL,'2023-10-18 09:18:25','2023-10-18 09:18:25'),(202,1,177,NULL,'document_images/23/document_20231003104501_22.png',NULL,0,1,23,NULL,NULL,NULL,'2023-10-18 09:18:25','2023-10-18 09:18:25'),(203,1,177,NULL,'document_images/23/document_20231003104501_22.png',NULL,0,1,23,NULL,NULL,NULL,'2023-10-18 09:18:25','2023-10-18 09:18:25'),(204,1,177,NULL,'document_images/23/document_20230921144701.png',NULL,0,1,23,NULL,NULL,NULL,'2023-10-18 09:18:25','2023-10-18 09:18:25'),(205,1,177,NULL,'document_images/23/document_20230921144701.png',NULL,0,1,23,NULL,NULL,NULL,'2023-10-18 09:18:25','2023-10-18 09:18:25'),(206,1,177,NULL,'document_images/23/document_20230921142707.png',NULL,0,1,23,NULL,NULL,NULL,'2023-10-18 09:18:25','2023-10-18 09:18:25'),(207,1,177,NULL,'document_images/23/document_20230921142707.png',NULL,0,1,23,NULL,NULL,NULL,'2023-10-18 09:18:25','2023-10-18 09:18:25'),(208,1,177,NULL,'document_images/23/document_20230912094623.png',NULL,0,1,23,NULL,NULL,NULL,'2023-10-18 09:18:25','2023-10-18 09:18:25'),(209,1,177,NULL,'document_images/23/document_20230912094623.png',NULL,0,1,23,NULL,NULL,NULL,'2023-10-18 09:18:25','2023-10-18 09:18:25'),(210,1,177,NULL,'document_images/23/document_20230904143728.png',NULL,0,1,23,NULL,NULL,NULL,'2023-10-18 09:18:25','2023-10-18 09:18:25'),(211,1,177,NULL,'document_images/23/document_20230904143728.png',NULL,0,1,23,NULL,NULL,NULL,'2023-10-18 09:18:25','2023-10-18 09:18:25'),(212,1,177,NULL,'document_images/23/document_20230926142300.png',NULL,0,1,23,NULL,NULL,NULL,'2023-10-18 09:18:25','2023-10-18 09:18:25'),(213,1,177,NULL,'document_images/23/document_20230926142300.png',NULL,0,1,23,NULL,NULL,NULL,'2023-10-18 09:18:25','2023-10-18 09:18:25'),(214,1,177,NULL,'document_images/23/document_20230926141957.png',NULL,0,1,23,NULL,NULL,NULL,'2023-10-18 09:18:25','2023-10-18 09:18:25'),(215,1,177,NULL,'document_images/23/document_20230926141957.png',NULL,0,1,23,NULL,NULL,NULL,'2023-10-18 09:18:25','2023-10-18 09:18:25'),(216,1,177,NULL,'document_images/23/',NULL,0,1,23,NULL,NULL,NULL,'2023-10-18 09:18:25','2023-10-18 09:18:25'),(217,1,177,NULL,'document_images/23/',NULL,0,1,23,NULL,NULL,NULL,'2023-10-18 09:18:25','2023-10-18 09:18:25'),(218,1,177,NULL,'document_images/23/document_20230825091556.png',NULL,0,1,23,NULL,NULL,NULL,'2023-10-18 09:18:25','2023-10-18 09:18:25'),(219,1,177,NULL,'document_images/23/document_20230825091556.png',NULL,0,1,23,NULL,NULL,NULL,'2023-10-18 09:18:25','2023-10-18 09:18:25'),(220,1,177,NULL,'document_images/23/document_20230825083940.png',NULL,0,1,23,NULL,NULL,NULL,'2023-10-18 09:18:25','2023-10-18 09:18:25'),(221,1,177,NULL,'document_images/23/document_20230825083940.png',NULL,0,1,23,NULL,NULL,NULL,'2023-10-18 09:18:25','2023-10-18 09:18:25'),(222,1,178,NULL,'document_images/23/document_20231013140808_846.png',NULL,0,1,23,NULL,NULL,NULL,'2023-10-18 09:20:47','2023-10-18 09:20:47'),(223,1,178,NULL,'document_images/23/document_20231013140808_846.png',NULL,0,1,23,NULL,NULL,NULL,'2023-10-18 09:20:47','2023-10-18 09:20:47'),(224,1,178,NULL,'document_images/23/document_20231010131315_910.png',NULL,0,1,23,NULL,NULL,NULL,'2023-10-18 09:20:47','2023-10-18 09:20:47'),(225,1,178,NULL,'document_images/23/document_20231010131315_910.png',NULL,0,1,23,NULL,NULL,NULL,'2023-10-18 09:20:47','2023-10-18 09:20:47'),(226,1,178,NULL,'document_images/23/document_20231010130737_962.png',NULL,0,1,23,NULL,NULL,NULL,'2023-10-18 09:20:47','2023-10-18 09:20:47'),(227,1,178,NULL,'document_images/23/document_20231010130737_962.png',NULL,0,1,23,NULL,NULL,NULL,'2023-10-18 09:20:47','2023-10-18 09:20:47'),(228,1,178,NULL,'document_images/23/document_20231010125133_669.png',NULL,0,1,23,NULL,NULL,NULL,'2023-10-18 09:20:47','2023-10-18 09:20:47'),(229,1,178,NULL,'document_images/23/document_20231010125133_669.png',NULL,0,1,23,NULL,NULL,NULL,'2023-10-18 09:20:47','2023-10-18 09:20:47'),(230,1,178,NULL,'document_images/23/document_20231010124140_41.png',NULL,0,1,23,NULL,NULL,NULL,'2023-10-18 09:20:47','2023-10-18 09:20:47'),(231,1,178,NULL,'document_images/23/document_20231010124140_41.png',NULL,0,1,23,NULL,NULL,NULL,'2023-10-18 09:20:47','2023-10-18 09:20:47'),(232,1,178,NULL,'document_images/23/document_20231010125314_242.png',NULL,0,1,23,NULL,NULL,NULL,'2023-10-18 09:20:47','2023-10-18 09:20:47'),(233,1,178,NULL,'document_images/23/document_20231010125314_242.png',NULL,0,1,23,NULL,NULL,NULL,'2023-10-18 09:20:47','2023-10-18 09:20:47'),(234,1,178,NULL,'document_images/23/document_20231010122150_170.png',NULL,0,1,23,NULL,NULL,NULL,'2023-10-18 09:20:47','2023-10-18 09:20:47'),(235,1,178,NULL,'document_images/23/document_20231010122150_170.png',NULL,0,1,23,NULL,NULL,NULL,'2023-10-18 09:20:47','2023-10-18 09:20:47'),(236,1,178,NULL,'document_images/23/document_20231010123547_509.png',NULL,0,1,23,NULL,NULL,NULL,'2023-10-18 09:20:47','2023-10-18 09:20:47'),(237,1,178,NULL,'document_images/23/document_20231010123547_509.png',NULL,0,1,23,NULL,NULL,NULL,'2023-10-18 09:20:47','2023-10-18 09:20:47'),(238,1,178,NULL,'document_images/23/document_20231010121239_796.png',NULL,0,1,23,NULL,NULL,NULL,'2023-10-18 09:20:47','2023-10-18 09:20:47'),(239,1,178,NULL,'document_images/23/document_20231010121239_796.png',NULL,0,1,23,NULL,NULL,NULL,'2023-10-18 09:20:47','2023-10-18 09:20:47'),(240,1,178,NULL,'document_images/23/document_20231010120523_729.png',NULL,0,1,23,NULL,NULL,NULL,'2023-10-18 09:20:47','2023-10-18 09:20:47'),(241,1,178,NULL,'document_images/23/document_20231010120523_729.png',NULL,0,1,23,NULL,NULL,NULL,'2023-10-18 09:20:47','2023-10-18 09:20:47'),(242,1,178,NULL,'document_images/23/document_20231010120611_371.png',NULL,0,1,23,NULL,NULL,NULL,'2023-10-18 09:20:47','2023-10-18 09:20:47'),(243,1,178,NULL,'document_images/23/document_20231010120611_371.png',NULL,0,1,23,NULL,NULL,NULL,'2023-10-18 09:20:47','2023-10-18 09:20:47'),(244,1,178,NULL,'document_images/23/document_20231010114016_148.png',NULL,0,1,23,NULL,NULL,NULL,'2023-10-18 09:20:47','2023-10-18 09:20:47'),(245,1,178,NULL,'document_images/23/document_20231010114016_148.png',NULL,0,1,23,NULL,NULL,NULL,'2023-10-18 09:20:47','2023-10-18 09:20:47'),(246,1,178,NULL,'document_images/23/document_20231010113248_138.png',NULL,0,1,23,NULL,NULL,NULL,'2023-10-18 09:20:47','2023-10-18 09:20:47'),(247,1,178,NULL,'document_images/23/document_20231010113248_138.png',NULL,0,1,23,NULL,NULL,NULL,'2023-10-18 09:20:47','2023-10-18 09:20:47'),(248,1,178,NULL,'document_images/23/document_20231010112407_161.png',NULL,0,1,23,NULL,NULL,NULL,'2023-10-18 09:20:47','2023-10-18 09:20:47'),(249,1,178,NULL,'document_images/23/document_20231010112407_161.png',NULL,0,1,23,NULL,NULL,NULL,'2023-10-18 09:20:47','2023-10-18 09:20:47'),(250,1,178,NULL,'document_images/23/document_20231010112346_645.png',NULL,0,1,23,NULL,NULL,NULL,'2023-10-18 09:20:47','2023-10-18 09:20:47'),(251,1,178,NULL,'document_images/23/document_20231010112346_645.png',NULL,0,1,23,NULL,NULL,NULL,'2023-10-18 09:20:47','2023-10-18 09:20:47'),(252,1,178,NULL,'document_images/23/document_20231010111919_416.png',NULL,0,1,23,NULL,NULL,NULL,'2023-10-18 09:20:47','2023-10-18 09:20:47'),(253,1,178,NULL,'document_images/23/document_20231010111919_416.png',NULL,0,1,23,NULL,NULL,NULL,'2023-10-18 09:20:47','2023-10-18 09:20:47'),(254,1,178,NULL,'document_images/23/document_20231010110205_154.png',NULL,0,1,23,NULL,NULL,NULL,'2023-10-18 09:20:47','2023-10-18 09:20:47'),(255,1,178,NULL,'document_images/23/document_20231010110205_154.png',NULL,0,1,23,NULL,NULL,NULL,'2023-10-18 09:20:47','2023-10-18 09:20:47'),(256,1,178,NULL,'document_images/23/document_20231010105647_613.png',NULL,0,1,23,NULL,NULL,NULL,'2023-10-18 09:20:47','2023-10-18 09:20:47'),(257,1,178,NULL,'document_images/23/document_20231010105647_613.png',NULL,0,1,23,NULL,NULL,NULL,'2023-10-18 09:20:47','2023-10-18 09:20:47'),(258,1,178,NULL,'document_images/23/document_20231010090952_167.png',NULL,0,1,23,NULL,NULL,NULL,'2023-10-18 09:20:47','2023-10-18 09:20:47'),(259,1,178,NULL,'document_images/23/document_20231010090952_167.png',NULL,0,1,23,NULL,NULL,NULL,'2023-10-18 09:20:47','2023-10-18 09:20:47'),(260,1,178,NULL,'document_images/23/document_20231010125702_351.png',NULL,0,1,23,NULL,NULL,NULL,'2023-10-18 09:20:47','2023-10-18 09:20:47'),(261,1,178,NULL,'document_images/23/document_20231010125702_351.png',NULL,0,1,23,NULL,NULL,NULL,'2023-10-18 09:20:47','2023-10-18 09:20:47'),(262,1,178,NULL,'document_images/23/document_20231010130653_954.png',NULL,0,1,23,NULL,NULL,NULL,'2023-10-18 09:20:47','2023-10-18 09:20:47'),(263,1,178,NULL,'document_images/23/document_20231010130653_954.png',NULL,0,1,23,NULL,NULL,NULL,'2023-10-18 09:20:47','2023-10-18 09:20:47'),(264,1,178,NULL,'document_images/23/document_20231006164011_201.png',NULL,0,1,23,NULL,NULL,NULL,'2023-10-18 09:20:47','2023-10-18 09:20:47'),(265,1,178,NULL,'document_images/23/document_20231006164011_201.png',NULL,0,1,23,NULL,NULL,NULL,'2023-10-18 09:20:47','2023-10-18 09:20:47'),(266,1,178,NULL,'document_images/23/document_20230929143817_665.png',NULL,0,1,23,NULL,NULL,NULL,'2023-10-18 09:20:47','2023-10-18 09:20:47'),(267,1,178,NULL,'document_images/23/document_20230929143817_665.png',NULL,0,1,23,NULL,NULL,NULL,'2023-10-18 09:20:47','2023-10-18 09:20:47'),(268,1,178,NULL,'document_images/23/',NULL,0,1,23,NULL,NULL,NULL,'2023-10-18 09:20:47','2023-10-18 09:20:47'),(269,1,178,NULL,'document_images/23/',NULL,0,1,23,NULL,NULL,NULL,'2023-10-18 09:20:47','2023-10-18 09:20:47'),(270,1,178,NULL,'document_images/23/document_20231011153941_739.png',NULL,0,1,23,NULL,NULL,NULL,'2023-10-18 09:20:47','2023-10-18 09:20:47'),(271,1,178,NULL,'document_images/23/document_20231011153941_739.png',NULL,0,1,23,NULL,NULL,NULL,'2023-10-18 09:20:47','2023-10-18 09:20:47'),(272,1,178,NULL,'document_images/23/document_20230929143434_747.png',NULL,0,1,23,NULL,NULL,NULL,'2023-10-18 09:20:47','2023-10-18 09:20:47'),(273,1,178,NULL,'document_images/23/document_20230929143434_747.png',NULL,0,1,23,NULL,NULL,NULL,'2023-10-18 09:20:47','2023-10-18 09:20:47'),(274,1,178,NULL,'document_images/23/document_20231003104501_22.png',NULL,0,1,23,NULL,NULL,NULL,'2023-10-18 09:20:47','2023-10-18 09:20:47'),(275,1,178,NULL,'document_images/23/document_20231003104501_22.png',NULL,0,1,23,NULL,NULL,NULL,'2023-10-18 09:20:47','2023-10-18 09:20:47'),(276,1,178,NULL,'document_images/23/document_20230921144701.png',NULL,0,1,23,NULL,NULL,NULL,'2023-10-18 09:20:47','2023-10-18 09:20:47'),(277,1,178,NULL,'document_images/23/document_20230921144701.png',NULL,0,1,23,NULL,NULL,NULL,'2023-10-18 09:20:47','2023-10-18 09:20:47'),(278,1,178,NULL,'document_images/23/document_20230921142707.png',NULL,0,1,23,NULL,NULL,NULL,'2023-10-18 09:20:47','2023-10-18 09:20:47'),(279,1,178,NULL,'document_images/23/document_20230921142707.png',NULL,0,1,23,NULL,NULL,NULL,'2023-10-18 09:20:47','2023-10-18 09:20:47'),(280,1,178,NULL,'document_images/23/document_20230912094623.png',NULL,0,1,23,NULL,NULL,NULL,'2023-10-18 09:20:47','2023-10-18 09:20:47'),(281,1,178,NULL,'document_images/23/document_20230912094623.png',NULL,0,1,23,NULL,NULL,NULL,'2023-10-18 09:20:47','2023-10-18 09:20:47'),(282,1,178,NULL,'document_images/23/document_20230904143728.png',NULL,0,1,23,NULL,NULL,NULL,'2023-10-18 09:20:47','2023-10-18 09:20:47'),(283,1,178,NULL,'document_images/23/document_20230904143728.png',NULL,0,1,23,NULL,NULL,NULL,'2023-10-18 09:20:47','2023-10-18 09:20:47'),(284,1,178,NULL,'document_images/23/document_20230926142300.png',NULL,0,1,23,NULL,NULL,NULL,'2023-10-18 09:20:47','2023-10-18 09:20:47'),(285,1,178,NULL,'document_images/23/document_20230926142300.png',NULL,0,1,23,NULL,NULL,NULL,'2023-10-18 09:20:47','2023-10-18 09:20:47'),(286,1,178,NULL,'document_images/23/document_20230926141957.png',NULL,0,1,23,NULL,NULL,NULL,'2023-10-18 09:20:47','2023-10-18 09:20:47'),(287,1,178,NULL,'document_images/23/document_20230926141957.png',NULL,0,1,23,NULL,NULL,NULL,'2023-10-18 09:20:47','2023-10-18 09:20:47'),(288,1,178,NULL,'document_images/23/',NULL,0,1,23,NULL,NULL,NULL,'2023-10-18 09:20:47','2023-10-18 09:20:47'),(289,1,178,NULL,'document_images/23/',NULL,0,1,23,NULL,NULL,NULL,'2023-10-18 09:20:47','2023-10-18 09:20:47'),(290,1,178,NULL,'document_images/23/document_20230825091556.png',NULL,0,1,23,NULL,NULL,NULL,'2023-10-18 09:20:47','2023-10-18 09:20:47'),(291,1,178,NULL,'document_images/23/document_20230825091556.png',NULL,0,1,23,NULL,NULL,NULL,'2023-10-18 09:20:47','2023-10-18 09:20:47'),(292,1,178,NULL,'document_images/23/document_20230825083940.png',NULL,0,1,23,NULL,NULL,NULL,'2023-10-18 09:20:47','2023-10-18 09:20:47'),(293,1,178,NULL,'document_images/23/document_20230825083940.png',NULL,0,1,23,NULL,NULL,NULL,'2023-10-18 09:20:47','2023-10-18 09:20:47'),(294,1,192,NULL,'images/2023/10/187/192/187_192_0_1697621463.gif',NULL,0,1,23,NULL,NULL,NULL,'2023-10-18 09:31:03','2023-10-18 09:31:03'),(295,1,193,NULL,'images/2023/10/188/193/188_193_0_1697621663.gif',NULL,0,1,23,NULL,NULL,NULL,'2023-10-18 09:34:23','2023-10-18 09:34:23'),(296,1,194,NULL,'images/2023/10/189/194/189_194_0_1697621681.gif',NULL,0,1,23,NULL,NULL,NULL,'2023-10-18 09:34:41','2023-10-18 09:34:41'),(297,1,194,NULL,'document_images/23/document_20231013140808_846.png',NULL,0,1,23,NULL,NULL,NULL,'2023-10-18 09:34:41','2023-10-18 09:34:41'),(298,1,194,NULL,'document_images/23/document_20231013140808_846.png',NULL,0,1,23,NULL,NULL,NULL,'2023-10-18 09:34:41','2023-10-18 09:34:41'),(299,1,195,NULL,'images/2023/10/190/195/190_195_0_1697621765.gif',NULL,1,1,23,NULL,3,NULL,'2023-10-18 09:36:05','2023-10-18 12:30:29'),(300,1,195,NULL,'document_images/23/document_20231011153941_739.png',NULL,0,1,23,NULL,NULL,NULL,'2023-10-18 09:36:05','2023-10-18 09:36:05'),(301,1,195,NULL,'document_images/23/document_20231011153941_739.png',NULL,0,1,23,NULL,NULL,NULL,'2023-10-18 09:36:05','2023-10-18 09:36:05'),(302,1,196,'','images/2023/10/191/196/191_196_0_1697638025.1',NULL,1,1,23,NULL,NULL,NULL,'2023-10-18 14:07:05','2023-10-18 14:07:05'),(303,1,196,'0','document_images/23/document_20231011153941_739.png',NULL,0,1,23,NULL,NULL,NULL,'2023-10-18 14:07:05','2023-10-18 16:07:47'),(304,1,196,'0','document_images/23/document_20231011153941_739.png',NULL,0,1,23,NULL,NULL,NULL,'2023-10-18 14:07:05','2023-10-18 16:07:47'),(305,1,197,'','images/2023/10/192/197/192_197_0_1697638293.1',NULL,1,1,23,NULL,NULL,NULL,'2023-10-18 14:11:33','2023-10-18 14:11:33'),(306,1,197,'','document_images/23/document_20231011153941_739.png',NULL,0,1,23,NULL,NULL,NULL,'2023-10-18 14:11:33','2023-10-18 14:11:33'),(307,1,197,'','document_images/23/document_20231011153941_739.png',NULL,0,1,23,NULL,NULL,NULL,'2023-10-18 14:11:33','2023-10-18 14:11:33'),(308,1,198,'','images/2023/10/193/198/193_198_0_1697638411.gif',NULL,1,1,23,NULL,NULL,NULL,'2023-10-18 14:13:31','2023-10-18 14:13:31'),(309,1,198,'','document_images/23/document_20231011153941_739.png',NULL,0,1,23,NULL,NULL,NULL,'2023-10-18 14:13:31','2023-10-18 14:13:31'),(310,1,198,'','document_images/23/document_20231011153941_739.png',NULL,0,1,23,NULL,NULL,NULL,'2023-10-18 14:13:31','2023-10-18 14:13:31'),(311,1,199,'Slika.jpg','images/2023/10/194/199/194_199_0_1697638447.gif',NULL,1,1,23,NULL,NULL,NULL,'2023-10-18 14:14:07','2023-10-18 14:14:07'),(312,1,199,'','document_images/23/document_20231011153941_739.png',NULL,0,1,23,NULL,NULL,NULL,'2023-10-18 14:14:08','2023-10-18 14:14:08'),(313,1,199,'','document_images/23/document_20231011153941_739.png',NULL,0,1,23,NULL,NULL,NULL,'2023-10-18 14:14:08','2023-10-18 14:14:08'),(317,1,203,'Slika.jpg','images/2023/10/198/203/198_203_0_1697638655.gif',NULL,1,1,23,NULL,NULL,NULL,'2023-10-18 14:17:35','2023-10-18 14:17:35'),(318,1,203,'Selfi','document_images/23/document_20231011153941_739.png',NULL,0,1,23,NULL,NULL,NULL,'2023-10-18 14:17:35','2023-10-18 14:17:35'),(319,1,203,'Selfi','document_images/23/document_20231011153941_739.png',NULL,0,1,23,NULL,NULL,NULL,'2023-10-18 14:17:35','2023-10-18 14:17:35'),(320,1,204,'Slika.jpg','images/2023/10/199/204/199_204_0_1697638693.gif',NULL,1,1,23,NULL,NULL,NULL,'2023-10-18 14:18:13','2023-10-18 14:18:13'),(321,1,204,'Lična karta','document_images/23/document_20230926141957.png',NULL,0,1,23,NULL,NULL,NULL,'2023-10-18 14:18:13','2023-10-18 14:18:13'),(322,1,204,'Lična karta','document_images/23/document_20230926141957.png',NULL,0,1,23,NULL,NULL,NULL,'2023-10-18 14:18:13','2023-10-18 14:18:13'),(323,1,205,'Slika.jpg','images/2023/10/200/205/200_205_0_1697638770.gif',NULL,1,1,23,NULL,NULL,NULL,'2023-10-18 14:19:30','2023-10-18 14:19:30'),(324,1,205,'Lična karta 1','document_images/23/document_20230926141957.png',NULL,0,1,23,NULL,NULL,NULL,'2023-10-18 14:19:30','2023-10-18 14:19:30'),(325,1,205,'Lična karta 2','document_images/23/document_20230926141957.png',NULL,0,1,23,NULL,NULL,NULL,'2023-10-18 14:19:30','2023-10-18 14:19:30'),(326,1,210,'Slika.jpg','images/2023/10/203/210/203_210_0_1697728842.gif',NULL,1,1,23,NULL,NULL,NULL,'2023-10-19 15:20:42','2023-10-19 15:20:42'),(327,1,210,'Lična karta 1','document_images/23/document_20230926141957.png',NULL,0,1,23,NULL,NULL,NULL,'2023-10-19 15:20:42','2023-10-19 15:20:42'),(328,1,210,'Lična karta 2','document_images/23/document_20230926141957.png',NULL,0,1,23,NULL,NULL,NULL,'2023-10-19 15:20:42','2023-10-19 15:20:42'),(329,1,211,'Slika.jpg','images/2023/10/204/211/204_211_0_1697729085.gif',NULL,1,1,23,NULL,NULL,NULL,'2023-10-19 15:24:45','2023-10-19 15:24:45'),(330,1,211,'Lična karta 1','document_images/23/document_20230926141957.png',NULL,0,1,23,NULL,NULL,NULL,'2023-10-19 15:24:45','2023-10-19 15:24:45'),(331,1,211,'Lična karta 2','document_images/23/document_20230926141957.png',NULL,0,1,23,NULL,NULL,NULL,'2023-10-19 15:24:45','2023-10-19 15:24:45'),(332,1,212,'Lična karta 1','document_images/23/document_20230926141957.png',NULL,0,1,23,NULL,NULL,NULL,'2023-10-19 15:47:00','2023-10-19 15:47:00'),(333,1,212,'Lična karta 2','document_images/23/document_20230926141957.png',NULL,0,1,23,NULL,NULL,NULL,'2023-10-19 15:47:00','2023-10-19 15:47:00'),(334,1,215,'Slika.jpg','0',NULL,1,1,23,NULL,NULL,NULL,'2023-10-19 15:59:35','2023-10-19 15:59:35'),(335,1,215,'Lična karta 1','document_images/23/document_20230926141957.png',NULL,0,1,23,NULL,NULL,NULL,'2023-10-19 15:59:35','2023-10-19 15:59:35'),(336,1,215,'Lična karta 2','document_images/23/document_20230926141957.png',NULL,0,1,23,NULL,NULL,NULL,'2023-10-19 15:59:35','2023-10-19 15:59:35'),(337,1,219,'Lična karta 1','document_images/23/document_20230926141957.png',NULL,0,1,23,NULL,NULL,NULL,'2023-10-19 16:01:14','2023-10-19 16:01:14'),(338,1,219,'Lična karta 2','document_images/23/document_20230926141957.png',NULL,0,1,23,NULL,NULL,NULL,'2023-10-19 16:01:14','2023-10-19 16:01:14'),(339,1,221,'Slika.jpg','images/2023/10/214/221/214_221_0_1697731348.gif',NULL,1,1,23,NULL,NULL,NULL,'2023-10-19 16:02:28','2023-10-19 16:02:28'),(340,1,221,'Lična karta 1','document_images/23/document_20230926141957.png',NULL,0,1,23,NULL,NULL,NULL,'2023-10-19 16:02:28','2023-10-19 16:02:28'),(341,1,221,'Lična karta 2','document_images/23/document_20230926141957.png',NULL,0,1,23,NULL,NULL,NULL,'2023-10-19 16:02:28','2023-10-19 16:02:28'),(342,1,232,'Slika.jpg','storage/images/2023/10/225/232/225_232_0_1697733580',NULL,1,1,23,NULL,NULL,NULL,'2023-10-19 16:39:40','2023-10-19 16:39:40'),(343,1,232,'Lična karta 1','document_images/23/document_20230926141957.png',NULL,0,1,23,NULL,NULL,NULL,'2023-10-19 16:39:40','2023-10-19 16:39:40'),(344,1,232,'Lična karta 2','document_images/23/document_20230926141957.png',NULL,0,1,23,NULL,NULL,NULL,'2023-10-19 16:39:40','2023-10-19 16:39:40'),(345,1,233,'Slika.jpg','storage/images/2023/10/226/233/226_233_0_1697733647.gif',NULL,1,1,23,NULL,NULL,NULL,'2023-10-19 16:40:48','2023-10-19 16:40:48'),(346,1,233,'Lična karta 1','document_images/23/document_20230926141957.png',NULL,0,1,23,NULL,NULL,NULL,'2023-10-19 16:40:48','2023-10-19 16:40:48'),(347,1,233,'Lična karta 2','document_images/23/document_20230926141957.png',NULL,0,1,23,NULL,NULL,NULL,'2023-10-19 16:40:48','2023-10-19 16:40:48'),(348,1,234,'Slika.jpg','storage/images/2023/10/227/234/227_234_0_1697734272.gif',NULL,1,1,23,NULL,NULL,NULL,'2023-10-19 16:51:12','2023-10-19 16:51:12'),(349,1,234,'Lična karta 1','document_images/23/document_20230926141957.png',NULL,0,1,23,NULL,NULL,NULL,'2023-10-19 16:51:12','2023-10-19 16:51:12'),(350,1,234,'Lična karta 2','document_images/23/document_20230926141957.png',NULL,0,1,23,NULL,NULL,NULL,'2023-10-19 16:51:12','2023-10-19 16:51:12'),(351,1,235,'Slika.jpg','storage/images/2023/10/228/235/228_235_0_1697734467.jpeg',NULL,1,1,23,NULL,NULL,NULL,'2023-10-19 16:54:28','2023-10-19 16:54:28'),(352,1,235,'Lična karta 1','document_images/23/document_20230926141957.png',NULL,0,1,23,NULL,NULL,NULL,'2023-10-19 16:54:28','2023-10-19 16:54:28'),(353,1,235,'Lična karta 2','document_images/23/document_20230926141957.png',NULL,0,1,23,NULL,NULL,NULL,'2023-10-19 16:54:28','2023-10-19 16:54:28'),(354,1,236,'Slika.jpg','storage/images/2023/10/229/236/229_236_0_1697734771.jpeg',NULL,1,1,23,NULL,NULL,NULL,'2023-10-19 16:59:32','2023-10-19 16:59:32'),(355,1,236,'Lična karta 1','document_images/23/document_20230926141957.png',NULL,0,1,23,NULL,NULL,NULL,'2023-10-19 16:59:32','2023-10-19 16:59:32'),(356,1,236,'Lična karta 2','document_images/23/document_20230926141957.png',NULL,0,1,23,NULL,NULL,NULL,'2023-10-19 16:59:32','2023-10-19 16:59:32'),(357,1,237,'Slika.jpg','storage/images/2023/10/230/237/230_237_0_1697734876.png',NULL,1,1,23,NULL,NULL,NULL,'2023-10-19 17:01:19','2023-10-19 17:01:19'),(358,1,237,'Lična karta 1','document_images/23/document_20230926141957.png',NULL,0,1,23,NULL,NULL,NULL,'2023-10-19 17:01:19','2023-10-19 17:01:19'),(359,1,237,'Lična karta 2','document_images/23/document_20230926141957.png',NULL,0,1,23,NULL,NULL,NULL,'2023-10-19 17:01:19','2023-10-19 17:01:19'),(360,1,238,'Slika.jpg','storage/images/2023/10/231/238/231_238_0_1697734944.png',NULL,1,1,23,NULL,NULL,NULL,'2023-10-19 17:02:27','2023-10-19 17:02:27'),(361,1,238,'Lična karta 1','document_images/23/document_20230926141957.png',NULL,0,1,23,NULL,NULL,NULL,'2023-10-19 17:02:27','2023-10-19 17:02:27'),(362,1,238,'Lična karta 2','document_images/23/document_20230926141957.png',NULL,0,1,23,NULL,NULL,NULL,'2023-10-19 17:02:27','2023-10-19 17:02:27'),(363,1,239,'Lična karta 1','document_images/23/document_20230926141957.png',NULL,0,1,23,NULL,NULL,NULL,'2023-10-19 17:05:53','2023-10-19 17:05:53'),(364,1,239,'Lična karta 2','document_images/23/document_20230926141957.png',NULL,0,1,23,NULL,NULL,NULL,'2023-10-19 17:05:53','2023-10-19 17:05:53'),(365,1,240,'Slika.jpg','storage/images/2023/10/233/240/233_240_0_1697735174.png',NULL,1,1,23,NULL,NULL,NULL,'2023-10-19 17:06:16','2023-10-19 17:06:16'),(366,1,240,'Lična karta 1','document_images/23/document_20230926141957.png',NULL,0,1,23,NULL,NULL,NULL,'2023-10-19 17:06:17','2023-10-19 17:06:17'),(367,1,240,'Lična karta 2','document_images/23/document_20230926141957.png',NULL,0,1,23,NULL,NULL,NULL,'2023-10-19 17:06:17','2023-10-19 17:06:17'),(368,1,241,'Slika.jpg','storage/images/2023/10/234/241/234_241_0_1697735367.png',NULL,1,1,23,NULL,NULL,NULL,'2023-10-19 17:09:28','2023-10-19 17:09:28'),(369,1,241,'Lična karta 1','document_images/23/document_20230926141957.png',NULL,0,1,23,NULL,NULL,NULL,'2023-10-19 17:09:28','2023-10-19 17:09:28'),(370,1,241,'Lična karta 2','document_images/23/document_20230926141957.png',NULL,0,1,23,NULL,NULL,NULL,'2023-10-19 17:09:28','2023-10-19 17:09:28'),(371,3,247,'Slika.jpg','applications/2023/10/240/247/240_247_0_1697735873.pdf',NULL,1,1,23,NULL,NULL,NULL,'2023-10-19 17:17:53','2023-10-19 17:17:53'),(372,1,247,'Lična karta 1','document_images/23/document_20230926141957.png',NULL,0,1,23,NULL,NULL,NULL,'2023-10-19 17:17:53','2023-10-19 17:17:53'),(373,1,247,'Lična karta 2','document_images/23/document_20230926141957.png',NULL,0,1,23,NULL,NULL,NULL,'2023-10-19 17:17:53','2023-10-19 17:17:53'),(374,3,251,'Slika.jpg','applications/2023/10/244/251/244_251_0_1697736824.pdf',180816,1,1,23,NULL,NULL,NULL,'2023-10-19 17:33:44','2023-10-19 17:33:44'),(375,1,251,'Lična karta 1','document_images/23/document_20230926141957.png',0,1,1,23,NULL,NULL,NULL,'2023-10-19 17:33:44','2023-10-19 17:33:44'),(376,1,251,'Lična karta 2','document_images/23/document_20230926141957.png',0,1,1,23,NULL,NULL,NULL,'2023-10-19 17:33:44','2023-10-19 17:33:44'),(383,3,254,'Slika.jpg','applications/2023/10/247/254/247_254_0_1697737740.pdf',180816,1,1,23,NULL,NULL,NULL,'2023-10-19 17:49:00','2023-10-19 17:49:00'),(384,1,254,'Lična karta 1','document_images/23/document_20230926141957.png',0,1,1,23,NULL,NULL,NULL,'2023-10-19 17:49:00','2023-10-19 17:49:00'),(385,1,254,'Lična karta 2','document_images/23/document_20230926141957.png',0,1,1,23,NULL,NULL,NULL,'2023-10-19 17:49:00','2023-10-19 17:49:00'),(386,3,255,'Slika.jpg','applications/2023/10/248/255/248_255_0_1697737800.pdf',180816,1,1,23,NULL,NULL,NULL,'2023-10-19 17:50:00','2023-10-19 17:50:00'),(387,1,255,'Lična karta 1','document_images/23/document_20230926141957.png',0,1,1,23,NULL,NULL,NULL,'2023-10-19 17:50:00','2023-10-19 17:50:00'),(388,1,255,'Lična karta 2','document_images/23/document_20230926141957.png',0,1,1,23,NULL,NULL,NULL,'2023-10-19 17:50:00','2023-10-19 17:50:00'),(389,3,256,'Slika.jpg','applications/2023/10/249/256/249_256_0_1697737820.pdf',180816,1,1,23,NULL,NULL,NULL,'2023-10-19 17:50:20','2023-10-19 17:50:20'),(390,1,256,'Lična karta 1','document_images/23/document_20230926141957.png',0,1,1,23,NULL,NULL,NULL,'2023-10-19 17:50:21','2023-10-19 17:50:21'),(391,1,256,'Lična karta 2','document_images/23/document_20230926141957.png',0,1,1,23,NULL,NULL,NULL,'2023-10-19 17:50:21','2023-10-19 17:50:21'),(392,3,257,'Slika.jpg','applications/2023/10/250/257/250_257_0_1697738009.pdf',180816,1,1,23,NULL,2,NULL,'2023-10-19 17:53:29','2023-10-19 21:21:13'),(393,1,257,'Lična karta 1','document_images/23/document_20230926141957.png',NULL,0,1,23,NULL,2,NULL,'2023-10-19 17:53:29','2023-10-19 21:21:13'),(394,1,257,'Lična karta 2','document_images/23/document_20230926141957.png',NULL,0,1,23,NULL,2,NULL,'2023-10-19 17:53:29','2023-10-19 21:21:13'),(395,3,257,'Slika.jpg','applications/2023/10/250/257/250_257_0_1697742524.pdf',180816,1,1,23,NULL,NULL,NULL,'2023-10-19 19:08:44','2023-10-19 19:08:44'),(396,3,258,'Slika.jpg','applications/2023/10/251/258/251_258_0_1697744856.pdf',180816,1,1,23,NULL,NULL,NULL,'2023-10-19 19:47:36','2023-10-19 19:47:36'),(397,1,258,'Lična karta 1','document_images/23/document_20230926141957.png',NULL,0,1,23,NULL,NULL,NULL,'2023-10-19 19:47:36','2023-10-19 19:47:36'),(398,1,258,'Lična karta 2','document_images/23/document_20230926141957.png',NULL,0,1,23,NULL,NULL,NULL,'2023-10-19 19:47:36','2023-10-19 19:47:36'),(399,1,259,'Lična karta 1','document_images/23/document_20230926141957.png',NULL,0,1,23,NULL,NULL,NULL,'2023-10-19 19:48:52','2023-10-19 19:48:52'),(400,1,259,'Lična karta 2','document_images/23/document_20230926141957.png',NULL,0,1,23,NULL,NULL,NULL,'2023-10-19 19:48:52','2023-10-19 19:48:52'),(401,1,260,'Lična karta 1','document_images/23/document_20230926141957.png',NULL,0,1,23,NULL,NULL,NULL,'2023-10-19 19:49:34','2023-10-19 19:49:34'),(402,1,260,'Lična karta 2','document_images/23/document_20230926141957.png',NULL,0,1,23,NULL,NULL,NULL,'2023-10-19 19:49:35','2023-10-19 19:49:35'),(403,1,261,'Lična karta 1','document_images/23/document_20230926141957.png',NULL,0,1,23,NULL,NULL,NULL,'2023-10-19 19:49:47','2023-10-19 19:49:47'),(404,1,261,'Lična karta 2','document_images/23/document_20230926141957.png',NULL,0,1,23,NULL,NULL,NULL,'2023-10-19 19:49:47','2023-10-19 19:49:47'),(405,3,263,'','applications/2023/10/256/263/256_263_0_1697802110.pdf',180816,1,1,23,NULL,NULL,NULL,'2023-10-20 11:41:50','2023-10-20 11:41:50'),(406,1,263,'Lična karta 1','document_images/23/document_20231020123553_532.png',NULL,0,1,23,NULL,NULL,NULL,'2023-10-20 11:41:50','2023-10-20 11:41:50'),(407,1,263,'Lična karta 2','document_images/23/document_20231020123553_532.png',NULL,0,1,23,NULL,NULL,NULL,'2023-10-20 11:41:51','2023-10-20 11:41:51'),(408,3,267,'','applications/2023/10/260/267/260_267_0_1697807863.pdf',180816,1,1,23,NULL,NULL,NULL,'2023-10-20 13:17:43','2023-10-20 13:17:43'),(409,1,267,'Lična karta 1','document_images/23/document_20231020123553_532.png',NULL,0,1,23,NULL,NULL,NULL,'2023-10-20 13:17:43','2023-10-20 13:17:43'),(410,1,267,'Lična karta 2','document_images/23/document_20231020123553_532.png',NULL,0,1,23,NULL,NULL,NULL,'2023-10-20 13:17:43','2023-10-20 13:17:43'),(411,1,268,'Lična karta 1','document_images/23/document_20231020172848_66.png',NULL,0,1,23,NULL,NULL,NULL,'2023-10-23 14:09:34','2023-10-23 14:09:34'),(412,1,268,'Lična karta 2','document_images/23/document_20231020172848_66.png',NULL,0,1,23,NULL,NULL,NULL,'2023-10-23 14:09:34','2023-10-23 14:09:34'),(413,3,269,'Slika.jpg','applications/2023/10/262/269/262_269_0_1698243558.pdf',NULL,1,1,23,NULL,NULL,NULL,'2023-10-25 14:19:18','2023-10-25 14:19:18'),(414,1,269,'Lična karta 1','document_images/23/document_20231020172848_66.png',NULL,0,1,23,NULL,NULL,NULL,'2023-10-25 14:19:18','2023-10-25 14:19:18'),(415,1,269,'Lična karta 2','document_images/23/document_20231020172848_66.png',NULL,0,1,23,NULL,NULL,NULL,'2023-10-25 14:19:18','2023-10-25 14:19:18'),(416,1,270,'Slika.jpg','storage/images/2023/10/263/270/263_270_0_1698243798.jpeg',NULL,1,1,23,NULL,NULL,NULL,'2023-10-25 14:23:19','2023-10-25 14:23:19'),(417,1,270,'Lična karta 1','document_images/23/document_20231020172848_66.png',NULL,0,1,23,NULL,NULL,NULL,'2023-10-25 14:23:19','2023-10-25 14:23:19'),(418,1,270,'Lična karta 2','document_images/23/document_20231020172848_66.png',NULL,0,1,23,NULL,NULL,NULL,'2023-10-25 14:23:19','2023-10-25 14:23:19'),(419,1,272,'Slika.jpg','images/2023/10/265/272/265_272_0_1698244179.jpeg',NULL,1,1,23,NULL,NULL,NULL,'2023-10-25 14:29:39','2023-10-25 14:29:39'),(420,1,272,'Lična karta 1','document_images/23/document_20231020172848_66.png',NULL,0,1,23,NULL,NULL,NULL,'2023-10-25 14:29:39','2023-10-25 14:29:39'),(421,1,272,'Lična karta 2','document_images/23/document_20231020172848_66.png',NULL,0,1,23,NULL,NULL,NULL,'2023-10-25 14:29:39','2023-10-25 14:29:39'),(422,1,273,'Slika.jpg','storage/images/2023/10/266/273/266_273_0_1698244936.jpeg',NULL,1,1,23,NULL,NULL,NULL,'2023-10-25 14:42:16','2023-10-25 14:42:16'),(423,1,273,'Lična karta 1','document_images/23/document_20231020172848_66.png',NULL,0,1,23,NULL,NULL,NULL,'2023-10-25 14:42:16','2023-10-25 14:42:16'),(424,1,273,'Lična karta 2','document_images/23/document_20231020172848_66.png',NULL,0,1,23,NULL,NULL,NULL,'2023-10-25 14:42:16','2023-10-25 14:42:16'),(425,3,274,'Slika.jpg','storage/applications/2023/10/267/274/267_274_0_1698244995.pdf',NULL,1,1,23,NULL,NULL,NULL,'2023-10-25 14:43:15','2023-10-25 14:43:15'),(426,1,274,'Lična karta 1','document_images/23/document_20231020172848_66.png',NULL,0,1,23,NULL,NULL,NULL,'2023-10-25 14:43:15','2023-10-25 14:43:15'),(427,1,274,'Lična karta 2','document_images/23/document_20231020172848_66.png',NULL,0,1,23,NULL,NULL,NULL,'2023-10-25 14:43:15','2023-10-25 14:43:15'),(428,3,275,'Slika.jpg','storage/applications/2023/10/268/275/268_275_0_1698245528.pdf',NULL,1,1,23,NULL,NULL,NULL,'2023-10-25 14:52:08','2023-10-25 14:52:08'),(429,1,275,'Lična karta 1','document_images/23/document_20231020172848_66.png',NULL,0,1,23,NULL,NULL,NULL,'2023-10-25 14:52:08','2023-10-25 14:52:08'),(430,1,275,'Lična karta 2','document_images/23/document_20231020172848_66.png',NULL,0,1,23,NULL,NULL,NULL,'2023-10-25 14:52:08','2023-10-25 14:52:08'),(431,3,275,'Slika.jpg','storage/applications/2023/10/268/275/268_275_0_1698245577.pdf',NULL,1,1,23,NULL,NULL,NULL,'2023-10-25 14:52:57','2023-10-25 14:52:57'),(432,1,284,'Selfi 1','document_images/23/document_20231011153941_739.png',NULL,0,1,23,NULL,NULL,NULL,'2023-10-27 09:06:33','2023-10-27 09:06:33'),(433,1,284,'Selfi 2','document_images/23/document_20231011153941_739.png',NULL,0,1,23,NULL,NULL,NULL,'2023-10-27 09:06:33','2023-10-27 09:06:33'),(438,1,287,'Lična karta 1','document_images/23/document_20231020172848_66.png',NULL,0,1,23,NULL,NULL,NULL,'2023-10-27 10:24:17','2023-10-27 10:24:17'),(439,1,287,'Lična karta 2','document_images/23/document_20231020172848_66.png',NULL,0,1,23,NULL,NULL,NULL,'2023-10-27 10:24:17','2023-10-27 10:24:17'),(440,1,288,'Kreiranje vozila 1','document_images/23/document_20231010130653_954.png',NULL,0,1,23,NULL,NULL,NULL,'2023-10-30 09:42:11','2023-10-30 09:42:11'),(441,1,288,'Kreiranje vozila 2','document_images/23/document_20231010130653_954.png',NULL,0,1,23,NULL,NULL,NULL,'2023-10-30 09:42:11','2023-10-30 09:42:11'),(442,1,289,'Kreiranje vozila 1','document_images/23/document_20231010130653_954.png',NULL,0,1,23,NULL,NULL,NULL,'2023-10-30 09:58:56','2023-10-30 09:58:56'),(443,1,289,'Kreiranje vozila 2','document_images/23/document_20231010130653_954.png',NULL,0,1,23,NULL,NULL,NULL,'2023-10-30 09:58:56','2023-10-30 09:58:56');

--
-- Table structure for table `ticket_categories`
--

CREATE TABLE `ticket_categories` (
  `id` bigint(20) unsigned NOT NULL AUTO_INCREMENT,
  `category_id` int(11) DEFAULT NULL COMMENT '// Id iz iDrivy, tabela document_type',
  `name` varchar(255) DEFAULT NULL,
  `color` varchar(45) DEFAULT NULL,
  `status` tinyint(4) NOT NULL DEFAULT 0 COMMENT '1) Kategorija se generiše automatski',
  `required` tinyint(4) DEFAULT 0 COMMENT '// Obavezno vozilo za kategoriju',
  `type` tinyint(4) DEFAULT 0 COMMENT '// 0) Kategorija za dokumenta 1) Kategorija za oglase',
  `active` tinyint(4) NOT NULL DEFAULT 1,
  `id_user` bigint(20) unsigned DEFAULT NULL COMMENT '// Id korisnika koji je kreirao zapis (korisnik koji je dodelio)',
  `ip_address` varchar(15) DEFAULT NULL,
  `id_user_modified` bigint(20) unsigned DEFAULT NULL COMMENT '// Id korisnika koji je uradio poslednju izmenu',
  `ip_address_modified` varchar(15) DEFAULT NULL,
  `created_at` datetime NOT NULL DEFAULT current_timestamp() COMMENT '// Datum i vreme kreiranja zapisa',
  `updated_at` datetime DEFAULT NULL ON UPDATE current_timestamp() COMMENT '// Datum i vreme poslednje izmene zapisa',
  PRIMARY KEY (`id`)
) ENGINE=InnoDB AUTO_INCREMENT=46 DEFAULT CHARSET=utf8mb4;

--
-- Dumping data for table `ticket_categories`
--

INSERT INTO `ticket_categories` VALUES (1,1,'Lična karta',NULL,1,0,0,1,NULL,NULL,NULL,NULL,'2023-09-18 12:37:40','2023-10-02 16:30:14'),(2,2,'Vozačka dozvola',NULL,1,0,0,1,NULL,NULL,NULL,NULL,'2023-09-22 16:23:30','2023-10-04 14:47:08'),(3,3,'Saobraćajna dozvola',NULL,1,0,0,1,NULL,NULL,2,NULL,'2023-09-22 16:23:30','2023-10-31 10:40:23'),(4,4,'Selfi',NULL,1,0,0,1,NULL,NULL,NULL,NULL,'2023-09-22 16:23:30','2023-10-04 14:47:08'),(5,5,'Račun u banci za vozača',NULL,1,0,0,1,NULL,NULL,NULL,NULL,'2023-09-22 16:23:30','2023-10-04 14:47:08'),(6,6,'Račun u banci za domaćina',NULL,1,0,0,1,NULL,NULL,NULL,NULL,'2023-09-22 16:23:30','2023-10-04 14:47:08'),(7,NULL,'Kreiranje vozila',NULL,1,0,1,1,NULL,NULL,2,NULL,'2023-09-22 16:23:30','2023-10-18 09:12:58'),(8,NULL,'Depozit',NULL,0,0,0,1,2,NULL,2,NULL,'2023-09-27 14:34:31','2023-10-04 14:47:08'),(44,NULL,'test',NULL,0,0,0,1,NULL,NULL,NULL,NULL,'2023-10-27 11:50:20',NULL),(45,NULL,'nova',NULL,0,0,0,1,2,NULL,NULL,NULL,'2023-10-31 09:39:32','2023-10-31 09:39:32');

--
-- Table structure for table `ticket_category_users`
--

CREATE TABLE `ticket_category_users` (
  `id` bigint(20) unsigned NOT NULL AUTO_INCREMENT,
  `category_id` bigint(20) unsigned DEFAULT NULL,
  `user_id` bigint(20) unsigned DEFAULT NULL COMMENT '// Id korisnka kome je dodeljena kategorija da može da rešava',
  `active` tinyint(4) NOT NULL DEFAULT 1,
  `id_user` bigint(20) unsigned DEFAULT NULL COMMENT '// Id korisnika koji je kreirao zapis (korisnik koji je dodelio)',
  `ip_address` varchar(15) DEFAULT NULL,
  `id_user_modified` bigint(20) unsigned DEFAULT NULL COMMENT '// Id korisnika koji je uradio poslednju izmenu',
  `ip_address_modified` varchar(15) DEFAULT NULL,
  `created_at` datetime NOT NULL DEFAULT current_timestamp() COMMENT '// Datum i vreme kreiranja zapisa',
  `updated_at` datetime DEFAULT NULL ON UPDATE current_timestamp() COMMENT '// Datum i vreme poslednje izmene zapisa',
  PRIMARY KEY (`id`)
) ENGINE=InnoDB AUTO_INCREMENT=39 DEFAULT CHARSET=utf8mb4;

--
-- Dumping data for table `ticket_category_users`
--

INSERT INTO `ticket_category_users` VALUES (1,3,3,1,2,NULL,NULL,NULL,'2023-09-27 10:25:06','2023-10-17 16:57:14'),(2,4,3,1,2,NULL,NULL,NULL,'2023-09-27 10:29:12','2023-10-17 16:57:14'),(3,2,3,0,2,NULL,2,NULL,'2023-09-27 10:29:16','2023-10-17 16:57:14'),(4,2,3,1,2,NULL,NULL,NULL,'2023-09-27 10:32:47','2023-10-17 16:57:14'),(5,1,7,0,2,NULL,2,NULL,'2023-10-05 15:19:40','2023-10-05 15:19:51'),(6,3,7,0,2,NULL,2,NULL,'2023-10-05 15:19:40','2023-10-05 15:19:51'),(7,4,7,0,2,NULL,2,NULL,'2023-10-05 15:19:51','2023-10-05 15:20:47'),(8,1,7,0,2,NULL,2,NULL,'2023-10-05 15:20:47','2023-10-05 15:20:58'),(9,4,7,0,2,NULL,2,NULL,'2023-10-05 15:20:47','2023-10-05 15:20:58'),(10,5,7,0,2,NULL,2,NULL,'2023-10-05 15:20:58','2023-10-05 15:21:28'),(11,1,7,1,2,NULL,2,NULL,'2023-10-05 15:21:28','2023-10-26 12:26:06'),(12,5,7,0,2,NULL,2,NULL,'2023-10-05 15:21:39','2023-10-05 15:24:42'),(13,1,7,0,2,NULL,2,NULL,'2023-10-05 15:22:29','2023-10-05 15:26:24'),(14,3,7,1,2,NULL,2,NULL,'2023-10-05 15:24:42','2023-10-17 16:57:14'),(15,3,7,0,2,NULL,2,NULL,'2023-10-05 15:24:53','2023-10-05 15:24:53'),(16,3,7,0,2,NULL,2,NULL,'2023-10-05 15:25:53','2023-10-05 15:26:11'),(17,4,7,0,2,NULL,2,NULL,'2023-10-05 15:26:11','2023-10-05 15:26:32'),(18,5,7,1,2,NULL,NULL,NULL,'2023-10-05 15:26:24','2023-10-05 15:26:24'),(19,4,7,1,2,NULL,NULL,NULL,'2023-10-06 08:43:00','2023-10-06 08:43:00'),(20,4,101,1,2,NULL,NULL,NULL,'2023-10-13 15:21:42','2023-10-13 15:21:42'),(21,5,101,1,2,NULL,NULL,NULL,'2023-10-13 15:21:42','2023-10-13 15:21:42'),(22,2,104,1,2,NULL,NULL,NULL,'2023-10-19 12:34:14','2023-10-19 12:34:14'),(23,3,104,1,2,NULL,NULL,NULL,'2023-10-19 12:34:14','2023-10-19 12:34:14'),(24,4,104,1,2,NULL,NULL,NULL,'2023-10-19 12:34:14','2023-10-19 12:34:14'),(25,2,112,0,2,NULL,2,NULL,'2023-10-19 14:59:57','2023-10-19 15:00:16'),(26,4,112,0,2,NULL,2,NULL,'2023-10-19 14:59:57','2023-10-19 15:00:09'),(27,6,112,0,2,NULL,2,NULL,'2023-10-19 15:00:09','2023-10-19 15:00:27'),(28,7,112,1,2,NULL,NULL,NULL,'2023-10-19 15:00:25','2023-10-19 15:00:25'),(29,1,112,1,2,NULL,NULL,NULL,'2023-10-19 15:00:26','2023-10-19 15:00:26'),(30,1,3,1,2,NULL,NULL,NULL,'2023-10-21 21:11:38','2023-10-21 21:11:38'),(31,7,131,1,2,NULL,NULL,NULL,'2023-10-21 21:12:53','2023-10-21 21:12:53'),(32,8,131,1,2,NULL,NULL,NULL,'2023-10-21 21:12:53','2023-10-21 21:12:53'),(33,1,2,0,NULL,NULL,NULL,NULL,'2023-10-26 12:17:37','2023-10-26 12:18:05'),(34,1,2,1,NULL,NULL,NULL,NULL,'2023-10-26 12:21:03',NULL),(35,1,111,1,NULL,NULL,NULL,NULL,'2023-10-26 12:33:35',NULL),(36,44,3,1,NULL,NULL,NULL,NULL,'2023-10-27 11:50:38',NULL),(37,44,2,1,NULL,NULL,NULL,NULL,'2023-10-27 11:50:38',NULL),(38,4,136,1,2,NULL,NULL,NULL,'2023-10-30 10:51:12','2023-10-30 10:51:12');

--
-- Table structure for table `ticket_channel_types`
--

CREATE TABLE `ticket_channel_types` (
  `id` bigint(20) unsigned NOT NULL AUTO_INCREMENT,
  `name` varchar(255) DEFAULT NULL,
  `status` tinyint(4) NOT NULL DEFAULT 1 COMMENT '// 0) kanal preko moba 1) Ostali kanali',
  `active` tinyint(4) NOT NULL DEFAULT 1,
  `id_user` bigint(20) unsigned DEFAULT NULL COMMENT '// Id korisnika koji je kreirao zapis',
  `ip_address` varchar(15) DEFAULT NULL,
  `id_user_modified` bigint(20) unsigned DEFAULT NULL COMMENT '// Id korisnika koji je uradio poslednju izmenu',
  `ip_address_modified` varchar(15) DEFAULT NULL COMMENT '// Id korisnika koji je posednji izvršio izmene',
  `created_at` datetime NOT NULL DEFAULT current_timestamp() COMMENT '// Datum i vreme dodele',
  `updated_at` datetime DEFAULT NULL ON UPDATE current_timestamp() COMMENT '// Datum i vreme poslednje izmene zapisa',
  PRIMARY KEY (`id`)
) ENGINE=InnoDB AUTO_INCREMENT=7 DEFAULT CHARSET=utf8mb4;

--
-- Dumping data for table `ticket_channel_types`
--

INSERT INTO `ticket_channel_types` VALUES (1,'ANDROID',0,1,NULL,NULL,NULL,NULL,'2023-09-12 13:20:42','2023-10-06 16:09:31'),(2,'IOS',0,1,NULL,NULL,NULL,NULL,'2023-09-12 13:20:42','2023-10-06 16:09:31'),(3,'WEB',0,1,NULL,NULL,NULL,NULL,'2023-09-12 13:20:42','2023-10-30 10:28:56'),(4,'EMAIL',1,1,NULL,NULL,NULL,NULL,'2023-09-12 13:20:42','2023-10-30 10:28:56'),(5,'PHONE',1,1,NULL,NULL,NULL,NULL,'2023-09-12 13:21:01','2023-10-30 10:28:56'),(6,'SMS',1,1,NULL,NULL,NULL,NULL,'2023-10-30 10:28:56',NULL);

--
-- Table structure for table `ticket_comments`
--

CREATE TABLE `ticket_comments` (
  `id` bigint(20) unsigned NOT NULL AUTO_INCREMENT,
  `parent_id` bigint(20) unsigned DEFAULT NULL COMMENT '// Povezana poruka',
  `recipient_id` bigint(20) unsigned DEFAULT NULL COMMENT '// Id korisnika kome je upućena poruka, odnosno sa kojim korisnikom se radi prepiska, to je vlasnik tiketa. Ostavljeno kao opcija, po def  će biti NULL',
  `ticket_id` bigint(20) unsigned DEFAULT NULL COMMENT '// Id tiketa',
  `content` longtext DEFAULT NULL,
  `seen` tinyint(4) NOT NULL DEFAULT 0 COMMENT '// Da li je poruka pregledana',
  `active` tinyint(4) NOT NULL DEFAULT 1,
  `id_user` bigint(20) unsigned DEFAULT NULL COMMENT '// Id korisnika koji je kreirao zapis',
  `ip_address` varchar(15) DEFAULT NULL,
  `id_user_modified` bigint(20) unsigned DEFAULT NULL COMMENT '// Id korisnika koji je uradio poslednju izmenu',
  `ip_address_modified` varchar(15) DEFAULT NULL COMMENT '// Id korisnika koji je posednji izvršio izmene',
  `created_at` datetime NOT NULL DEFAULT current_timestamp() COMMENT '// Datum i vreme kreiranja zapisa',
  `updated_at` datetime DEFAULT NULL ON UPDATE current_timestamp() COMMENT '// Datum i vreme poslednje izmene zapisa',
  `id_user_seen` bigint(20) unsigned DEFAULT NULL COMMENT '// Id korisnika koji je uradio poslednju izmenu',
  `seen_at` datetime DEFAULT NULL,
  `ip_address_seen` varchar(15) DEFAULT NULL COMMENT '// Ip korisnika koji je posednji izvršio izmene',
  PRIMARY KEY (`id`)
) ENGINE=InnoDB AUTO_INCREMENT=290 DEFAULT CHARSET=utf8mb4;

--
-- Dumping data for table `ticket_comments`
--

INSERT INTO `ticket_comments` VALUES (1,NULL,2,2,'Molim da mi se odobri prijava naloga',0,1,2,NULL,NULL,NULL,'2023-09-18 09:18:42','2023-09-22 11:50:22',NULL,NULL,NULL),(2,NULL,1,2,'Za koji nalog zelite da se odobri?',0,1,2,NULL,NULL,NULL,'2023-09-18 09:22:27','2023-09-22 11:51:50',NULL,NULL,NULL),(3,NULL,2,2,'Za nalog #4569',0,1,2,NULL,NULL,NULL,'2023-09-22 09:11:45','2023-09-22 11:51:50',NULL,NULL,NULL),(4,NULL,1,2,'Odobreno je',0,1,2,NULL,NULL,NULL,'2023-09-22 09:22:46','2023-09-22 11:50:22',NULL,NULL,NULL),(10,NULL,3,11,'Molim da mi se odobri prijava naloga2',0,1,2,NULL,NULL,NULL,'2023-09-22 11:03:16','2023-09-22 11:03:16',NULL,NULL,NULL),(11,NULL,3,12,'Molim da mi se odobri prijava naloga2',0,1,2,NULL,NULL,NULL,'2023-09-22 11:05:20','2023-09-22 11:05:20',NULL,NULL,NULL),(12,NULL,3,13,'Molim da mi se odobri prijava naloga2',0,1,2,NULL,NULL,NULL,'2023-09-22 14:50:11','2023-09-22 14:50:11',NULL,NULL,NULL),(13,NULL,3,14,'Molim da mi se odobri prijava naloga2',0,1,2,NULL,NULL,NULL,'2023-09-22 14:50:37','2023-09-22 14:50:37',NULL,NULL,NULL),(14,NULL,3,15,'Molim da mi se odobri prijava naloga2',0,1,2,NULL,NULL,NULL,'2023-09-22 14:52:09','2023-09-22 14:52:09',NULL,NULL,NULL),(15,NULL,3,16,'Molim da mi se odobri prijava naloga2',0,1,2,NULL,NULL,NULL,'2023-09-22 14:52:20','2023-09-22 14:52:20',NULL,NULL,NULL),(18,NULL,3,20,'Molim da mi se odobri prijava naloga2',0,1,2,NULL,NULL,NULL,'2023-09-25 09:21:17','2023-09-25 09:21:17',NULL,NULL,NULL),(19,NULL,3,21,'Molim da mi se odobri prijava naloga2',0,1,2,NULL,NULL,NULL,'2023-09-25 09:22:25','2023-09-25 09:22:25',NULL,NULL,NULL),(21,NULL,3,23,'Molim da mi se odobri prijava naloga2',0,1,2,NULL,NULL,NULL,'2023-09-25 09:23:14','2023-09-25 09:23:14',NULL,NULL,NULL),(38,NULL,3,40,'Molim da mi se odobri prijava naloga2',0,1,2,NULL,NULL,NULL,'2023-09-25 09:57:47','2023-09-25 09:57:47',NULL,NULL,NULL),(39,NULL,3,41,'Molim da mi se odobri prijava naloga2',0,1,2,NULL,NULL,NULL,'2023-09-25 09:58:39','2023-09-25 09:58:39',NULL,NULL,NULL),(42,NULL,3,44,'Molim da mi se odobri prijava naloga2',0,1,2,NULL,NULL,NULL,'2023-09-25 10:01:41','2023-09-25 10:01:41',NULL,NULL,NULL),(47,NULL,NULL,49,'Molim da mi se odobri prijava naloga ',0,1,5,NULL,NULL,NULL,'2023-09-25 10:05:42','2023-09-27 10:15:08',NULL,NULL,NULL),(48,NULL,5,49,'Molim Vas da nam prosledite nove slike',0,1,3,NULL,NULL,NULL,'2023-09-25 10:58:24','2023-09-28 14:48:38',NULL,NULL,NULL),(49,NULL,3,49,'Prosledjujem vam nove slike',0,0,5,NULL,NULL,NULL,'2023-09-25 12:35:26','2023-09-28 14:47:12',NULL,NULL,NULL),(50,NULL,3,49,'Ovo su slike prednjeg dela auta',0,1,5,NULL,NULL,NULL,'2023-09-25 12:37:25','2023-10-09 15:54:27',NULL,NULL,NULL),(51,NULL,3,49,'I zadnjeg dela auta',0,0,5,NULL,NULL,NULL,'2023-09-25 12:38:12','2023-09-28 14:47:12',NULL,NULL,NULL),(52,NULL,3,49,'A ovo su slike enterijera',0,0,5,NULL,NULL,NULL,'2023-09-25 12:56:06','2023-09-28 14:47:12',NULL,NULL,NULL),(53,NULL,3,50,'Molim da mi se odobri prijava naloga2',0,1,2,NULL,NULL,NULL,'2023-09-25 15:38:18','2023-09-25 15:38:18',NULL,NULL,NULL),(60,NULL,NULL,57,'Molim da mi se odobri prijava naloga2',0,1,3,NULL,NULL,NULL,'2023-09-29 15:02:25','2023-11-03 12:42:23',NULL,NULL,NULL),(61,NULL,NULL,58,'Molim da mi se odobri prijava naloga2',0,1,2,NULL,NULL,NULL,'2023-09-29 15:03:02','2023-09-29 15:03:02',NULL,NULL,NULL),(64,NULL,NULL,61,'Molim da mi se odobri prijava naloga2',0,1,2,NULL,NULL,NULL,'2023-09-29 15:04:43','2023-09-29 15:04:43',NULL,NULL,NULL),(66,NULL,NULL,63,'Molim da mi se odobri prijava naloga2',0,1,2,NULL,NULL,NULL,'2023-09-29 15:05:13','2023-09-29 15:05:13',NULL,NULL,NULL),(68,NULL,NULL,65,'Molim da mi se odobri prijava naloga2',0,1,2,NULL,NULL,NULL,'2023-09-29 15:06:34','2023-09-29 15:06:34',NULL,NULL,NULL),(69,NULL,NULL,66,'Molim da mi se odobri prijava naloga2',0,1,2,NULL,NULL,NULL,'2023-09-29 15:09:47','2023-09-29 15:09:47',NULL,NULL,NULL),(75,NULL,NULL,72,'Molim da mi se odobri prijava naloga2',0,1,2,NULL,NULL,NULL,'2023-09-29 15:11:17','2023-09-29 15:11:17',NULL,NULL,NULL),(76,NULL,NULL,73,'Molim da mi se odobri lična karta',0,1,2,NULL,NULL,NULL,'2023-10-03 08:12:33','2023-10-03 08:12:33',NULL,NULL,NULL),(77,NULL,NULL,74,'1',0,1,2,NULL,NULL,NULL,'2023-10-03 09:13:30','2023-10-03 09:13:30',NULL,NULL,NULL),(79,NULL,NULL,76,'Molim da mi se odobri prijava naloga2',0,1,2,NULL,NULL,NULL,'2023-10-04 10:53:27','2023-10-04 10:53:27',NULL,NULL,NULL),(80,NULL,NULL,77,'1',0,1,2,NULL,NULL,NULL,'2023-10-09 13:11:33','2023-10-09 13:11:33',NULL,NULL,NULL),(81,NULL,NULL,78,'1',0,1,2,NULL,NULL,NULL,'2023-10-09 13:12:50','2023-10-09 13:12:50',NULL,NULL,NULL),(82,NULL,NULL,79,'1',0,1,2,NULL,NULL,NULL,'2023-10-09 13:13:20','2023-10-09 13:13:20',NULL,NULL,NULL),(83,NULL,NULL,80,'1',0,1,2,NULL,NULL,NULL,'2023-10-09 13:14:51','2023-10-09 13:14:51',NULL,NULL,NULL),(85,NULL,NULL,82,'1',0,1,2,NULL,NULL,NULL,'2023-10-09 13:16:08','2023-10-09 13:16:08',NULL,NULL,NULL),(86,NULL,NULL,83,'1',0,1,2,NULL,NULL,NULL,'2023-10-09 13:16:22','2023-10-09 13:16:22',NULL,NULL,NULL),(93,NULL,NULL,90,'1',0,1,2,NULL,NULL,NULL,'2023-10-09 13:19:46','2023-10-09 13:19:46',NULL,NULL,NULL),(94,NULL,NULL,91,'1',0,1,2,NULL,NULL,NULL,'2023-10-09 13:20:13','2023-10-09 13:20:13',NULL,NULL,NULL),(95,NULL,NULL,91,'1',0,1,2,NULL,NULL,NULL,'2023-10-09 13:35:28','2023-10-09 13:35:28',NULL,NULL,NULL),(96,NULL,NULL,91,'1',0,1,2,NULL,NULL,NULL,'2023-10-09 14:17:55','2023-10-09 14:17:55',NULL,NULL,NULL),(97,NULL,NULL,92,'1',0,1,2,NULL,NULL,NULL,'2023-10-09 14:18:54','2023-10-09 14:18:54',NULL,NULL,NULL),(98,NULL,NULL,93,'1',0,1,2,NULL,NULL,NULL,'2023-10-09 14:59:48','2023-10-09 14:59:48',NULL,NULL,NULL),(103,NULL,NULL,98,'dddd',0,1,2,NULL,NULL,NULL,'2023-10-10 10:47:16','2023-10-10 10:47:16',NULL,NULL,NULL),(104,NULL,NULL,99,'dddd',0,1,2,NULL,NULL,NULL,'2023-10-10 10:48:12','2023-10-10 10:48:12',NULL,NULL,NULL),(105,NULL,NULL,100,'dddd',0,1,2,NULL,NULL,NULL,'2023-10-10 10:48:34','2023-10-10 10:48:34',NULL,NULL,NULL),(106,NULL,NULL,101,'dddd898989',0,1,2,NULL,2,NULL,'2023-10-10 11:26:00','2023-10-10 11:45:18',NULL,NULL,NULL),(107,NULL,NULL,102,'Ovo je neka poruka',0,1,2,NULL,NULL,NULL,'2023-10-10 11:58:16','2023-10-10 11:58:16',NULL,NULL,NULL),(108,NULL,NULL,103,'Ovo je neka poruka',0,1,2,NULL,NULL,NULL,'2023-10-10 12:01:09','2023-10-10 12:01:09',NULL,NULL,NULL),(110,NULL,NULL,105,'Ovo je neka poruka',0,1,2,NULL,NULL,NULL,'2023-10-10 12:02:14','2023-10-10 12:02:14',NULL,NULL,NULL),(113,NULL,NULL,108,'Ovo je neka poruka',0,1,2,NULL,2,NULL,'2023-10-10 12:02:59','2023-10-10 12:04:58',NULL,NULL,NULL),(114,NULL,NULL,109,'Ovo je neka poruka',0,1,2,NULL,NULL,NULL,'2023-10-10 13:22:33','2023-10-10 13:22:33',NULL,NULL,NULL),(116,NULL,NULL,111,'Ovo je neka poruka',0,1,2,NULL,NULL,NULL,'2023-10-10 13:26:26','2023-10-10 13:26:26',NULL,NULL,NULL),(117,NULL,NULL,112,'Ovo je neka poruka',0,1,2,NULL,NULL,NULL,'2023-10-10 13:29:46','2023-10-10 13:29:46',NULL,NULL,NULL),(118,NULL,NULL,113,'Ovo je neka poruka',0,1,2,NULL,NULL,NULL,'2023-10-10 13:32:08','2023-10-10 13:32:08',NULL,NULL,NULL),(119,NULL,NULL,114,'Ovo je neka poruka',0,1,2,NULL,NULL,NULL,'2023-10-10 13:32:45','2023-10-10 13:32:45',NULL,NULL,NULL),(120,NULL,NULL,115,'Ovo je neka poruka',0,1,2,NULL,NULL,NULL,'2023-10-10 13:40:26','2023-10-10 13:40:26',NULL,NULL,NULL),(121,NULL,NULL,116,'Ovo je neka poruka',0,1,2,NULL,2,NULL,'2023-10-10 13:43:56','2023-10-10 13:50:48',NULL,NULL,NULL),(125,NULL,NULL,120,'poruka 3',0,1,2,NULL,NULL,NULL,'2023-10-10 13:55:21','2023-10-10 13:55:21',NULL,NULL,NULL),(126,NULL,NULL,121,'poruka 3',0,1,2,NULL,NULL,NULL,'2023-10-10 13:55:31','2023-10-10 13:55:31',NULL,NULL,NULL),(127,NULL,NULL,122,'poruka 3',0,1,2,NULL,NULL,NULL,'2023-10-10 13:55:33','2023-10-10 13:55:33',NULL,NULL,NULL),(128,NULL,NULL,123,'poruka 3',0,1,2,NULL,NULL,NULL,'2023-10-10 13:56:53','2023-10-10 13:56:53',NULL,NULL,NULL),(129,NULL,NULL,124,'poruka 3',0,1,2,NULL,NULL,NULL,'2023-10-10 13:57:15','2023-10-10 13:57:15',NULL,NULL,NULL),(130,NULL,NULL,125,'poruka 3',0,1,2,NULL,NULL,NULL,'2023-10-10 14:02:46','2023-10-10 14:02:46',NULL,NULL,NULL),(131,NULL,NULL,126,'poruka 3',0,1,2,NULL,NULL,NULL,'2023-10-10 14:02:51','2023-10-10 14:02:51',NULL,NULL,NULL),(132,NULL,NULL,127,'poruka 3',0,1,2,NULL,NULL,NULL,'2023-10-10 14:02:55','2023-10-10 14:02:55',NULL,NULL,NULL),(133,NULL,NULL,128,'poruka 3',0,1,2,NULL,NULL,NULL,'2023-10-10 14:03:00','2023-10-10 14:03:00',NULL,NULL,NULL),(134,NULL,NULL,129,'poruka 3',0,1,2,NULL,NULL,NULL,'2023-10-10 14:03:15','2023-10-10 14:03:15',NULL,NULL,NULL),(135,NULL,NULL,130,'poruka 3',0,1,2,NULL,NULL,NULL,'2023-10-10 14:03:26','2023-10-10 14:03:26',NULL,NULL,NULL),(136,NULL,NULL,131,'poruka 3',0,1,2,NULL,NULL,NULL,'2023-10-10 14:03:29','2023-10-10 14:03:29',NULL,NULL,NULL),(137,NULL,NULL,132,'poruka 3',0,1,2,NULL,NULL,NULL,'2023-10-10 14:03:31','2023-10-10 14:03:31',NULL,NULL,NULL),(138,NULL,NULL,133,'poruka 3',0,1,2,NULL,NULL,NULL,'2023-10-10 14:03:33','2023-10-10 14:03:33',NULL,NULL,NULL),(139,NULL,NULL,134,'Ovo je neka poruka',0,1,2,NULL,NULL,NULL,'2023-10-10 14:05:19','2023-10-10 14:05:19',NULL,NULL,NULL),(140,NULL,NULL,135,'Ovo je neka poruka',0,1,2,NULL,NULL,NULL,'2023-10-10 14:05:30','2023-10-10 14:05:30',NULL,NULL,NULL),(141,NULL,NULL,136,'Ovo je neka poruka',0,1,2,NULL,NULL,NULL,'2023-10-10 14:05:34','2023-10-10 14:05:34',NULL,NULL,NULL),(144,NULL,NULL,139,'Ovo je neka poruka',0,1,2,NULL,NULL,NULL,'2023-10-10 14:09:42','2023-10-10 14:09:42',NULL,NULL,NULL),(146,NULL,NULL,141,'Ovo je neka poruka',0,1,2,NULL,NULL,NULL,'2023-10-10 14:13:49','2023-10-10 14:13:49',NULL,NULL,NULL),(147,NULL,NULL,142,'Test 1234',0,1,2,NULL,2,NULL,'2023-10-10 14:14:01','2023-10-10 14:25:41',NULL,NULL,NULL),(148,NULL,NULL,142,'xxx',0,1,1,NULL,NULL,NULL,'2023-10-10 16:25:37',NULL,NULL,NULL,NULL),(149,NULL,NULL,143,'poruka 3',0,1,2,NULL,NULL,NULL,'2023-10-10 14:26:42','2023-10-10 14:26:42',NULL,NULL,NULL),(150,NULL,NULL,144,'test',0,1,2,NULL,2,NULL,'2023-10-10 14:49:44','2023-10-13 15:05:49',NULL,NULL,NULL),(151,NULL,NULL,145,'Test 1234',0,1,2,NULL,NULL,NULL,'2023-10-11 08:23:49','2023-10-11 08:23:49',NULL,NULL,NULL),(152,NULL,NULL,146,'Test 1234',0,1,2,NULL,NULL,NULL,'2023-10-11 13:44:00','2023-10-11 13:44:00',NULL,NULL,NULL),(153,NULL,NULL,147,'Test 1234',0,1,2,NULL,2,NULL,'2023-10-11 13:44:06','2023-10-11 13:46:31',NULL,NULL,NULL),(154,NULL,NULL,148,'test',0,1,2,NULL,NULL,NULL,'2023-10-12 09:49:09','2023-10-12 09:49:09',NULL,NULL,NULL),(170,NULL,NULL,165,'test',0,1,2,NULL,NULL,NULL,'2023-10-12 11:02:24','2023-10-12 11:02:24',NULL,NULL,NULL),(174,NULL,NULL,169,'test',0,1,2,NULL,NULL,NULL,'2023-10-12 11:04:37','2023-10-12 11:04:37',NULL,NULL,NULL),(175,NULL,NULL,170,'test',0,1,2,NULL,NULL,NULL,'2023-10-12 11:17:16','2023-10-12 11:17:16',NULL,NULL,NULL),(176,NULL,NULL,171,'test',0,1,2,NULL,NULL,NULL,'2023-10-12 11:21:21','2023-10-12 11:21:21',NULL,NULL,NULL),(177,NULL,NULL,172,'test',0,1,2,NULL,NULL,NULL,'2023-10-18 09:18:25','2023-10-18 09:18:25',NULL,NULL,NULL),(178,NULL,NULL,173,'test',0,1,2,NULL,NULL,NULL,'2023-10-18 09:20:47','2023-10-18 09:20:47',NULL,NULL,NULL),(179,NULL,NULL,174,'test',0,1,2,NULL,NULL,NULL,'2023-10-18 09:26:35','2023-10-18 09:26:35',NULL,NULL,NULL),(180,NULL,NULL,175,'test',0,1,2,NULL,NULL,NULL,'2023-10-18 09:27:16','2023-10-18 09:27:16',NULL,NULL,NULL),(192,NULL,NULL,187,'test',0,1,2,NULL,NULL,NULL,'2023-10-18 09:31:03','2023-10-18 09:31:03',NULL,NULL,NULL),(193,NULL,NULL,188,'test',0,1,2,NULL,NULL,NULL,'2023-10-18 09:34:23','2023-10-18 09:34:23',NULL,NULL,NULL),(194,NULL,NULL,189,'test',0,1,2,NULL,NULL,NULL,'2023-10-18 09:34:41','2023-10-18 09:34:41',NULL,NULL,NULL),(195,NULL,NULL,190,'test',0,1,2,NULL,NULL,NULL,'2023-10-18 09:36:05','2023-10-18 09:36:05',NULL,NULL,NULL),(196,NULL,NULL,191,'test',0,1,3,NULL,3,NULL,'2023-10-18 14:07:05','2023-10-18 16:56:33',NULL,NULL,NULL),(197,NULL,NULL,192,'test',0,1,3,NULL,NULL,NULL,'2023-10-18 14:11:33','2023-10-18 14:11:33',NULL,NULL,NULL),(198,NULL,NULL,193,'test',0,1,3,NULL,NULL,NULL,'2023-10-18 14:13:31','2023-10-18 14:13:31',NULL,NULL,NULL),(199,NULL,NULL,194,'test',0,1,3,NULL,NULL,NULL,'2023-10-18 14:14:07','2023-10-18 14:14:07',NULL,NULL,NULL),(203,NULL,NULL,198,'test',0,1,3,NULL,NULL,NULL,'2023-10-18 14:17:35','2023-10-18 14:17:35',NULL,NULL,NULL),(204,NULL,NULL,199,'test',0,1,3,NULL,NULL,NULL,'2023-10-18 14:18:13','2023-10-18 14:18:13',NULL,NULL,NULL),(205,NULL,NULL,200,'test',0,1,3,NULL,NULL,NULL,'2023-10-18 14:19:30','2023-10-18 14:19:30',NULL,NULL,NULL),(206,NULL,NULL,191,'ppp',0,1,23,NULL,3,NULL,'2023-10-18 16:56:33','2023-10-18 16:57:43',NULL,NULL,NULL),(207,NULL,NULL,191,'888',0,1,2,NULL,3,NULL,'2023-10-18 16:57:00','2023-10-18 16:58:37',NULL,NULL,NULL),(210,NULL,NULL,203,'test',0,1,2,NULL,NULL,NULL,'2023-10-19 15:20:42','2023-10-19 15:20:42',NULL,NULL,NULL),(211,NULL,NULL,204,'test',0,1,2,NULL,NULL,NULL,'2023-10-19 15:24:45','2023-10-19 15:24:45',NULL,NULL,NULL),(212,NULL,NULL,205,'test',0,1,2,NULL,NULL,NULL,'2023-10-19 15:47:00','2023-10-19 15:47:00',NULL,NULL,NULL),(215,NULL,NULL,208,'test',0,1,2,NULL,NULL,NULL,'2023-10-19 15:59:35','2023-10-19 15:59:35',NULL,NULL,NULL),(219,NULL,NULL,212,'test',0,1,2,NULL,NULL,NULL,'2023-10-19 16:01:14','2023-10-19 16:01:14',NULL,NULL,NULL),(221,NULL,NULL,214,'test',0,1,2,NULL,NULL,NULL,'2023-10-19 16:02:28','2023-10-19 16:02:28',NULL,NULL,NULL),(232,NULL,NULL,225,'test',0,1,2,NULL,NULL,NULL,'2023-10-19 16:39:40','2023-10-19 16:39:40',NULL,NULL,NULL),(233,NULL,NULL,226,'test',0,1,2,NULL,NULL,NULL,'2023-10-19 16:40:47','2023-10-19 16:40:47',NULL,NULL,NULL),(234,NULL,NULL,227,'test',0,1,2,NULL,NULL,NULL,'2023-10-19 16:51:12','2023-10-19 16:51:12',NULL,NULL,NULL),(235,NULL,NULL,228,'test',0,1,2,NULL,NULL,NULL,'2023-10-19 16:54:27','2023-10-19 16:54:27',NULL,NULL,NULL),(236,NULL,NULL,229,'test',0,1,2,NULL,NULL,NULL,'2023-10-19 16:59:31','2023-10-19 16:59:31',NULL,NULL,NULL),(237,NULL,NULL,230,'test',0,1,2,NULL,NULL,NULL,'2023-10-19 17:01:16','2023-10-19 17:01:16',NULL,NULL,NULL),(238,NULL,NULL,231,'test',0,1,2,NULL,NULL,NULL,'2023-10-19 17:02:24','2023-10-19 17:02:24',NULL,NULL,NULL),(239,NULL,NULL,232,'test',0,1,2,NULL,NULL,NULL,'2023-10-19 17:05:52','2023-10-19 17:05:52',NULL,NULL,NULL),(240,NULL,NULL,233,'test',0,1,2,NULL,NULL,NULL,'2023-10-19 17:06:14','2023-10-19 17:06:14',NULL,NULL,NULL),(241,NULL,NULL,234,'test',0,1,2,NULL,NULL,NULL,'2023-10-19 17:09:27','2023-10-19 17:09:27',NULL,NULL,NULL),(247,NULL,NULL,240,'test',0,1,2,NULL,NULL,NULL,'2023-10-19 17:17:53','2023-10-19 17:17:53',NULL,NULL,NULL),(251,NULL,NULL,244,'test',0,1,2,NULL,NULL,NULL,'2023-10-19 17:33:44','2023-10-19 17:33:44',NULL,NULL,NULL),(254,NULL,NULL,247,'test',0,1,2,NULL,NULL,NULL,'2023-10-19 17:49:00','2023-10-19 17:49:00',NULL,NULL,NULL),(255,NULL,NULL,248,'test',0,1,2,NULL,NULL,NULL,'2023-10-19 17:50:00','2023-10-19 17:50:00',NULL,NULL,NULL),(256,NULL,NULL,249,'test',0,1,2,NULL,NULL,NULL,'2023-10-19 17:50:20','2023-10-19 17:50:20',NULL,NULL,NULL),(257,NULL,NULL,250,'test',0,1,2,NULL,2,NULL,'2023-10-19 17:53:29','2023-10-19 19:08:44',NULL,NULL,NULL),(258,NULL,NULL,251,'test',0,1,2,NULL,NULL,NULL,'2023-10-19 19:47:36','2023-10-19 19:47:36',NULL,NULL,NULL),(259,NULL,NULL,252,'test',0,1,2,NULL,NULL,NULL,'2023-10-19 19:48:52','2023-10-19 19:48:52',NULL,NULL,NULL),(260,NULL,NULL,253,'test',0,1,2,NULL,NULL,NULL,'2023-10-19 19:49:34','2023-10-19 19:49:34',NULL,NULL,NULL),(261,NULL,NULL,254,'test',0,1,2,NULL,NULL,NULL,'2023-10-19 19:49:47','2023-10-19 19:49:47',NULL,NULL,NULL),(263,NULL,NULL,256,'test',0,1,2,NULL,NULL,NULL,'2023-10-20 11:41:50','2023-10-20 11:41:50',NULL,NULL,NULL),(267,NULL,NULL,260,'test',0,1,2,NULL,NULL,NULL,'2023-10-20 13:17:43','2023-10-20 13:17:43',NULL,NULL,NULL),(268,NULL,NULL,261,'test',0,1,2,NULL,NULL,NULL,'2023-10-23 14:09:34','2023-10-23 14:09:34',NULL,NULL,NULL),(269,NULL,NULL,262,'test',0,1,2,NULL,NULL,NULL,'2023-10-25 14:19:18','2023-10-25 14:19:18',NULL,NULL,NULL),(270,NULL,NULL,263,'test',0,1,2,NULL,NULL,NULL,'2023-10-25 14:23:18','2023-10-25 14:23:18',NULL,NULL,NULL),(272,NULL,NULL,265,'test',0,1,2,NULL,NULL,NULL,'2023-10-25 14:29:39','2023-10-25 14:29:39',NULL,NULL,NULL),(273,NULL,NULL,266,'test',0,1,2,NULL,NULL,NULL,'2023-10-25 14:42:16','2023-10-25 14:42:16',NULL,NULL,NULL),(274,NULL,NULL,267,'test',0,1,2,NULL,NULL,NULL,'2023-10-25 14:43:15','2023-10-25 14:43:15',NULL,NULL,NULL),(275,NULL,NULL,268,'test',0,1,2,NULL,2,NULL,'2023-10-25 14:52:08','2023-10-25 14:52:57',NULL,NULL,NULL),(276,NULL,NULL,57,'alooo',0,1,2,NULL,NULL,NULL,'2023-10-26 17:11:21','2023-10-26 17:11:21',NULL,NULL,NULL),(277,NULL,NULL,57,'sssssssssssss',0,1,2,NULL,NULL,NULL,'2023-10-26 17:38:22','2023-10-26 17:38:22',NULL,NULL,NULL),(278,NULL,NULL,57,'222',0,1,2,NULL,NULL,NULL,'2023-10-26 17:40:08','2023-10-26 17:40:08',NULL,NULL,NULL),(279,NULL,NULL,125,'dadsadasdsad',0,1,2,NULL,NULL,NULL,'2023-10-26 19:15:30','2023-10-26 19:15:30',NULL,NULL,NULL),(280,NULL,NULL,125,'dsdsds',0,1,2,NULL,NULL,NULL,'2023-10-26 19:18:46','2023-10-26 19:18:46',NULL,NULL,NULL),(281,NULL,NULL,125,'dsdsds',0,1,2,NULL,NULL,NULL,'2023-10-26 19:18:51','2023-10-26 19:18:51',NULL,NULL,NULL),(282,NULL,NULL,125,'sdsdsdsdsdsd',0,1,2,NULL,NULL,NULL,'2023-10-26 19:18:58','2023-10-26 19:18:58',NULL,NULL,NULL),(283,NULL,NULL,125,'sdsdsdssd',0,1,2,NULL,NULL,NULL,'2023-10-26 19:19:06','2023-10-26 19:19:06',NULL,NULL,NULL),(284,NULL,NULL,269,'test',0,1,2,NULL,NULL,NULL,'2023-10-27 09:06:32','2023-10-27 09:06:32',NULL,NULL,NULL),(287,NULL,NULL,272,'Molim da mi se odobri lk',0,1,2,NULL,2,NULL,'2023-10-27 10:24:17','2023-10-27 14:56:24',NULL,NULL,NULL),(288,NULL,NULL,273,'Molim da mi se odobri vozilo',0,1,2,NULL,2,NULL,'2023-10-30 09:42:11','2023-10-30 09:59:04',NULL,NULL,NULL),(289,NULL,NULL,274,'Molim da mi se odobri vozilo',0,1,2,NULL,NULL,NULL,'2023-10-30 09:58:56','2023-10-30 09:58:56',NULL,NULL,NULL);

--
-- Table structure for table `ticket_priorities`
--

CREATE TABLE `ticket_priorities` (
  `id` bigint(20) unsigned NOT NULL AUTO_INCREMENT,
  `name` varchar(45) DEFAULT NULL,
  `color` varchar(45) DEFAULT NULL,
  `active` tinyint(4) NOT NULL DEFAULT 1,
  `id_user` bigint(20) unsigned DEFAULT NULL COMMENT '// User koji je dodelio',
  `ip_address` varchar(15) DEFAULT NULL,
  `id_user_modified` bigint(20) unsigned DEFAULT NULL COMMENT '// Id korisnika koji je uradio poslednju izmenu',
  `ip_address_modified` varchar(15) DEFAULT NULL,
  `created_at` datetime NOT NULL DEFAULT current_timestamp() COMMENT '// Datum i vreme dodele',
  `updated_at` datetime DEFAULT NULL ON UPDATE current_timestamp() COMMENT '// Datum i vreme poslednje izmene zapisa',
  PRIMARY KEY (`id`)
) ENGINE=InnoDB AUTO_INCREMENT=4 DEFAULT CHARSET=utf8mb4;

--
-- Dumping data for table `ticket_priorities`
--

INSERT INTO `ticket_priorities` VALUES (1,'NIZAK',NULL,1,NULL,NULL,NULL,NULL,'2023-09-12 13:20:02',NULL),(2,'SREDNJI',NULL,1,NULL,NULL,NULL,NULL,'2023-09-12 13:20:02',NULL),(3,'VISOK',NULL,1,NULL,NULL,NULL,NULL,'2023-09-12 13:20:02',NULL);

--
-- Table structure for table `ticket_processings`
--

CREATE TABLE `ticket_processings` (
  `id` bigint(20) unsigned NOT NULL AUTO_INCREMENT,
  `ticket_id` bigint(20) unsigned DEFAULT NULL COMMENT '// ID tiketa',
  `status` tinyint(4) NOT NULL DEFAULT 1,
  `active` tinyint(4) NOT NULL DEFAULT 1,
  `id_user` bigint(20) unsigned DEFAULT NULL COMMENT '// Id korisnika koji je kreirao zapis (korisnik koji je dodelio)',
  `ip_address` varchar(15) DEFAULT NULL,
  `id_user_modified` bigint(20) unsigned DEFAULT NULL COMMENT '// Id korisnika koji je uradio poslednju izmenu',
  `ip_address_modified` varchar(15) DEFAULT NULL,
  `created_at` datetime NOT NULL DEFAULT current_timestamp() COMMENT '// Datum i vreme kreiranja zapisa',
  `updated_at` datetime DEFAULT NULL COMMENT '// Datum i vreme poslednje izmene zapisa',
  PRIMARY KEY (`id`)
) ENGINE=InnoDB AUTO_INCREMENT=128 DEFAULT CHARSET=utf8mb4;

--
-- Dumping data for table `ticket_processings`
--

INSERT INTO `ticket_processings` VALUES (1,272,0,1,2,NULL,2,NULL,'2023-10-27 14:14:54','2023-10-27 14:14:54'),(2,272,0,1,2,NULL,2,NULL,'2023-10-27 14:20:48','2023-10-27 14:43:18'),(3,124,0,1,2,NULL,2,NULL,'2023-10-27 14:41:05','2023-10-30 14:04:22'),(4,50,0,1,2,NULL,2,NULL,'2023-10-30 09:27:36','2023-10-30 13:07:07'),(5,272,1,1,2,NULL,NULL,NULL,'2023-10-30 09:39:59','2023-10-30 09:39:59'),(6,144,1,1,2,NULL,NULL,NULL,'2023-10-30 09:40:16','2023-10-30 09:40:16'),(7,273,0,1,2,NULL,2,NULL,'2023-10-30 09:42:27','2023-11-02 14:56:12'),(8,57,0,1,2,NULL,2,NULL,'2023-10-30 09:53:28','2023-10-30 09:55:01'),(9,57,0,1,2,NULL,2,NULL,'2023-10-30 09:56:49','2023-10-30 10:02:44'),(10,57,0,1,2,NULL,2,NULL,'2023-10-30 10:02:47','2023-10-30 10:09:18'),(11,57,0,1,2,NULL,2,NULL,'2023-10-30 10:10:23','2023-10-30 10:16:12'),(12,57,0,1,2,NULL,2,NULL,'2023-10-30 10:16:17','2023-10-30 10:16:34'),(13,57,0,1,2,NULL,2,NULL,'2023-10-30 10:16:42','2023-10-30 10:20:09'),(14,57,0,1,2,NULL,2,NULL,'2023-10-30 10:20:16','2023-10-30 10:21:53'),(15,66,0,1,2,NULL,2,NULL,'2023-10-30 10:22:18','2023-10-30 10:22:54'),(16,66,0,1,2,NULL,2,NULL,'2023-10-30 10:22:59','2023-10-30 10:23:39'),(17,66,0,1,2,NULL,2,NULL,'2023-10-30 10:23:42','2023-10-30 10:25:49'),(18,66,0,1,2,NULL,2,NULL,'2023-10-30 10:25:52','2023-10-30 10:45:50'),(19,66,0,1,2,NULL,2,NULL,'2023-10-30 10:45:53','2023-10-30 10:48:32'),(20,66,0,1,2,NULL,2,NULL,'2023-10-30 10:48:35','2023-10-30 10:48:45'),(21,66,0,1,2,NULL,2,NULL,'2023-10-30 10:48:48','2023-10-30 10:49:01'),(22,66,0,1,2,NULL,2,NULL,'2023-10-30 10:49:06','2023-10-30 10:50:15'),(23,57,0,1,2,NULL,2,NULL,'2023-10-30 11:14:13','2023-10-30 11:14:22'),(24,57,0,1,136,NULL,136,NULL,'2023-10-30 11:14:26','2023-10-30 11:16:32'),(25,57,0,1,136,NULL,136,NULL,'2023-10-30 11:16:35','2023-10-30 13:06:21'),(26,57,0,1,2,NULL,2,NULL,'2023-10-30 13:07:42','2023-10-30 13:11:27'),(27,57,0,1,2,NULL,2,NULL,'2023-10-30 13:11:38','2023-10-30 13:13:31'),(28,57,0,1,2,NULL,2,NULL,'2023-10-30 13:13:34','2023-10-30 13:15:27'),(29,50,0,1,2,NULL,2,NULL,'2023-10-30 13:15:35','2023-10-30 13:15:58'),(30,50,0,1,2,NULL,2,NULL,'2023-10-30 13:16:00','2023-10-30 13:16:06'),(31,50,0,1,2,NULL,2,NULL,'2023-10-30 13:16:31','2023-10-30 13:18:24'),(32,50,0,1,2,NULL,2,NULL,'2023-10-30 13:18:34','2023-10-30 13:18:44'),(33,50,0,1,2,NULL,2,NULL,'2023-10-30 13:20:07','2023-10-30 13:20:52'),(34,50,0,1,2,NULL,2,NULL,'2023-10-30 13:21:09','2023-10-30 13:21:15'),(35,50,0,1,2,NULL,2,NULL,'2023-10-30 13:28:54','2023-10-30 13:51:52'),(36,50,0,1,2,NULL,2,NULL,'2023-10-30 13:52:12','2023-10-30 13:53:04'),(37,50,0,1,136,NULL,136,NULL,'2023-10-30 13:53:21','2023-10-30 13:53:56'),(38,50,0,1,2,NULL,2,NULL,'2023-10-30 13:54:11','2023-10-30 13:54:23'),(39,50,0,1,2,NULL,2,NULL,'2023-10-30 13:54:35','2023-10-30 13:55:02'),(40,50,0,1,2,NULL,2,NULL,'2023-10-30 13:55:05','2023-10-30 13:55:15'),(41,50,0,1,2,NULL,2,NULL,'2023-10-30 14:03:07','2023-10-30 14:03:34'),(42,124,0,1,2,NULL,2,NULL,'2023-10-30 14:04:29','2023-10-30 14:32:06'),(43,50,0,1,2,NULL,2,NULL,'2023-10-30 14:05:10','2023-10-30 14:30:05'),(44,50,0,1,2,NULL,2,NULL,'2023-10-30 14:30:32','2023-10-30 14:30:37'),(45,124,0,1,2,NULL,2,NULL,'2023-10-30 14:32:10','2023-10-30 15:05:55'),(46,50,0,1,2,NULL,2,NULL,'2023-10-30 14:32:22','2023-10-30 14:32:46'),(47,50,0,1,2,NULL,2,NULL,'2023-10-30 14:46:51','2023-10-30 14:47:00'),(48,50,0,1,2,NULL,2,NULL,'2023-10-30 14:49:45','2023-10-30 14:49:51'),(49,50,0,1,2,NULL,2,NULL,'2023-10-30 14:50:03','2023-10-30 14:50:10'),(50,50,0,1,2,NULL,2,NULL,'2023-10-30 15:03:38','2023-10-30 15:04:55'),(51,50,0,1,2,NULL,2,NULL,'2023-10-30 15:15:28','2023-10-30 15:15:34'),(52,124,0,1,2,NULL,2,NULL,'2023-10-30 15:18:52','2023-10-31 09:45:40'),(53,125,0,1,2,NULL,2,NULL,'2023-10-30 15:59:17','2023-10-30 15:59:38'),(54,50,0,1,2,NULL,2,NULL,'2023-10-31 09:35:29','2023-10-31 09:40:17'),(55,50,0,1,2,NULL,2,NULL,'2023-10-31 09:40:20','2023-10-31 09:40:26'),(56,124,0,1,2,NULL,2,NULL,'2023-10-31 09:45:44','2023-10-31 09:45:51'),(57,124,0,1,2,NULL,2,NULL,'2023-10-31 09:49:22','2023-11-02 08:14:12'),(58,50,0,1,2,NULL,2,NULL,'2023-10-31 09:53:41','2023-11-02 10:13:35'),(59,124,0,1,2,NULL,2,NULL,'2023-11-02 08:23:51','2023-11-02 10:11:12'),(60,125,0,1,2,NULL,2,NULL,'2023-11-02 09:19:33','2023-11-02 09:19:34'),(61,123,0,1,2,NULL,2,NULL,'2023-11-02 10:11:14','2023-11-02 10:11:25'),(62,101,1,1,2,NULL,NULL,NULL,'2023-11-02 10:11:28','2023-11-02 10:11:28'),(63,124,0,1,2,NULL,2,NULL,'2023-11-02 10:13:41','2023-11-02 10:13:43'),(64,124,0,1,2,NULL,2,NULL,'2023-11-02 10:13:59','2023-11-02 10:18:53'),(65,123,0,1,2,NULL,2,NULL,'2023-11-02 10:18:56','2023-11-02 10:19:12'),(66,124,0,1,2,NULL,2,NULL,'2023-11-02 10:19:15','2023-11-02 10:32:57'),(67,123,1,1,2,NULL,NULL,NULL,'2023-11-02 10:24:06','2023-11-02 10:24:06'),(68,124,0,1,2,NULL,2,NULL,'2023-11-02 10:33:02','2023-11-02 10:39:01'),(69,124,0,1,2,NULL,2,NULL,'2023-11-02 10:39:04','2023-11-02 10:39:08'),(70,124,0,1,2,NULL,2,NULL,'2023-11-02 10:39:20','2023-11-02 13:57:51'),(71,124,0,1,2,NULL,2,NULL,'2023-11-02 13:58:13','2023-11-02 14:55:23'),(72,116,1,1,2,NULL,NULL,NULL,'2023-11-02 14:55:31','2023-11-02 14:55:31'),(73,125,0,1,2,NULL,2,NULL,'2023-11-02 14:55:38','2023-11-02 14:55:41'),(74,124,0,1,2,NULL,2,NULL,'2023-11-02 14:55:50','2023-11-02 14:55:53'),(75,171,0,1,2,NULL,2,NULL,'2023-11-02 14:56:15','2023-11-02 14:56:19'),(76,57,0,1,2,NULL,2,NULL,'2023-11-02 14:56:24','2023-11-02 14:56:27'),(77,50,0,1,2,NULL,2,NULL,'2023-11-02 14:56:29','2023-11-02 14:56:31'),(78,133,0,1,2,NULL,2,NULL,'2023-11-02 14:56:52','2023-11-02 14:56:55'),(79,132,0,1,2,NULL,2,NULL,'2023-11-02 14:56:57','2023-11-02 14:56:59'),(80,131,0,1,2,NULL,2,NULL,'2023-11-02 14:57:02','2023-11-02 14:57:04'),(81,130,0,1,2,NULL,2,NULL,'2023-11-02 14:57:06','2023-11-02 14:57:08'),(82,129,0,1,2,NULL,2,NULL,'2023-11-02 14:57:10','2023-11-02 14:57:12'),(83,50,0,1,2,NULL,2,NULL,'2023-11-02 14:57:44','2023-11-02 14:58:51'),(84,124,0,1,2,NULL,2,NULL,'2023-11-02 14:59:03','2023-11-02 15:31:36'),(85,131,0,1,2,NULL,2,NULL,'2023-11-02 15:31:43','2023-11-02 15:31:45'),(86,130,0,1,2,NULL,2,NULL,'2023-11-02 15:31:47','2023-11-02 15:31:50'),(87,63,0,1,2,NULL,2,NULL,'2023-11-02 15:31:54','2023-11-02 15:31:57'),(88,61,0,1,2,NULL,2,NULL,'2023-11-02 15:31:59','2023-11-02 15:32:01'),(89,74,0,1,2,NULL,2,NULL,'2023-11-02 15:32:04','2023-11-02 15:32:06'),(90,79,1,1,2,NULL,NULL,NULL,'2023-11-02 15:32:08','2023-11-02 15:32:08'),(91,83,1,1,2,NULL,NULL,NULL,'2023-11-02 15:32:14','2023-11-02 15:32:14'),(92,124,0,1,2,NULL,2,NULL,'2023-11-02 15:32:22','2023-11-02 15:44:08'),(93,124,0,1,2,NULL,2,NULL,'2023-11-02 15:44:12','2023-11-02 15:50:58'),(94,124,0,1,2,NULL,2,NULL,'2023-11-03 08:21:14','2023-11-03 08:21:16'),(95,124,0,1,2,NULL,2,NULL,'2023-11-03 08:21:24','2023-11-03 08:21:26'),(96,124,0,1,2,NULL,2,NULL,'2023-11-03 10:09:25','2023-11-03 10:10:07'),(97,130,0,1,2,NULL,2,NULL,'2023-11-03 10:10:11','2023-11-03 10:10:14'),(98,133,0,1,2,NULL,2,NULL,'2023-11-03 10:10:16','2023-11-03 10:10:18'),(99,132,0,1,2,NULL,2,NULL,'2023-11-03 10:10:21','2023-11-03 10:10:24'),(100,131,0,1,2,NULL,2,NULL,'2023-11-03 10:10:27','2023-11-03 10:10:30'),(101,130,0,1,2,NULL,2,NULL,'2023-11-03 10:10:32','2023-11-03 10:10:35'),(102,129,0,1,2,NULL,2,NULL,'2023-11-03 10:10:37','2023-11-03 10:10:40'),(103,128,0,1,2,NULL,2,NULL,'2023-11-03 10:10:42','2023-11-03 10:10:44'),(104,127,0,1,2,NULL,2,NULL,'2023-11-03 10:10:47','2023-11-03 10:10:50'),(105,126,0,1,2,NULL,2,NULL,'2023-11-03 10:10:53','2023-11-03 10:10:54'),(106,125,0,1,2,NULL,2,NULL,'2023-11-03 10:10:57','2023-11-03 10:11:00'),(107,124,0,1,2,NULL,2,NULL,'2023-11-03 10:11:03','2023-11-03 10:11:06'),(108,125,0,1,2,NULL,2,NULL,'2023-11-03 10:11:08','2023-11-03 10:11:12'),(109,273,0,1,2,NULL,2,NULL,'2023-11-03 10:11:15','2023-11-03 10:11:19'),(110,273,0,1,2,NULL,2,NULL,'2023-11-03 10:11:21','2023-11-03 10:13:17'),(111,171,0,1,2,NULL,2,NULL,'2023-11-03 10:13:21','2023-11-03 10:13:25'),(112,273,0,1,2,NULL,2,NULL,'2023-11-03 10:13:33','2023-11-03 10:13:37'),(113,50,0,1,2,NULL,2,NULL,'2023-11-03 10:13:42','2023-11-03 10:13:44'),(114,57,0,1,2,NULL,2,NULL,'2023-11-03 10:13:46','2023-11-03 10:13:48'),(115,58,0,1,2,NULL,2,NULL,'2023-11-03 10:13:50','2023-11-03 10:13:52'),(116,58,1,1,2,NULL,NULL,NULL,'2023-11-03 10:13:54','2023-11-03 10:13:54'),(117,61,0,1,2,NULL,2,NULL,'2023-11-03 10:13:56','2023-11-03 10:13:57'),(118,63,0,1,2,NULL,2,NULL,'2023-11-03 10:13:59','2023-11-03 10:14:00'),(119,273,0,1,2,NULL,2,NULL,'2023-11-03 10:15:33','2023-11-03 10:15:37'),(120,124,0,1,2,NULL,2,NULL,'2023-11-03 10:15:41','2023-11-03 10:16:01'),(121,124,0,1,2,NULL,2,NULL,'2023-11-03 10:41:36','2023-11-03 10:54:51'),(122,169,0,1,2,NULL,2,NULL,'2023-11-03 10:55:01','2023-11-03 10:55:04'),(123,169,0,1,2,NULL,2,NULL,'2023-11-03 10:56:05','2023-11-03 10:56:08'),(124,124,0,1,2,NULL,2,NULL,'2023-11-03 10:56:13','2023-11-03 10:56:17'),(125,124,0,1,2,NULL,2,NULL,'2023-11-03 10:56:34','2023-11-03 10:56:43'),(126,136,0,1,2,NULL,2,NULL,'2023-11-03 10:56:46','2023-11-03 10:56:49'),(127,57,1,1,2,NULL,NULL,NULL,'2023-11-03 11:32:00','2023-11-03 11:32:00');

--
-- Table structure for table `ticket_situation_categories`
--

CREATE TABLE `ticket_situation_categories` (
  `id` bigint(20) unsigned NOT NULL AUTO_INCREMENT,
  `name` varchar(45) DEFAULT NULL,
  `active` tinyint(4) NOT NULL DEFAULT 1,
  `id_user` bigint(20) unsigned DEFAULT NULL COMMENT '// Id korisnika koji je kreirao zapis',
  `ip_address` varchar(15) DEFAULT NULL,
  `id_user_modified` bigint(20) unsigned DEFAULT NULL COMMENT '// Id korisnika koji je uradio poslednju izmenu',
  `ip_address_modified` varchar(15) DEFAULT NULL,
  `created_at` datetime NOT NULL DEFAULT current_timestamp() COMMENT '// Datum i vreme dodele',
  `updated_at` datetime DEFAULT NULL ON UPDATE current_timestamp() COMMENT '// Datum i vreme poslednje izmene zapisa',
  PRIMARY KEY (`id`)
) ENGINE=InnoDB AUTO_INCREMENT=5 DEFAULT CHARSET=utf8mb4;

--
-- Dumping data for table `ticket_situation_categories`
--

INSERT INTO `ticket_situation_categories` VALUES (1,'Neadekvatna poruka',1,NULL,NULL,NULL,NULL,'2023-09-18 11:40:31',NULL),(2,'Poruka se ponavlja',1,NULL,NULL,NULL,NULL,'2023-09-18 11:40:31',NULL),(3,'Nedovoljno informacija',1,NULL,NULL,NULL,NULL,'2023-10-06 13:27:04',NULL),(4,'Spam poruka',1,NULL,NULL,NULL,NULL,'2023-10-06 13:27:04',NULL);

--
-- Table structure for table `ticket_situations`
--

CREATE TABLE `ticket_situations` (
  `id` bigint(20) unsigned NOT NULL AUTO_INCREMENT,
  `ticket_id` bigint(20) unsigned DEFAULT NULL COMMENT '// ID tiketa',
  `situation_category_id` bigint(20) unsigned DEFAULT NULL,
  `note` longtext DEFAULT NULL,
  `active` tinyint(4) NOT NULL DEFAULT 1,
  `id_user` bigint(20) unsigned DEFAULT NULL COMMENT '// Id korisnika koji je kreirao zapis',
  `ip_address` varchar(15) DEFAULT NULL,
  `id_user_modified` bigint(20) unsigned DEFAULT NULL COMMENT '// Id korisnika koji je uradio poslednju izmenu',
  `ip_address_modified` varchar(15) DEFAULT NULL COMMENT '// Id korisnika koji je posednji izvršio izmene',
  `created_at` datetime NOT NULL DEFAULT current_timestamp() COMMENT '// Datum i vreme kreiranja zapisa',
  `updated_at` datetime DEFAULT NULL ON UPDATE current_timestamp() COMMENT '// Datum i vreme poslednje izmene zapisa',
  PRIMARY KEY (`id`)
) ENGINE=InnoDB AUTO_INCREMENT=27 DEFAULT CHARSET=utf8mb4 COMMENT='// Situacije ';

--
-- Dumping data for table `ticket_situations`
--

INSERT INTO `ticket_situations` VALUES (1,3,6,'dsdsdsdsdsdsdsdsd',1,2,NULL,NULL,NULL,'2023-09-18 12:45:00','2023-09-18 12:45:00'),(2,1,4,'Ovo je neka napomenatttttttttttttttttttttttttttt88',0,2,NULL,2,NULL,'2023-09-18 12:45:19','2023-09-21 08:09:36'),(3,1,5,'Ovo je neka napomenatttttttttttttttttttttttttttt8822',0,2,NULL,2,NULL,'2023-09-18 14:04:11','2023-09-21 08:09:36'),(4,1,5,NULL,0,2,NULL,2,NULL,'2023-09-21 08:10:13','2023-09-21 08:10:25'),(5,1,5,'Ovo je neka napomenatttttttttttttttttttttttttttt882277888',0,2,NULL,2,NULL,'2023-09-21 08:10:25','2023-09-21 08:10:45'),(6,256,5,'Ovo je neka napomenatttttttttttttttttttttttttttt882277888',1,2,NULL,NULL,NULL,'2023-09-21 08:11:02','2023-10-20 14:01:26'),(7,82,1,'test1234',0,2,NULL,2,NULL,'2023-10-10 09:09:19','2023-10-10 09:10:54'),(8,144,4,'Poruka nije adekvatna',0,2,NULL,2,NULL,'2023-10-26 15:24:30','2023-10-26 15:26:12'),(12,144,4,'Poruka nije adekvatna',0,2,NULL,2,NULL,'2023-10-26 15:26:12','2023-10-26 15:30:39'),(16,144,4,'Poruka nije adekvatna',1,2,NULL,NULL,NULL,'2023-10-26 15:30:39','2023-10-26 15:30:39'),(17,125,2,'jbjkb',0,2,NULL,2,NULL,'2023-10-26 17:59:35','2023-10-27 08:20:32'),(18,125,2,'jjkjn',1,2,NULL,NULL,NULL,'2023-10-27 08:20:32','2023-10-27 08:20:32'),(19,58,2,'dsdasdsa',1,2,NULL,NULL,NULL,'2023-10-27 08:42:47','2023-10-27 08:42:47'),(20,269,4,NULL,0,2,NULL,2,NULL,'2023-10-27 09:23:50','2023-10-27 09:24:34'),(21,269,4,NULL,0,2,NULL,2,NULL,'2023-10-27 09:24:34','2023-10-27 09:25:01'),(22,57,4,'dasds',0,2,NULL,2,NULL,'2023-10-27 13:35:40','2023-10-30 10:17:53'),(23,57,1,'bla bla truc',0,2,NULL,2,NULL,'2023-10-30 10:17:54','2023-10-30 13:12:51'),(24,66,2,'bla bla truc',1,2,NULL,NULL,NULL,'2023-10-30 10:34:12','2023-10-30 10:34:12'),(25,273,1,'Napomena #1',1,2,NULL,NULL,NULL,'2023-10-30 11:10:39','2023-10-30 11:10:39'),(26,57,4,'bla bla',1,2,NULL,NULL,NULL,'2023-10-30 13:12:51','2023-10-30 13:12:51');

--
-- Table structure for table `ticket_solvings`
--

CREATE TABLE `ticket_solvings` (
  `id` bigint(20) unsigned NOT NULL AUTO_INCREMENT,
  `parent_id` bigint(20) unsigned DEFAULT NULL,
  `ticket_id` bigint(20) unsigned DEFAULT NULL,
  `content` varchar(255) DEFAULT NULL,
  `active` tinyint(4) NOT NULL DEFAULT 1,
  `id_user` bigint(20) unsigned DEFAULT NULL COMMENT '// Id korisnika koji je kreirao zapis',
  `ip_address` varchar(15) DEFAULT NULL,
  `id_user_modified` bigint(20) unsigned DEFAULT NULL COMMENT '// Id korisnika koji je uradio poslednju izmenu',
  `ip_address_modified` varchar(15) DEFAULT NULL COMMENT '// Id korisnika koji je posednji izvršio izmene',
  `created_at` datetime NOT NULL DEFAULT current_timestamp() COMMENT '// Datum i vreme kreiranja zapisa',
  `updated_at` datetime DEFAULT NULL ON UPDATE current_timestamp() COMMENT '// Datum i vreme poslednje izmene zapisa',
  PRIMARY KEY (`id`)
) ENGINE=InnoDB AUTO_INCREMENT=79 DEFAULT CHARSET=utf8mb4 COMMENT='// Evidencije vrednosti resenih tiketa, log tabela statusa';

--
-- Dumping data for table `ticket_solvings`
--

INSERT INTO `ticket_solvings` VALUES (1,NULL,171,'4',1,2,NULL,NULL,NULL,'2023-10-12 13:43:23','2023-10-12 13:43:23'),(2,NULL,171,'5',1,2,NULL,NULL,NULL,'2023-10-12 13:43:43','2023-10-12 13:43:43'),(5,NULL,171,'5',1,2,NULL,NULL,NULL,'2023-10-12 14:34:35','2023-10-12 14:34:35'),(6,NULL,171,'5',1,2,NULL,NULL,NULL,'2023-10-12 14:35:09','2023-10-12 14:35:09'),(7,NULL,171,'5',1,2,NULL,NULL,NULL,'2023-10-12 14:35:28','2023-10-12 14:35:28'),(8,NULL,171,'5',1,2,NULL,NULL,NULL,'2023-10-12 14:36:21','2023-10-12 14:36:21'),(12,NULL,171,'5',1,2,NULL,NULL,NULL,'2023-10-12 14:39:39','2023-10-12 14:39:39'),(13,NULL,171,'5',1,2,NULL,NULL,NULL,'2023-10-12 14:39:59','2023-10-12 14:39:59'),(14,NULL,171,'5',1,2,NULL,NULL,NULL,'2023-10-12 14:40:21','2023-10-12 14:40:21'),(15,NULL,171,'4',1,2,NULL,NULL,NULL,'2023-10-12 14:40:34','2023-10-12 14:40:34'),(16,15,171,'9',1,2,NULL,NULL,NULL,'2023-10-12 14:40:34','2023-10-12 14:40:34'),(17,15,171,'12',1,2,NULL,NULL,NULL,'2023-10-12 14:40:34','2023-10-12 14:40:34'),(18,NULL,171,'4',1,2,NULL,NULL,NULL,'2023-10-12 14:41:47','2023-10-12 14:41:47'),(19,18,171,'9',1,2,NULL,NULL,NULL,'2023-10-12 14:41:48','2023-10-12 14:41:48'),(20,18,171,'12',1,2,NULL,NULL,NULL,'2023-10-12 14:41:48','2023-10-12 14:41:48'),(24,NULL,171,'4',1,2,NULL,NULL,NULL,'2023-10-12 14:43:44','2023-10-12 14:43:44'),(25,24,171,'9',1,2,NULL,NULL,NULL,'2023-10-12 14:43:44','2023-10-12 14:43:44'),(26,24,171,'12',1,2,NULL,NULL,NULL,'2023-10-12 14:43:44','2023-10-12 14:43:44'),(29,NULL,171,'4',1,2,NULL,NULL,NULL,'2023-10-12 14:44:45','2023-10-12 14:44:45'),(30,29,171,'9',1,2,NULL,NULL,NULL,'2023-10-12 14:44:45','2023-10-12 14:44:45'),(31,29,171,'12',1,2,NULL,NULL,NULL,'2023-10-12 14:44:45','2023-10-12 14:44:45'),(32,NULL,268,'4',0,2,NULL,2,NULL,'2023-10-26 13:54:12','2023-10-26 16:23:21'),(33,32,268,'4',0,2,NULL,2,NULL,'2023-10-26 13:54:12','2023-10-26 16:23:21'),(34,NULL,268,'5',0,2,NULL,2,NULL,'2023-10-26 16:23:21','2023-10-26 16:24:28'),(35,NULL,268,'5',0,2,NULL,2,NULL,'2023-10-26 16:24:28','2023-10-26 16:25:01'),(36,NULL,268,'4',0,2,NULL,2,NULL,'2023-10-26 16:25:01','2023-10-26 16:31:09'),(37,36,268,'3',0,2,NULL,2,NULL,'2023-10-26 16:25:01','2023-10-26 16:31:09'),(41,NULL,268,'4',0,2,NULL,2,NULL,'2023-10-26 16:31:09','2023-10-26 16:31:30'),(42,41,268,'3',0,2,NULL,2,NULL,'2023-10-26 16:31:09','2023-10-26 16:31:30'),(43,NULL,268,'4',0,2,NULL,2,NULL,'2023-10-26 16:31:30','2023-10-26 16:32:46'),(44,43,268,'3',0,2,NULL,2,NULL,'2023-10-26 16:31:30','2023-10-26 16:32:46'),(45,NULL,268,'4',0,2,NULL,2,NULL,'2023-10-26 16:32:46','2023-10-26 16:36:10'),(46,45,268,'3',0,2,NULL,2,NULL,'2023-10-26 16:32:46','2023-10-26 16:36:10'),(47,NULL,268,'4',0,2,NULL,2,NULL,'2023-10-26 16:36:10','2023-10-26 16:36:33'),(48,47,268,'3',0,2,NULL,2,NULL,'2023-10-26 16:36:10','2023-10-26 16:36:33'),(49,NULL,268,'4',1,2,NULL,NULL,NULL,'2023-10-26 16:36:33','2023-10-26 16:36:33'),(50,49,268,'3',1,2,NULL,NULL,NULL,'2023-10-26 16:36:33','2023-10-26 16:36:33'),(58,NULL,269,'5',0,2,NULL,2,NULL,'2023-10-27 09:10:19','2023-10-27 09:10:29'),(59,NULL,269,'4',1,2,NULL,NULL,NULL,'2023-10-27 09:10:29','2023-10-27 09:10:29'),(60,59,269,'3',1,2,NULL,NULL,NULL,'2023-10-27 09:10:29','2023-10-27 09:10:29'),(61,NULL,124,'1',1,2,NULL,NULL,NULL,'2023-10-27 09:53:50','2023-10-27 09:53:50'),(62,NULL,120,'4',1,2,NULL,NULL,NULL,'2023-10-27 12:19:06','2023-10-27 12:19:06'),(63,62,120,'1',1,2,NULL,NULL,NULL,'2023-10-27 12:19:06','2023-10-27 12:19:06'),(64,NULL,50,'4',0,2,NULL,2,NULL,'2023-10-27 13:36:51','2023-10-30 13:15:55'),(65,64,50,'5',0,2,NULL,2,NULL,'2023-10-27 13:36:51','2023-10-30 13:15:55'),(66,NULL,66,'2',0,2,NULL,2,NULL,'2023-10-30 10:22:39','2023-10-30 10:23:16'),(67,NULL,66,'4',0,2,NULL,2,NULL,'2023-10-30 10:23:16','2023-10-30 10:24:58'),(68,67,66,'5',0,2,NULL,2,NULL,'2023-10-30 10:23:16','2023-10-30 10:24:58'),(69,NULL,66,'4',0,2,NULL,2,NULL,'2023-10-30 10:24:58','2023-10-30 10:26:16'),(70,69,66,'4',0,2,NULL,2,NULL,'2023-10-30 10:24:58','2023-10-30 10:26:16'),(71,NULL,66,'4',0,2,NULL,2,NULL,'2023-10-30 10:26:16','2023-10-30 10:32:52'),(72,71,66,'5',0,2,NULL,2,NULL,'2023-10-30 10:26:16','2023-10-30 10:32:52'),(73,NULL,66,'4',0,2,NULL,2,NULL,'2023-10-30 10:32:52','2023-10-30 10:48:42'),(74,73,66,'5',0,2,NULL,2,NULL,'2023-10-30 10:32:52','2023-10-30 10:48:42'),(75,NULL,66,'4',1,2,NULL,NULL,NULL,'2023-10-30 10:48:42','2023-10-30 10:48:42'),(76,75,66,'4',1,2,NULL,NULL,NULL,'2023-10-30 10:48:42','2023-10-30 10:48:42'),(77,NULL,50,'4',1,2,NULL,NULL,NULL,'2023-10-30 13:15:55','2023-10-30 13:15:55'),(78,77,50,'4',1,2,NULL,NULL,NULL,'2023-10-30 13:15:55','2023-10-30 13:15:55');

--
-- Table structure for table `ticket_statuses`
--

CREATE TABLE `ticket_statuses` (
  `id` bigint(20) unsigned NOT NULL AUTO_INCREMENT,
  `name` varchar(45) DEFAULT NULL,
  `color` varchar(45) DEFAULT NULL,
  `active` tinyint(4) NOT NULL DEFAULT 1,
  `id_user` bigint(20) unsigned DEFAULT NULL COMMENT '// User koji je dodelio',
  `ip_address` varchar(15) DEFAULT NULL,
  `id_user_modified` bigint(20) unsigned DEFAULT NULL COMMENT '// Id korisnika koji je uradio poslednju izmenu',
  `ip_address_modified` varchar(15) DEFAULT NULL,
  `created_at` datetime NOT NULL DEFAULT current_timestamp() COMMENT '// Datum i vreme dodele',
  `updated_at` datetime DEFAULT NULL ON UPDATE current_timestamp() COMMENT '// Datum i vreme poslednje izmene zapisa',
  PRIMARY KEY (`id`)
) ENGINE=InnoDB AUTO_INCREMENT=6 DEFAULT CHARSET=utf8mb4;

--
-- Dumping data for table `ticket_statuses`
--

INSERT INTO `ticket_statuses` VALUES (1,'NOVI',NULL,1,NULL,NULL,NULL,NULL,'2023-09-12 13:19:27',NULL),(2,'OTVOREN',NULL,1,NULL,NULL,NULL,NULL,'2023-09-12 13:19:27',NULL),(3,'ČEKANJE',NULL,1,NULL,NULL,NULL,NULL,'2023-09-12 13:19:27',NULL),(4,'OTKAZAN',NULL,1,NULL,NULL,NULL,NULL,'2023-09-12 13:19:27',NULL),(5,'ZATVOREN',NULL,1,NULL,NULL,NULL,NULL,'2023-09-12 13:19:27',NULL);

--
-- Table structure for table `ticket_track_statuses`
--

CREATE TABLE `ticket_track_statuses` (
  `id` bigint(20) unsigned NOT NULL AUTO_INCREMENT,
  `status_id` bigint(20) unsigned DEFAULT NULL,
  `ticket_id` bigint(20) unsigned DEFAULT NULL,
  `active` tinyint(4) NOT NULL DEFAULT 1,
  `id_user` bigint(20) unsigned DEFAULT NULL COMMENT '// Id korisnika koji je kreirao zapis',
  `ip_address` varchar(15) DEFAULT NULL,
  `id_user_modified` bigint(20) unsigned DEFAULT NULL COMMENT '// Id korisnika koji je uradio poslednju izmenu',
  `ip_address_modified` varchar(15) DEFAULT NULL COMMENT '// Id korisnika koji je posednji izvršio izmene',
  `created_at` datetime NOT NULL DEFAULT current_timestamp() COMMENT '// Datum i vreme kreiranja zapisa',
  `updated_at` datetime DEFAULT NULL ON UPDATE current_timestamp() COMMENT '// Datum i vreme poslednje izmene zapisa',
  PRIMARY KEY (`id`)
) ENGINE=InnoDB AUTO_INCREMENT=53 DEFAULT CHARSET=utf8mb4 COMMENT='// Evidencije statusa kod tiketa, log tabela statusa';

--
-- Dumping data for table `ticket_track_statuses`
--

INSERT INTO `ticket_track_statuses` VALUES (1,1,171,1,2,NULL,NULL,NULL,'2023-10-12 12:15:45','2023-10-12 12:15:45'),(2,1,171,1,2,NULL,NULL,NULL,'2023-10-12 12:15:59','2023-10-12 12:15:59'),(3,3,147,1,2,NULL,NULL,NULL,'2023-10-12 12:19:22','2023-10-12 12:19:22'),(5,2,147,1,2,NULL,NULL,NULL,'2023-10-12 12:20:06','2023-10-12 12:20:06'),(8,5,147,1,2,NULL,NULL,NULL,'2023-10-12 12:24:29','2023-10-12 12:24:29'),(9,5,57,1,2,NULL,NULL,NULL,'2023-10-26 14:19:06','2023-10-26 14:19:06'),(10,2,57,1,2,NULL,NULL,NULL,'2023-10-26 14:57:36','2023-10-26 14:57:36'),(11,3,144,1,2,NULL,NULL,NULL,'2023-10-26 15:23:59','2023-10-26 15:23:59'),(12,4,144,1,2,NULL,NULL,NULL,'2023-10-26 15:24:30','2023-10-26 15:24:30'),(18,4,125,1,2,NULL,NULL,NULL,'2023-10-26 17:59:35','2023-10-26 17:59:35'),(20,5,125,1,2,NULL,NULL,NULL,'2023-10-27 08:20:32','2023-10-27 08:20:32'),(22,4,58,1,2,NULL,NULL,NULL,'2023-10-27 08:42:47','2023-10-27 08:42:47'),(48,2,269,1,2,NULL,NULL,NULL,'2023-10-27 09:23:31','2023-10-27 09:23:31'),(49,5,269,1,2,NULL,NULL,NULL,'2023-10-27 09:23:50','2023-10-27 09:23:50'),(50,4,57,1,2,NULL,NULL,NULL,'2023-10-27 13:35:40','2023-10-27 13:35:40'),(51,4,66,1,2,NULL,NULL,NULL,'2023-10-30 10:34:12','2023-10-30 10:34:12'),(52,4,273,1,2,NULL,NULL,NULL,'2023-10-30 11:10:39','2023-10-30 11:10:39');

--
-- Table structure for table `ticket_vehicles`
--

CREATE TABLE `ticket_vehicles` (
  `id` bigint(20) unsigned NOT NULL AUTO_INCREMENT,
  `ticket_id` bigint(20) unsigned DEFAULT NULL,
  `vehicle_id` bigint(20) unsigned DEFAULT NULL,
  `active` tinyint(4) NOT NULL DEFAULT 1,
  `id_user` bigint(20) unsigned DEFAULT NULL COMMENT '// Id korisnika koji je kreirao zapis (korisnik koji je dodelio)',
  `ip_address` varchar(15) DEFAULT NULL,
  `id_user_modified` bigint(20) unsigned DEFAULT NULL COMMENT '// Id korisnika koji je uradio poslednju izmenu',
  `ip_address_modified` varchar(15) DEFAULT NULL,
  `created_at` datetime NOT NULL DEFAULT current_timestamp() COMMENT '// Datum i vreme kreiranja zapisa',
  `updated_at` datetime DEFAULT NULL ON UPDATE current_timestamp() COMMENT '// Datum i vreme poslednje izmene zapisa',
  PRIMARY KEY (`id`)
) ENGINE=InnoDB AUTO_INCREMENT=129 DEFAULT CHARSET=utf8mb4 COMMENT='// Veza tiketa i automobila';

--
-- Dumping data for table `ticket_vehicles`
--

INSERT INTO `ticket_vehicles` VALUES (1,50,58,0,2,NULL,2,NULL,'2023-09-29 15:06:34','2023-10-02 15:17:21'),(2,66,11,0,2,NULL,2,NULL,'2023-09-29 15:09:47','2023-09-29 15:28:43'),(3,66,88,0,2,NULL,2,NULL,'2023-09-29 15:28:01','2023-09-29 15:28:43'),(4,66,88,1,2,NULL,NULL,NULL,'2023-09-29 15:28:43','2023-09-29 15:28:43'),(5,50,58,0,2,NULL,2,NULL,'2023-10-02 15:17:21','2023-10-02 15:17:51'),(6,50,58,0,2,NULL,2,NULL,'2023-10-02 15:17:51','2023-10-02 15:18:21'),(7,50,58,1,2,NULL,NULL,NULL,'2023-10-02 15:18:21','2023-10-02 15:18:21'),(8,73,1,1,2,NULL,NULL,NULL,'2023-10-03 10:42:17',NULL),(9,74,1,1,2,NULL,NULL,NULL,'2023-10-03 09:13:31','2023-10-03 09:13:31'),(10,76,11,1,2,NULL,NULL,NULL,'2023-10-04 10:53:27','2023-10-04 10:53:27'),(11,77,1,1,2,NULL,NULL,NULL,'2023-10-09 13:11:33','2023-10-09 13:11:33'),(12,78,1,1,2,NULL,NULL,NULL,'2023-10-09 13:12:50','2023-10-09 13:12:50'),(13,79,1,1,2,NULL,NULL,NULL,'2023-10-09 13:13:21','2023-10-09 13:13:21'),(14,80,1,1,2,NULL,NULL,NULL,'2023-10-09 13:14:51','2023-10-09 13:14:51'),(16,82,1,1,2,NULL,NULL,NULL,'2023-10-09 13:16:08','2023-10-09 13:16:08'),(17,83,1,1,2,NULL,NULL,NULL,'2023-10-09 13:16:22','2023-10-09 13:16:22'),(24,90,1,1,2,NULL,NULL,NULL,'2023-10-09 13:19:46','2023-10-09 13:19:46'),(25,91,1,1,2,NULL,NULL,NULL,'2023-10-09 13:20:13','2023-10-09 13:20:13'),(26,92,1,1,2,NULL,NULL,NULL,'2023-10-09 14:18:54','2023-10-09 14:18:54'),(27,93,1,1,2,NULL,NULL,NULL,'2023-10-09 14:59:48','2023-10-09 14:59:48'),(32,98,1,1,2,NULL,NULL,NULL,'2023-10-10 10:47:16','2023-10-10 10:47:16'),(33,99,1,1,2,NULL,NULL,NULL,'2023-10-10 10:48:12','2023-10-10 10:48:12'),(34,100,1,1,2,NULL,NULL,NULL,'2023-10-10 10:48:34','2023-10-10 10:48:34'),(35,101,1,1,2,NULL,NULL,NULL,'2023-10-10 11:26:00','2023-10-10 11:26:00'),(36,102,1,1,2,NULL,NULL,NULL,'2023-10-10 11:58:16','2023-10-10 11:58:16'),(37,103,1,1,2,NULL,NULL,NULL,'2023-10-10 12:01:09','2023-10-10 12:01:09'),(38,105,1,1,2,NULL,NULL,NULL,'2023-10-10 12:02:14','2023-10-10 12:02:14'),(39,108,1,0,2,NULL,2,NULL,'2023-10-10 12:02:59','2023-10-10 12:13:54'),(40,108,1,0,2,NULL,2,NULL,'2023-10-10 12:13:54','2023-10-10 12:22:48'),(41,108,1,0,2,NULL,2,NULL,'2023-10-10 12:22:48','2023-10-10 12:23:21'),(42,108,1,0,2,NULL,2,NULL,'2023-10-10 12:23:21','2023-10-10 12:24:50'),(43,108,1,0,2,NULL,2,NULL,'2023-10-10 12:24:50','2023-10-10 12:25:10'),(44,108,1,0,2,NULL,2,NULL,'2023-10-10 12:25:10','2023-10-10 12:25:53'),(45,108,1,0,2,NULL,2,NULL,'2023-10-10 12:25:53','2023-10-10 12:26:50'),(46,108,1,0,2,NULL,2,NULL,'2023-10-10 12:26:50','2023-10-10 12:33:39'),(47,108,1,0,2,NULL,2,NULL,'2023-10-10 12:33:39','2023-10-10 12:34:13'),(48,108,1,0,2,NULL,2,NULL,'2023-10-10 12:34:13','2023-10-10 12:35:40'),(49,108,1,0,2,NULL,2,NULL,'2023-10-10 12:35:40','2023-10-10 12:36:06'),(50,108,1,0,2,NULL,2,NULL,'2023-10-10 12:36:06','2023-10-10 12:36:57'),(51,108,1,0,2,NULL,2,NULL,'2023-10-10 12:36:57','2023-10-10 12:37:21'),(52,108,1,0,2,NULL,2,NULL,'2023-10-10 12:37:21','2023-10-10 12:38:41'),(53,108,1,0,2,NULL,2,NULL,'2023-10-10 12:38:41','2023-10-10 12:39:33'),(54,108,1,0,2,NULL,2,NULL,'2023-10-10 12:39:33','2023-10-10 12:40:00'),(55,108,1,0,2,NULL,2,NULL,'2023-10-10 12:40:00','2023-10-10 12:40:22'),(56,108,1,0,2,NULL,2,NULL,'2023-10-10 12:40:22','2023-10-10 12:40:46'),(57,108,1,0,2,NULL,2,NULL,'2023-10-10 12:40:46','2023-10-10 12:42:04'),(58,108,1,0,2,NULL,2,NULL,'2023-10-10 12:42:04','2023-10-10 12:42:31'),(59,108,1,0,2,NULL,2,NULL,'2023-10-10 12:42:31','2023-10-10 12:43:39'),(60,108,1,0,2,NULL,2,NULL,'2023-10-10 12:43:39','2023-10-10 12:43:48'),(61,108,1,0,2,NULL,2,NULL,'2023-10-10 12:43:48','2023-10-10 12:43:57'),(62,108,1,0,2,NULL,2,NULL,'2023-10-10 12:43:57','2023-10-10 12:44:18'),(63,108,1,0,2,NULL,2,NULL,'2023-10-10 12:44:18','2023-10-10 12:44:43'),(64,108,1,0,2,NULL,2,NULL,'2023-10-10 12:44:43','2023-10-10 12:44:59'),(65,108,1,0,2,NULL,2,NULL,'2023-10-10 12:44:59','2023-10-10 12:45:12'),(66,108,1,1,2,NULL,NULL,NULL,'2023-10-10 12:45:12','2023-10-10 12:45:12'),(67,109,1,1,2,NULL,NULL,NULL,'2023-10-10 13:22:33','2023-10-10 13:22:33'),(69,111,1,1,2,NULL,NULL,NULL,'2023-10-10 13:26:26','2023-10-10 13:26:26'),(70,113,48,1,2,NULL,NULL,NULL,'2023-10-10 13:32:08','2023-10-10 13:32:08'),(71,114,88848,1,2,NULL,NULL,NULL,'2023-10-10 13:32:45','2023-10-10 13:32:45'),(72,115,1,1,2,NULL,NULL,NULL,'2023-10-10 13:40:26','2023-10-10 13:40:26'),(74,120,9,1,2,NULL,NULL,NULL,'2023-10-10 13:55:21','2023-10-10 13:55:21'),(75,121,9,1,2,NULL,NULL,NULL,'2023-10-10 13:55:31','2023-10-10 13:55:31'),(76,122,9,1,2,NULL,NULL,NULL,'2023-10-10 13:55:33','2023-10-10 13:55:33'),(77,123,9,1,2,NULL,NULL,NULL,'2023-10-10 13:56:53','2023-10-10 13:56:53'),(78,124,9,1,2,NULL,NULL,NULL,'2023-10-10 13:57:15','2023-10-10 13:57:15'),(80,116,1,0,2,NULL,2,NULL,'2023-10-10 14:00:17','2023-10-10 14:00:34'),(81,116,1,0,2,NULL,2,NULL,'2023-10-10 14:00:34','2023-10-10 14:01:17'),(82,116,1,0,2,NULL,23,NULL,'2023-10-10 14:01:17','2023-10-10 14:04:09'),(83,125,9,1,2,NULL,NULL,NULL,'2023-10-10 14:02:46','2023-10-10 14:02:46'),(84,126,9,1,2,NULL,NULL,NULL,'2023-10-10 14:02:51','2023-10-10 14:02:51'),(85,127,9,1,2,NULL,NULL,NULL,'2023-10-10 14:02:55','2023-10-10 14:02:55'),(86,128,9,1,2,NULL,NULL,NULL,'2023-10-10 14:03:00','2023-10-10 14:03:00'),(87,129,9,1,2,NULL,NULL,NULL,'2023-10-10 14:03:15','2023-10-10 14:03:15'),(88,130,9,1,2,NULL,NULL,NULL,'2023-10-10 14:03:26','2023-10-10 14:03:26'),(89,131,9,1,2,NULL,NULL,NULL,'2023-10-10 14:03:29','2023-10-10 14:03:29'),(90,132,9,1,2,NULL,NULL,NULL,'2023-10-10 14:03:31','2023-10-10 14:03:31'),(91,133,9,1,2,NULL,NULL,NULL,'2023-10-10 14:03:33','2023-10-10 14:03:33'),(92,116,1,1,2,NULL,NULL,NULL,'2023-10-10 14:04:15','2023-10-10 14:04:15'),(93,134,1,1,2,NULL,NULL,NULL,'2023-10-10 14:05:19','2023-10-10 14:05:19'),(94,135,1,1,2,NULL,NULL,NULL,'2023-10-10 14:05:30','2023-10-10 14:05:30'),(95,136,1,1,2,NULL,NULL,NULL,'2023-10-10 14:05:34','2023-10-10 14:05:34'),(98,139,1,1,2,NULL,NULL,NULL,'2023-10-10 14:09:42','2023-10-10 14:09:42'),(100,141,1,1,2,NULL,NULL,NULL,'2023-10-10 14:13:49','2023-10-10 14:13:49'),(101,142,1,0,2,NULL,2,NULL,'2023-10-10 14:14:01','2023-10-10 14:25:41'),(102,142,1,1,2,NULL,NULL,NULL,'2023-10-10 14:25:41','2023-10-10 14:25:41'),(103,143,9,1,2,NULL,NULL,NULL,'2023-10-10 14:26:42','2023-10-10 14:26:42'),(104,144,26,0,2,NULL,NULL,NULL,'2023-10-10 14:49:44','2023-10-11 10:30:16'),(105,144,1,0,2,NULL,2,NULL,'2023-10-11 08:21:53','2023-10-11 08:22:05'),(106,144,61,0,2,NULL,2,NULL,'2023-10-11 08:22:05','2023-10-13 15:05:49'),(107,145,1,1,2,NULL,NULL,NULL,'2023-10-11 08:23:49','2023-10-11 08:23:49'),(108,146,1,1,2,NULL,NULL,NULL,'2023-10-11 13:44:00','2023-10-11 13:44:00'),(109,147,1,0,2,NULL,2,NULL,'2023-10-11 13:44:06','2023-10-11 13:46:31'),(110,147,1,1,2,NULL,NULL,NULL,'2023-10-11 13:46:31','2023-10-11 13:46:31'),(111,148,61,1,2,NULL,NULL,NULL,'2023-10-12 09:49:09','2023-10-12 09:49:09'),(112,165,61,1,2,NULL,NULL,NULL,'2023-10-12 11:02:24','2023-10-12 11:02:24'),(113,169,61,1,2,NULL,NULL,NULL,'2023-10-12 11:04:37','2023-10-12 11:04:37'),(114,170,61,1,2,NULL,NULL,NULL,'2023-10-12 11:17:16','2023-10-12 11:17:16'),(115,171,61,1,2,NULL,NULL,NULL,'2023-10-12 11:21:21','2023-10-12 11:21:21'),(116,144,61,0,2,NULL,2,NULL,'2023-10-13 15:05:49','2023-10-13 15:06:12'),(117,144,61,0,2,NULL,2,NULL,'2023-10-13 15:06:12','2023-10-13 15:07:18'),(118,144,61,0,2,NULL,2,NULL,'2023-10-13 15:07:18','2023-10-13 15:07:55'),(119,144,61,0,2,NULL,2,NULL,'2023-10-13 15:07:55','2023-10-13 15:09:34'),(120,144,61,0,2,NULL,2,NULL,'2023-10-13 15:09:34','2023-10-13 15:11:47'),(121,144,61,0,2,NULL,2,NULL,'2023-10-13 15:11:47','2023-10-13 15:12:01'),(122,144,61,0,2,NULL,23,NULL,'2023-10-13 15:12:01','2023-10-23 13:57:04'),(123,268,61,1,1,NULL,NULL,NULL,'2023-10-26 15:30:25','2023-10-26 15:30:41'),(124,273,61,0,2,NULL,2,NULL,'2023-10-30 09:42:12','2023-10-30 09:59:04'),(125,274,61,1,2,NULL,NULL,NULL,'2023-10-30 09:58:56','2023-10-30 09:58:56'),(126,273,61,0,2,NULL,2,NULL,'2023-10-30 09:59:04','2023-10-30 11:07:28'),(127,273,61,0,2,NULL,2,NULL,'2023-10-30 11:07:28','2023-10-30 11:07:36'),(128,273,61,1,2,NULL,NULL,NULL,'2023-10-30 11:07:36','2023-10-30 11:07:36');

--
-- Table structure for table `tickets`
--

CREATE TABLE `tickets` (
  `id` bigint(20) unsigned NOT NULL AUTO_INCREMENT,
  `parent_id` bigint(20) unsigned DEFAULT NULL COMMENT '// Povezani tiketi',
  `owner_id` bigint(20) unsigned DEFAULT NULL COMMENT '// Id korisnika na koji je kreirao zahtev (ko je inicijator tiketa). Ako je poslao iz app, onda je isti kao id_user',
  `user_id` bigint(20) unsigned DEFAULT NULL COMMENT '// Id korisnika na koga se odnosi tiket (korisnik na koga se žali vlasnik tiketa  itd...). Ukoliko je uopšten zahtev onda je NULL',
  `category_id` bigint(20) unsigned DEFAULT NULL COMMENT '// Kategorija tiketa',
  `priority_id` bigint(20) unsigned DEFAULT NULL COMMENT '// Prioritet',
  `status_id` bigint(20) unsigned DEFAULT NULL COMMENT '// Status tiketa',
  `channel_type_id` bigint(20) DEFAULT NULL COMMENT '// Šta je izvor tiketa (da li je preko android, ios, email, tel. poziv....)',
  `subject` varchar(255) DEFAULT NULL COMMENT '// Naslov zahteva, reklamacije....',
  `note` longtext DEFAULT NULL COMMENT '// Interna napomena',
  `active` tinyint(4) NOT NULL DEFAULT 1,
  `id_user` bigint(20) unsigned DEFAULT NULL COMMENT '// Id korisnika koji je kreirao zapis (korisnik koji je kreirao tiket). Može da bude korisnik aplikacije (onda je isto kao i owner_id) ili iz teh. podrške',
  `ip_address` varchar(15) DEFAULT NULL,
  `id_user_modified` bigint(20) unsigned DEFAULT NULL COMMENT '// Id korisnika koji je uradio poslednju izmenu',
  `ip_address_modified` varchar(15) DEFAULT NULL,
  `created_at` datetime NOT NULL DEFAULT current_timestamp() COMMENT '// Datum i vreme kreiranja zapisa',
  `updated_at` datetime DEFAULT NULL ON UPDATE current_timestamp() COMMENT '// Datum i vreme poslednje izmene zapisa',
  `completed_at` datetime DEFAULT NULL COMMENT '// Datum i vreme završetka',
  `id_user_completed` bigint(20) unsigned DEFAULT NULL COMMENT '// Id korisnika koji je završio tiket',
  PRIMARY KEY (`id`)
) ENGINE=InnoDB AUTO_INCREMENT=275 DEFAULT CHARSET=utf8mb4 COMMENT='// Tiket sistem';

--
-- Dumping data for table `tickets`
--

INSERT INTO `tickets` VALUES (1,NULL,6,4,3,3,4,1,'eeeeeeeeeee',NULL,0,2,NULL,4,NULL,'2023-09-18 09:18:42','2023-09-28 16:56:38','2023-09-18 10:38:57',4),(2,NULL,2,NULL,NULL,1,1,1,'Prijava naloga',NULL,0,2,NULL,NULL,NULL,'2023-09-18 09:22:27','2023-09-28 16:56:38',NULL,NULL),(3,NULL,2,NULL,NULL,3,1,1,'Prijava naloga2',NULL,0,2,NULL,NULL,NULL,'2023-09-22 09:11:45','2023-09-28 16:56:38',NULL,NULL),(5,NULL,3,NULL,NULL,3,1,4,'Prijava naloga2',NULL,0,2,NULL,NULL,NULL,'2023-09-22 09:22:46','2023-10-30 10:29:29',NULL,NULL),(8,NULL,3,NULL,NULL,3,1,4,'Prijava naloga2',NULL,0,2,NULL,NULL,NULL,'2023-09-22 10:53:04','2023-10-30 10:29:29',NULL,NULL),(9,NULL,3,NULL,NULL,3,1,4,'Prijava naloga2',NULL,0,2,NULL,NULL,NULL,'2023-09-22 10:55:58','2023-10-30 10:29:29',NULL,NULL),(11,NULL,3,NULL,NULL,3,1,4,'Prijava naloga2',NULL,0,2,NULL,NULL,NULL,'2023-09-22 11:03:16','2023-10-30 10:29:29',NULL,NULL),(12,NULL,3,NULL,NULL,3,1,4,'Prijava naloga2',NULL,0,2,NULL,NULL,NULL,'2023-09-22 11:05:20','2023-10-30 10:29:29',NULL,NULL),(13,NULL,3,NULL,NULL,3,1,4,'Prijava naloga2',NULL,0,2,NULL,NULL,NULL,'2023-09-22 14:50:11','2023-10-30 10:29:29',NULL,NULL),(14,NULL,3,NULL,NULL,3,1,4,'Saobraćajna dozvola',NULL,0,2,NULL,NULL,NULL,'2023-09-22 14:50:37','2023-10-30 10:29:29',NULL,NULL),(15,NULL,3,NULL,4,3,1,4,'Saobraćajna dozvola',NULL,0,2,NULL,NULL,NULL,'2023-09-22 14:52:09','2023-10-30 10:29:29',NULL,NULL),(16,NULL,3,NULL,1,3,1,4,'Lična karta',NULL,0,2,NULL,NULL,NULL,'2023-09-22 14:52:20','2023-10-30 10:29:29',NULL,NULL),(17,NULL,3,NULL,1,3,1,4,'Lična karta',NULL,0,2,NULL,NULL,NULL,'2023-09-25 09:15:05','2023-10-30 10:29:29',NULL,NULL),(19,NULL,3,NULL,1,3,1,4,'Lična karta',NULL,0,2,NULL,NULL,NULL,'2023-09-25 09:20:15','2023-10-30 10:29:29',NULL,NULL),(20,NULL,3,NULL,1,3,1,4,'Lična karta',NULL,0,2,NULL,NULL,NULL,'2023-09-25 09:21:17','2023-10-30 10:29:29',NULL,NULL),(21,NULL,3,NULL,1,3,1,4,'Lična karta',NULL,0,2,NULL,NULL,NULL,'2023-09-25 09:22:25','2023-10-30 10:29:29',NULL,NULL),(22,NULL,3,NULL,1,3,1,4,'Lična karta',NULL,0,2,NULL,NULL,NULL,'2023-09-25 09:22:39','2023-10-30 10:29:29',NULL,NULL),(23,NULL,3,NULL,1,3,1,4,'Lična karta',NULL,0,2,NULL,NULL,NULL,'2023-09-25 09:23:14','2023-10-30 10:29:29',NULL,NULL),(24,NULL,3,NULL,1,3,1,4,'Lična karta',NULL,0,2,NULL,NULL,NULL,'2023-09-25 09:27:08','2023-10-30 10:29:29',NULL,NULL),(26,NULL,3,NULL,1,3,1,4,'Lična karta',NULL,0,2,NULL,NULL,NULL,'2023-09-25 09:29:16','2023-10-30 10:29:29',NULL,NULL),(27,NULL,3,NULL,1,3,1,4,'Lična karta',NULL,0,2,NULL,NULL,NULL,'2023-09-25 09:30:04','2023-10-30 10:29:29',NULL,NULL),(29,NULL,3,NULL,1,3,1,4,'Lična karta',NULL,0,2,NULL,NULL,NULL,'2023-09-25 09:31:59','2023-10-30 10:29:29',NULL,NULL),(30,NULL,3,NULL,1,3,1,4,'Lična karta',NULL,0,2,NULL,NULL,NULL,'2023-09-25 09:32:15','2023-10-30 10:29:29',NULL,NULL),(31,NULL,3,NULL,1,3,1,4,'Lična karta',NULL,0,2,NULL,NULL,NULL,'2023-09-25 09:33:08','2023-10-30 10:29:29',NULL,NULL),(34,NULL,3,NULL,1,3,1,4,'Lična karta',NULL,0,2,NULL,NULL,NULL,'2023-09-25 09:38:05','2023-10-30 10:29:29',NULL,NULL),(35,NULL,3,NULL,1,3,1,4,'Lična karta',NULL,0,2,NULL,NULL,NULL,'2023-09-25 09:39:12','2023-10-30 10:29:29',NULL,NULL),(36,NULL,3,NULL,1,3,1,4,'Lična karta',NULL,0,2,NULL,NULL,NULL,'2023-09-25 09:39:31','2023-10-30 10:29:29',NULL,NULL),(37,NULL,3,NULL,1,3,1,4,'Lična karta',NULL,0,2,NULL,NULL,NULL,'2023-09-25 09:43:02','2023-10-30 10:29:29',NULL,NULL),(38,NULL,3,NULL,1,3,1,4,'Lična karta',NULL,0,2,NULL,NULL,NULL,'2023-09-25 09:46:58','2023-10-30 10:29:29',NULL,NULL),(39,NULL,3,NULL,1,3,1,4,'Lična karta',NULL,0,2,NULL,NULL,NULL,'2023-09-25 09:55:29','2023-10-30 10:29:29',NULL,NULL),(40,NULL,3,NULL,1,3,1,4,'Lična karta',NULL,0,2,NULL,NULL,NULL,'2023-09-25 09:57:47','2023-10-30 10:29:29',NULL,NULL),(41,NULL,3,NULL,1,3,1,4,'Lična karta',NULL,0,2,NULL,NULL,NULL,'2023-09-25 09:58:39','2023-10-30 10:29:29',NULL,NULL),(42,NULL,3,NULL,1,3,1,4,'Lična karta',NULL,0,2,NULL,NULL,NULL,'2023-09-25 09:59:17','2023-10-30 10:29:29',NULL,NULL),(43,NULL,3,NULL,1,3,1,4,'Lična karta',NULL,0,2,NULL,NULL,NULL,'2023-09-25 10:00:34','2023-10-30 10:29:29',NULL,NULL),(44,NULL,3,NULL,1,3,1,4,'Lična karta',NULL,0,2,NULL,NULL,NULL,'2023-09-25 10:01:41','2023-10-30 10:29:29',NULL,NULL),(45,NULL,3,NULL,1,3,1,4,'Lična karta',NULL,0,2,NULL,NULL,NULL,'2023-09-25 10:02:33','2023-10-30 10:29:29',NULL,NULL),(46,NULL,3,NULL,1,3,1,4,'Lična karta',NULL,0,2,NULL,NULL,NULL,'2023-09-25 10:02:58','2023-10-30 10:29:29',NULL,NULL),(47,NULL,3,NULL,1,3,1,4,'Lična karta',NULL,0,2,NULL,NULL,NULL,'2023-09-25 10:03:34','2023-10-30 10:29:29',NULL,NULL),(48,NULL,3,NULL,1,3,1,4,'Lična karta',NULL,0,2,NULL,NULL,NULL,'2023-09-25 10:04:17','2023-10-30 10:29:29',NULL,NULL),(49,NULL,5,NULL,1,2,2,4,'Lična karta','Interna napomena',1,5,NULL,NULL,NULL,'2023-09-25 10:05:42','2023-10-30 10:29:29',NULL,NULL),(50,NULL,81,NULL,4,1,1,4,'Selfi',NULL,1,2,NULL,2,NULL,'2023-09-25 15:38:18','2023-10-30 10:29:29','2023-10-02 17:18:21',2),(57,NULL,3,NULL,1,3,4,4,'Lična karta',NULL,1,2,NULL,2,NULL,'2023-09-29 15:02:25','2023-10-30 10:29:29','2023-10-26 16:19:06',2),(58,NULL,3,NULL,1,1,4,4,'Lična karta',NULL,1,2,NULL,2,NULL,'2023-09-29 15:03:02','2023-10-30 10:29:29',NULL,NULL),(61,NULL,3,NULL,1,3,1,4,'Lična karta',NULL,1,2,NULL,NULL,NULL,'2023-09-29 15:04:43','2023-10-30 10:29:29',NULL,NULL),(63,NULL,3,NULL,1,3,1,4,'Lična karta',NULL,1,2,NULL,NULL,NULL,'2023-09-29 15:05:13','2023-10-30 10:29:29',NULL,NULL),(65,NULL,3,NULL,1,3,1,4,'Lična karta',NULL,1,2,NULL,NULL,NULL,'2023-09-29 15:06:34','2023-10-30 10:29:29',NULL,NULL),(66,NULL,3,4,4,2,4,4,'Saobraćajna dozvola','Interna napomena',1,2,NULL,2,NULL,'2023-09-29 15:09:47','2023-10-30 10:34:12',NULL,NULL),(72,NULL,3,NULL,1,3,1,4,'Lična karta',NULL,1,2,NULL,NULL,NULL,'2023-09-29 15:11:17','2023-10-30 10:29:29',NULL,NULL),(73,NULL,23,NULL,1,1,1,1,'Lična karta',NULL,1,2,NULL,NULL,NULL,'2023-10-03 08:12:33','2023-10-03 08:12:33',NULL,NULL),(74,NULL,23,NULL,3,1,5,1,'Lična karta',NULL,1,2,NULL,NULL,NULL,'2023-10-03 09:13:30','2023-10-03 11:16:04',NULL,NULL),(76,NULL,3,NULL,1,3,1,4,'Lična karta',NULL,1,2,NULL,NULL,NULL,'2023-10-04 10:53:27','2023-10-30 10:29:29',NULL,NULL),(77,NULL,23,NULL,NULL,1,1,1,'xls',NULL,1,2,NULL,NULL,NULL,'2023-10-09 13:11:33','2023-10-09 13:11:33',NULL,NULL),(78,NULL,23,NULL,NULL,1,1,1,'xls',NULL,1,2,NULL,NULL,NULL,'2023-10-09 13:12:50','2023-10-09 13:12:50',NULL,NULL),(79,NULL,23,NULL,NULL,1,1,1,'xls',NULL,1,2,NULL,NULL,NULL,'2023-10-09 13:13:20','2023-10-09 13:13:20',NULL,NULL),(80,NULL,23,NULL,NULL,1,1,1,'xls',NULL,1,2,NULL,NULL,NULL,'2023-10-09 13:14:51','2023-10-09 13:14:51',NULL,NULL),(82,NULL,23,NULL,NULL,1,1,1,'xls',NULL,1,2,NULL,2,NULL,'2023-10-09 13:16:08','2023-10-10 09:09:46',NULL,NULL),(83,NULL,23,NULL,NULL,1,1,1,'xls',NULL,1,2,NULL,NULL,NULL,'2023-10-09 13:16:22','2023-10-09 13:16:22',NULL,NULL),(90,NULL,23,NULL,NULL,1,1,1,'xls',NULL,1,2,NULL,NULL,NULL,'2023-10-09 13:19:46','2023-10-09 13:19:46',NULL,NULL),(91,NULL,23,NULL,NULL,1,1,1,'xls',NULL,1,2,NULL,NULL,NULL,'2023-10-09 13:20:13','2023-10-09 13:20:13',NULL,NULL),(92,NULL,23,NULL,NULL,1,1,1,'xls',NULL,1,2,NULL,NULL,NULL,'2023-10-09 14:18:54','2023-10-09 14:18:54',NULL,NULL),(93,NULL,23,NULL,NULL,1,1,1,'xls',NULL,1,2,NULL,NULL,NULL,'2023-10-09 14:59:48','2023-10-09 14:59:48',NULL,NULL),(98,NULL,23,NULL,NULL,1,1,1,'xls',NULL,1,2,NULL,NULL,NULL,'2023-10-10 10:47:16','2023-10-10 10:47:16',NULL,NULL),(99,NULL,23,NULL,NULL,1,1,1,'xls',NULL,1,2,NULL,NULL,NULL,'2023-10-10 10:48:12','2023-10-10 10:48:12',NULL,NULL),(100,NULL,23,NULL,NULL,1,1,1,'xls',NULL,1,2,NULL,NULL,NULL,'2023-10-10 10:48:34','2023-10-10 10:48:34',NULL,NULL),(101,NULL,23,NULL,NULL,1,1,1,'xls101',NULL,1,2,NULL,2,NULL,'2023-10-10 11:26:00','2023-10-10 11:43:38',NULL,NULL),(102,NULL,23,NULL,NULL,1,1,1,'xls101',NULL,1,2,NULL,NULL,NULL,'2023-10-10 11:58:16','2023-10-10 11:58:16',NULL,NULL),(103,NULL,23,NULL,NULL,1,1,1,'xls101',NULL,1,2,NULL,NULL,NULL,'2023-10-10 12:01:09','2023-10-10 12:01:09',NULL,NULL),(105,NULL,23,NULL,NULL,1,1,1,'xls101',NULL,1,2,NULL,NULL,NULL,'2023-10-10 12:02:14','2023-10-10 12:02:14',NULL,NULL),(108,NULL,23,NULL,NULL,1,1,1,'xls101',NULL,1,2,NULL,2,NULL,'2023-10-10 12:02:59','2023-10-10 12:04:58',NULL,NULL),(109,NULL,23,NULL,NULL,1,1,1,'xls101',NULL,1,2,NULL,NULL,NULL,'2023-10-10 13:22:33','2023-10-10 13:22:33',NULL,NULL),(111,NULL,23,NULL,NULL,1,1,1,'xls101',NULL,1,2,NULL,NULL,NULL,'2023-10-10 13:26:26','2023-10-10 13:26:26',NULL,NULL),(112,NULL,23,NULL,NULL,1,1,1,'xls101',NULL,1,2,NULL,NULL,NULL,'2023-10-10 13:29:46','2023-10-10 13:29:46',NULL,NULL),(113,NULL,23,NULL,NULL,1,1,1,'xls101',NULL,1,2,NULL,NULL,NULL,'2023-10-10 13:32:08','2023-10-10 13:32:08',NULL,NULL),(114,NULL,23,NULL,NULL,1,1,1,'xls101',NULL,1,2,NULL,NULL,NULL,'2023-10-10 13:32:45','2023-10-10 13:32:45',NULL,NULL),(115,NULL,23,NULL,NULL,1,1,1,'xls101',NULL,1,2,NULL,NULL,NULL,'2023-10-10 13:40:26','2023-10-10 13:40:26',NULL,NULL),(116,NULL,23,NULL,NULL,1,1,1,'xls101',NULL,1,2,NULL,2,NULL,'2023-10-10 13:43:56','2023-10-10 13:50:48',NULL,NULL),(120,NULL,18,NULL,1,1,1,4,'Lična karta',NULL,1,2,NULL,NULL,NULL,'2023-10-10 13:55:21','2023-10-30 10:29:29',NULL,NULL),(121,NULL,18,NULL,1,1,1,4,'Lična karta',NULL,1,2,NULL,NULL,NULL,'2023-10-10 13:55:31','2023-10-30 10:29:29',NULL,NULL),(122,NULL,18,NULL,1,1,1,4,'Lična karta',NULL,1,2,NULL,NULL,NULL,'2023-10-10 13:55:33','2023-10-30 10:29:29',NULL,NULL),(123,NULL,18,NULL,8,1,1,4,'tiket 3',NULL,1,2,NULL,NULL,NULL,'2023-10-10 13:56:53','2023-10-30 10:29:29',NULL,NULL),(124,NULL,18,NULL,7,1,1,4,'Kreiranje vozila',NULL,1,2,NULL,NULL,NULL,'2023-10-10 13:57:15','2023-10-30 10:29:29',NULL,NULL),(125,NULL,18,NULL,7,1,5,4,'Kreiranje vozila',NULL,1,2,NULL,2,NULL,'2023-10-10 14:02:46','2023-10-30 10:29:29','2023-10-27 10:20:32',2),(126,NULL,18,NULL,6,1,1,4,'Račun u banci za domaćina',NULL,1,2,NULL,NULL,NULL,'2023-10-10 14:02:51','2023-10-30 10:29:29',NULL,NULL),(127,NULL,18,NULL,7,1,1,4,'Kreiranje vozila',NULL,1,2,NULL,NULL,NULL,'2023-10-10 14:02:55','2023-10-30 10:29:29',NULL,NULL),(128,NULL,18,NULL,8,1,1,4,'tiket 3',NULL,1,2,NULL,NULL,NULL,'2023-10-10 14:03:00','2023-10-30 10:29:29',NULL,NULL),(129,NULL,18,NULL,5,1,1,4,'Račun u banci za vozača',NULL,1,2,NULL,NULL,NULL,'2023-10-10 14:03:15','2023-10-30 10:29:29',NULL,NULL),(130,NULL,18,NULL,4,1,1,4,'Selfi',NULL,1,2,NULL,NULL,NULL,'2023-10-10 14:03:26','2023-10-30 10:29:29',NULL,NULL),(131,NULL,18,NULL,3,1,1,4,'Saobraćajna dozvola',NULL,1,2,NULL,NULL,NULL,'2023-10-10 14:03:29','2023-10-30 10:29:29',NULL,NULL),(132,NULL,18,NULL,2,1,1,4,'Vozačka dozvola',NULL,1,2,NULL,NULL,NULL,'2023-10-10 14:03:31','2023-10-30 10:29:29',NULL,NULL),(133,NULL,18,NULL,1,1,1,4,'Lična karta',NULL,1,2,NULL,NULL,NULL,'2023-10-10 14:03:33','2023-10-30 10:29:29',NULL,NULL),(134,NULL,23,NULL,3,1,1,1,'Saobraćajna dozvola',NULL,1,2,NULL,NULL,NULL,'2023-10-10 14:05:19','2023-10-10 14:05:19',NULL,NULL),(135,NULL,23,NULL,NULL,1,1,1,'xls101',NULL,1,2,NULL,NULL,NULL,'2023-10-10 14:05:30','2023-10-10 14:05:30',NULL,NULL),(136,NULL,23,NULL,3,1,1,1,'Saobraćajna dozvola',NULL,1,2,NULL,NULL,NULL,'2023-10-10 14:05:34','2023-10-10 14:05:34',NULL,NULL),(139,NULL,23,NULL,3,1,1,1,'Saobraćajna dozvola',NULL,1,2,NULL,NULL,NULL,'2023-10-10 14:09:42','2023-10-10 14:09:42',NULL,NULL),(141,NULL,23,NULL,3,1,1,1,'Saobraćajna dozvola',NULL,1,2,NULL,NULL,NULL,'2023-10-10 14:13:49','2023-10-10 14:13:49',NULL,NULL),(142,NULL,23,NULL,8,1,1,1,'xls101',NULL,1,2,NULL,2,NULL,'2023-10-10 14:14:01','2023-10-10 14:25:41',NULL,NULL),(143,NULL,18,NULL,8,1,1,4,'tiket 3',NULL,1,2,NULL,NULL,NULL,'2023-10-10 14:26:42','2023-10-30 10:29:29',NULL,NULL),(144,NULL,23,NULL,1,2,4,1,'Kreiranje vozila',NULL,1,2,NULL,2,NULL,'2023-10-10 14:49:44','2023-10-26 15:24:30',NULL,NULL),(145,NULL,23,NULL,8,1,1,1,'xls101',NULL,1,2,NULL,NULL,NULL,'2023-10-11 08:23:49','2023-10-11 08:23:49',NULL,NULL),(146,NULL,23,NULL,8,1,1,1,'xls101',NULL,1,2,NULL,NULL,NULL,'2023-10-11 13:44:00','2023-10-11 13:44:00',NULL,NULL),(147,NULL,23,NULL,8,1,5,1,'xls101',NULL,1,2,NULL,2,NULL,'2023-10-11 13:44:06','2023-10-12 12:24:29','2023-10-12 14:24:29',2),(148,NULL,23,NULL,3,1,1,4,'Saobraćajna dozvola',NULL,1,2,NULL,NULL,NULL,'2023-10-12 09:49:09','2023-10-30 10:29:29',NULL,NULL),(165,NULL,23,NULL,3,1,1,4,'Saobraćajna dozvola',NULL,1,2,NULL,NULL,NULL,'2023-10-12 11:02:24','2023-10-30 10:29:29',NULL,NULL),(169,NULL,23,NULL,3,1,1,4,'Saobraćajna dozvola',NULL,1,2,NULL,NULL,NULL,'2023-10-12 11:04:37','2023-10-30 10:29:29',NULL,NULL),(170,NULL,23,NULL,3,1,1,4,'Saobraćajna dozvola',NULL,1,2,NULL,NULL,NULL,'2023-10-12 11:17:16','2023-10-30 10:29:29',NULL,NULL),(171,NULL,23,NULL,7,1,1,4,'Saobraćajna dozvola',NULL,1,2,NULL,2,NULL,'2023-10-12 11:21:21','2023-10-30 10:29:29',NULL,NULL),(172,NULL,23,NULL,NULL,1,1,1,'Kreiranje vozila',NULL,1,2,NULL,NULL,NULL,'2023-10-18 09:18:25','2023-10-18 09:18:25',NULL,NULL),(173,NULL,23,NULL,NULL,1,1,1,'Kreiranje vozila',NULL,1,2,NULL,NULL,NULL,'2023-10-18 09:20:47','2023-10-18 09:20:47',NULL,NULL),(174,NULL,23,NULL,NULL,1,1,1,'Kreiranje vozila',NULL,1,2,NULL,NULL,NULL,'2023-10-18 09:26:35','2023-10-18 09:26:35',NULL,NULL),(175,NULL,23,NULL,NULL,1,1,1,'Kreiranje vozila',NULL,1,2,NULL,NULL,NULL,'2023-10-18 09:27:16','2023-10-18 09:27:16',NULL,NULL),(187,NULL,23,NULL,NULL,1,1,1,'Kreiranje vozila',NULL,1,2,NULL,NULL,NULL,'2023-10-18 09:31:03','2023-10-18 09:31:03',NULL,NULL),(188,NULL,23,NULL,NULL,1,1,1,'Kreiranje vozila',NULL,1,2,NULL,NULL,NULL,'2023-10-18 09:34:23','2023-10-18 09:34:23',NULL,NULL),(189,NULL,23,NULL,NULL,1,1,1,'Kreiranje vozila',NULL,1,2,NULL,NULL,NULL,'2023-10-18 09:34:41','2023-10-18 09:34:41',NULL,NULL),(190,NULL,23,NULL,4,1,1,1,'Kreiranje vozila',NULL,1,3,NULL,NULL,NULL,'2023-10-18 09:36:05','2023-10-18 12:30:17',NULL,NULL),(191,NULL,23,NULL,4,1,1,1,'Kreiranje vozila',NULL,1,2,NULL,NULL,NULL,'2023-10-18 14:07:05','2023-10-18 16:57:58',NULL,NULL),(192,NULL,23,NULL,4,1,1,1,'Kreiranje vozila',NULL,1,3,NULL,NULL,NULL,'2023-10-18 14:11:33','2023-10-18 14:11:33',NULL,NULL),(193,NULL,23,NULL,4,1,1,1,'Kreiranje vozila',NULL,1,3,NULL,NULL,NULL,'2023-10-18 14:13:31','2023-10-18 14:13:31',NULL,NULL),(194,NULL,23,NULL,4,1,1,1,'Kreiranje vozila',NULL,1,3,NULL,NULL,NULL,'2023-10-18 14:14:07','2023-10-18 14:14:07',NULL,NULL),(198,NULL,23,NULL,4,1,1,1,'Kreiranje vozila',NULL,1,3,NULL,NULL,NULL,'2023-10-18 14:17:35','2023-10-18 14:17:35',NULL,NULL),(199,NULL,23,NULL,1,1,1,1,'Kreiranje vozila',NULL,1,3,NULL,NULL,NULL,'2023-10-18 14:18:13','2023-10-18 14:18:13',NULL,NULL),(200,NULL,23,NULL,1,1,1,1,'Kreiranje vozila',NULL,1,3,NULL,NULL,NULL,'2023-10-18 14:19:30','2023-10-18 14:19:30',NULL,NULL),(203,NULL,23,NULL,1,1,1,1,'Kreiranje vozila',NULL,1,2,NULL,NULL,NULL,'2023-10-19 15:20:42','2023-10-19 15:20:42',NULL,NULL),(204,NULL,23,NULL,1,1,1,1,'Kreiranje vozila',NULL,1,2,NULL,NULL,NULL,'2023-10-19 15:24:45','2023-10-19 15:24:45',NULL,NULL),(205,NULL,23,NULL,1,1,1,1,'Kreiranje vozila',NULL,1,2,NULL,NULL,NULL,'2023-10-19 15:47:00','2023-10-19 15:47:00',NULL,NULL),(208,NULL,23,NULL,1,1,1,1,'Kreiranje vozila',NULL,1,2,NULL,NULL,NULL,'2023-10-19 15:59:35','2023-10-19 15:59:35',NULL,NULL),(212,NULL,23,NULL,1,1,1,1,'Kreiranje vozila',NULL,1,2,NULL,NULL,NULL,'2023-10-19 16:01:14','2023-10-19 16:01:14',NULL,NULL),(214,NULL,23,NULL,1,1,1,1,'Kreiranje vozila',NULL,1,2,NULL,NULL,NULL,'2023-10-19 16:02:28','2023-10-19 16:02:28',NULL,NULL),(225,NULL,23,NULL,1,1,1,1,'Kreiranje vozila',NULL,1,2,NULL,NULL,NULL,'2023-10-19 16:39:40','2023-10-19 16:39:40',NULL,NULL),(226,NULL,23,NULL,1,1,1,1,'Kreiranje vozila',NULL,1,2,NULL,NULL,NULL,'2023-10-19 16:40:47','2023-10-19 16:40:47',NULL,NULL),(227,NULL,23,NULL,1,1,1,1,'Kreiranje vozila',NULL,1,2,NULL,NULL,NULL,'2023-10-19 16:51:12','2023-10-19 16:51:12',NULL,NULL),(228,NULL,23,NULL,1,1,1,1,'Kreiranje vozila',NULL,1,2,NULL,NULL,NULL,'2023-10-19 16:54:27','2023-10-19 16:54:27',NULL,NULL),(229,NULL,23,NULL,1,1,1,1,'Kreiranje vozila',NULL,1,2,NULL,NULL,NULL,'2023-10-19 16:59:31','2023-10-19 16:59:31',NULL,NULL),(230,NULL,23,NULL,1,1,1,1,'Kreiranje vozila',NULL,1,2,NULL,NULL,NULL,'2023-10-19 17:01:16','2023-10-19 17:01:16',NULL,NULL),(231,NULL,23,NULL,1,1,1,1,'Kreiranje vozila',NULL,1,2,NULL,NULL,NULL,'2023-10-19 17:02:24','2023-10-19 17:02:24',NULL,NULL),(232,NULL,23,NULL,1,1,1,1,'Kreiranje vozila',NULL,1,2,NULL,NULL,NULL,'2023-10-19 17:05:52','2023-10-19 17:05:52',NULL,NULL),(233,NULL,23,NULL,1,1,1,1,'Kreiranje vozila',NULL,1,2,NULL,NULL,NULL,'2023-10-19 17:06:14','2023-10-19 17:06:14',NULL,NULL),(234,NULL,23,NULL,1,1,1,1,'Kreiranje vozila',NULL,1,2,NULL,NULL,NULL,'2023-10-19 17:09:27','2023-10-19 17:09:27',NULL,NULL),(240,NULL,23,NULL,1,1,1,1,'Kreiranje vozila',NULL,1,2,NULL,NULL,NULL,'2023-10-19 17:17:53','2023-10-19 17:17:53',NULL,NULL),(244,NULL,23,NULL,1,1,1,1,'Kreiranje vozila',NULL,1,2,NULL,NULL,NULL,'2023-10-19 17:33:44','2023-10-19 17:33:44',NULL,NULL),(247,NULL,23,NULL,1,1,1,1,'Kreiranje vozila',NULL,1,2,NULL,NULL,NULL,'2023-10-19 17:49:00','2023-10-19 17:49:00',NULL,NULL),(248,NULL,23,NULL,1,1,1,1,'Kreiranje vozila',NULL,1,2,NULL,NULL,NULL,'2023-10-19 17:50:00','2023-10-19 17:50:00',NULL,NULL),(249,NULL,23,NULL,1,1,1,1,'Kreiranje vozila',NULL,1,2,NULL,NULL,NULL,'2023-10-19 17:50:20','2023-10-19 17:50:20',NULL,NULL),(250,NULL,2,NULL,1,1,1,1,'Kreiranje vozila',NULL,1,2,NULL,2,NULL,'2023-10-19 17:53:29','2023-10-20 16:05:06',NULL,NULL),(251,NULL,23,NULL,1,1,1,1,'Kreiranje vozila',NULL,1,2,NULL,NULL,NULL,'2023-10-19 19:47:36','2023-10-19 19:47:36',NULL,NULL),(252,NULL,23,NULL,1,1,1,1,'Kreiranje vozila',NULL,1,2,NULL,NULL,NULL,'2023-10-19 19:48:52','2023-10-19 19:48:52',NULL,NULL),(253,NULL,23,NULL,1,1,1,1,'Kreiranje vozila',NULL,1,2,NULL,NULL,NULL,'2023-10-19 19:49:34','2023-10-19 19:49:34',NULL,NULL),(254,NULL,23,NULL,1,1,1,1,'Kreiranje vozila',NULL,1,2,NULL,NULL,NULL,'2023-10-19 19:49:47','2023-10-19 19:49:47',NULL,NULL),(256,NULL,23,NULL,1,1,1,1,'Kreiranje vozila',NULL,1,2,NULL,NULL,NULL,'2023-10-20 11:41:50','2023-10-20 11:41:50',NULL,NULL),(260,NULL,23,NULL,4,1,1,1,'Kreiranje vozila',NULL,1,2,NULL,NULL,NULL,'2023-10-20 13:17:43','2023-10-20 16:05:06',NULL,NULL),(261,NULL,23,NULL,1,1,1,1,'Kreiranje vozila',NULL,1,2,NULL,NULL,NULL,'2023-10-23 14:09:34','2023-10-23 14:09:34',NULL,NULL),(262,NULL,23,NULL,1,1,1,1,'Kreiranje vozila',NULL,1,2,NULL,NULL,NULL,'2023-10-25 14:19:18','2023-10-25 14:19:18',NULL,NULL),(263,NULL,23,NULL,1,1,1,1,'Kreiranje vozila',NULL,1,2,NULL,NULL,NULL,'2023-10-25 14:23:18','2023-10-25 14:23:18',NULL,NULL),(265,NULL,23,NULL,1,1,1,1,'Kreiranje vozila',NULL,1,2,NULL,NULL,NULL,'2023-10-25 14:29:39','2023-10-25 14:29:39',NULL,NULL),(266,NULL,23,NULL,1,1,1,1,'Kreiranje vozila',NULL,1,2,NULL,NULL,NULL,'2023-10-25 14:42:16','2023-10-25 14:42:16',NULL,NULL),(267,NULL,23,NULL,1,1,1,1,'Kreiranje vozila',NULL,1,2,NULL,NULL,NULL,'2023-10-25 14:43:15','2023-10-25 14:43:15',NULL,NULL),(268,NULL,23,NULL,1,1,1,1,'Kreiranje vozila',NULL,1,2,NULL,2,NULL,'2023-10-25 14:52:08','2023-10-25 14:52:57',NULL,NULL),(269,NULL,23,NULL,4,1,5,1,'Selfi',NULL,1,2,NULL,2,NULL,'2023-10-27 09:06:32','2023-10-27 09:25:01','2023-10-27 11:25:01',2),(272,NULL,23,NULL,1,1,1,1,'Selfi','Poruka nije adekvatna',1,2,NULL,2,NULL,'2023-10-27 10:24:17','2023-10-27 14:56:24',NULL,NULL),(273,NULL,23,NULL,7,1,4,1,'Selfi',NULL,1,2,NULL,2,NULL,'2023-10-30 09:42:11','2023-10-30 11:10:39',NULL,NULL),(274,NULL,23,NULL,7,1,1,1,'Selfi',NULL,1,2,NULL,NULL,NULL,'2023-10-30 09:58:56','2023-10-30 09:58:56',NULL,NULL);

--
-- Table structure for table `users`
--

CREATE TABLE `users` (
  `id` bigint(20) unsigned NOT NULL AUTO_INCREMENT,
  `role_id` bigint(20) unsigned DEFAULT NULL,
  `username` varchar(255) COLLATE utf8mb4_unicode_ci DEFAULT NULL,
  `name` varchar(255) COLLATE utf8mb4_unicode_ci NOT NULL,
  `email` varchar(255) COLLATE utf8mb4_unicode_ci DEFAULT NULL,
  `email_verified_at` timestamp NULL DEFAULT NULL,
  `password` varchar(255) COLLATE utf8mb4_unicode_ci DEFAULT NULL,
  `remember_token` varchar(100) COLLATE utf8mb4_unicode_ci DEFAULT NULL,
  `verification_pin` varchar(45) COLLATE utf8mb4_unicode_ci DEFAULT NULL,
  `phone` varchar(45) COLLATE utf8mb4_unicode_ci DEFAULT NULL,
  `image` varchar(255) COLLATE utf8mb4_unicode_ci DEFAULT NULL,
  `ban` tinyint(4) NOT NULL DEFAULT 0,
  `cms` tinyint(4) NOT NULL DEFAULT 0 COMMENT '// Da li korisnik moze da se loguje u admin zonu',
  `active` tinyint(4) NOT NULL DEFAULT 1,
  `id_user` bigint(20) unsigned DEFAULT NULL,
  `ip_address` varchar(15) COLLATE utf8mb4_unicode_ci DEFAULT NULL,
  `id_user_modified` bigint(20) unsigned DEFAULT NULL COMMENT '// Id korisnika koji je uradio poslednju izmenu',
  `ip_address_modified` varchar(15) COLLATE utf8mb4_unicode_ci DEFAULT NULL,
  `created_at` timestamp NULL DEFAULT NULL,
  `updated_at` timestamp NULL DEFAULT NULL,
  PRIMARY KEY (`id`),
  UNIQUE KEY `users_email_unique` (`email`)
) ENGINE=InnoDB AUTO_INCREMENT=137 DEFAULT CHARSET=utf8mb4 COLLATE=utf8mb4_unicode_ci;

--
-- Dumping data for table `users`
--

INSERT INTO `users` VALUES (1,1,'superadmin','SuperAdmin','superadmin@tcom.rs',NULL,'$2y$10$XLlxCgr2XKQu.ehFHOLUL.AkNo.792YoItZnkhl2lAdVctEV4tiue',NULL,NULL,NULL,NULL,0,1,1,NULL,NULL,NULL,NULL,NULL,NULL),(2,2,'admin','admin','admin@tcom.rs',NULL,'$2y$10$jONucYqa1X97PzgXLGtJZeMKDYy7iVJyySOY/yXYlvlANpki3IxU2',NULL,'123456',NULL,NULL,0,1,1,NULL,NULL,NULL,NULL,NULL,'2023-10-26 07:12:40'),(3,3,NULL,'NaprednaPodrska','dragan@tcom.rs',NULL,'$2y$10$9Re2y//kGMJEPMo2u.iTFeYBAuLGCvuNn1djB1dB2IDR.MByEQN8.',NULL,NULL,NULL,NULL,0,1,1,NULL,NULL,NULL,NULL,NULL,'2023-10-21 19:12:04'),(4,NULL,NULL,'vid','vid@tcom.rs',NULL,NULL,NULL,NULL,NULL,NULL,0,0,1,NULL,NULL,NULL,NULL,NULL,NULL),(6,NULL,NULL,'misa','misa@tcom.rs',NULL,NULL,NULL,NULL,NULL,NULL,0,0,1,NULL,NULL,NULL,NULL,NULL,NULL),(7,4,'podrska','TehnickaPodrska','tes111t@tcom.rs',NULL,'$2a$12$dWQ.CSlXbajJxEGnErXBU.KgV9hYewh0z8hV6nz.09VXD9Z4FyoQu',NULL,NULL,NULL,NULL,1,1,1,NULL,NULL,NULL,NULL,NULL,'2023-10-19 10:48:12'),(8,NULL,NULL,'TehnickaPodrskaddddd',NULL,NULL,NULL,NULL,NULL,NULL,NULL,0,0,1,NULL,NULL,NULL,NULL,NULL,NULL),(9,NULL,NULL,'gagacar',NULL,NULL,NULL,NULL,NULL,NULL,NULL,0,0,1,NULL,NULL,NULL,NULL,NULL,NULL),(13,NULL,NULL,'Petar Petrovic','nebojsa@tcom.rs',NULL,NULL,NULL,NULL,NULL,NULL,0,0,1,NULL,NULL,NULL,NULL,NULL,NULL),(18,NULL,NULL,'Ivan Ivanovic','user@tcom.rs',NULL,NULL,NULL,NULL,NULL,'http://192.168.2.108:50172/storage/document_images/18/document_20231005170710_632.png',0,0,1,NULL,NULL,NULL,NULL,NULL,NULL),(21,NULL,NULL,'ime Prezime','jovan@tcom.rs',NULL,NULL,NULL,NULL,NULL,NULL,0,0,1,NULL,NULL,NULL,NULL,NULL,NULL),(22,NULL,NULL,'Bojana Bojanic','nebojsa986@gmail.com',NULL,NULL,NULL,NULL,NULL,NULL,0,0,1,NULL,NULL,NULL,NULL,NULL,NULL),(23,NULL,NULL,'Veljko Bažalac','veljko@tcom.rs',NULL,NULL,NULL,NULL,NULL,'http://192.168.2.108:50172/storage/document_images/23/document_20230928104143.png',0,0,1,NULL,NULL,NULL,NULL,NULL,NULL),(40,NULL,NULL,'Veljko Bažalac',NULL,NULL,NULL,NULL,NULL,NULL,NULL,0,0,1,NULL,NULL,NULL,NULL,NULL,NULL),(41,NULL,NULL,'Test Prezime',NULL,NULL,NULL,NULL,NULL,NULL,NULL,0,0,1,NULL,NULL,NULL,NULL,NULL,NULL),(42,NULL,NULL,'Aleksandar Petrovic',NULL,NULL,NULL,NULL,NULL,NULL,NULL,0,0,1,NULL,NULL,NULL,NULL,NULL,NULL),(43,NULL,NULL,'Aca Markovic',NULL,NULL,NULL,NULL,NULL,NULL,NULL,0,0,1,NULL,NULL,NULL,NULL,NULL,NULL),(44,NULL,NULL,'A A',NULL,NULL,NULL,NULL,NULL,NULL,NULL,0,0,1,NULL,NULL,NULL,NULL,NULL,NULL),(45,NULL,NULL,'T G',NULL,NULL,NULL,NULL,NULL,NULL,NULL,0,0,1,NULL,NULL,NULL,NULL,NULL,NULL),(46,NULL,NULL,'U U',NULL,NULL,NULL,NULL,NULL,NULL,NULL,0,0,1,NULL,NULL,NULL,NULL,NULL,NULL),(47,NULL,NULL,'G G',NULL,NULL,NULL,NULL,NULL,NULL,NULL,0,0,1,NULL,NULL,NULL,NULL,NULL,NULL),(48,NULL,NULL,'Q Q',NULL,NULL,NULL,NULL,NULL,NULL,NULL,0,0,1,NULL,NULL,NULL,NULL,NULL,NULL),(49,NULL,NULL,'R R',NULL,NULL,NULL,NULL,NULL,NULL,NULL,0,0,1,NULL,NULL,NULL,NULL,NULL,NULL),(50,NULL,NULL,'A A',NULL,NULL,NULL,NULL,NULL,NULL,NULL,0,0,1,NULL,NULL,NULL,NULL,NULL,NULL),(51,NULL,NULL,'A A',NULL,NULL,NULL,NULL,NULL,NULL,NULL,0,0,1,NULL,NULL,NULL,NULL,NULL,NULL),(52,NULL,NULL,'Stefan Stefanovic',NULL,NULL,NULL,NULL,NULL,NULL,NULL,0,0,1,NULL,NULL,NULL,NULL,NULL,NULL),(53,NULL,NULL,'Miodrag Ivanovic',NULL,NULL,NULL,NULL,NULL,NULL,NULL,0,0,1,NULL,NULL,NULL,NULL,NULL,NULL),(55,NULL,NULL,'T T',NULL,NULL,NULL,NULL,NULL,NULL,'http://192.168.2.108:50172/storage/document_images/55/document_20230922114926.png',0,0,1,NULL,NULL,NULL,NULL,NULL,NULL),(56,NULL,NULL,'A A',NULL,NULL,NULL,NULL,NULL,NULL,NULL,0,0,1,NULL,NULL,NULL,NULL,NULL,NULL),(57,NULL,NULL,'Veljko Bažalac',NULL,NULL,NULL,NULL,NULL,NULL,NULL,0,0,1,NULL,NULL,NULL,NULL,NULL,NULL),(58,NULL,NULL,'E E',NULL,NULL,NULL,NULL,NULL,NULL,'http://192.168.2.108:50172/storage/document_images/58/document_20230922144324.png',0,0,1,NULL,NULL,NULL,NULL,NULL,NULL),(59,NULL,NULL,'Y Y',NULL,NULL,NULL,NULL,NULL,NULL,'http://192.168.2.108:50172/storage/document_images/59/document_20230922192120.png',0,0,1,NULL,NULL,NULL,NULL,NULL,NULL),(60,NULL,NULL,'Aleksa Stanivukovic',NULL,NULL,NULL,NULL,NULL,NULL,NULL,0,0,1,NULL,NULL,NULL,NULL,NULL,NULL),(61,NULL,NULL,'Pavle Pavlovic',NULL,NULL,NULL,NULL,NULL,NULL,NULL,0,0,1,NULL,NULL,NULL,NULL,NULL,NULL),(64,NULL,NULL,'Bojan Bojanic',NULL,NULL,NULL,NULL,NULL,NULL,NULL,0,0,1,NULL,NULL,NULL,NULL,NULL,NULL),(65,NULL,NULL,'ime prezime',NULL,NULL,NULL,NULL,NULL,NULL,NULL,0,0,1,NULL,NULL,NULL,NULL,NULL,NULL),(66,NULL,NULL,'ime prezima',NULL,NULL,NULL,NULL,NULL,NULL,NULL,0,0,1,NULL,NULL,NULL,NULL,NULL,NULL),(67,NULL,NULL,'ime prezime',NULL,NULL,NULL,NULL,NULL,NULL,NULL,0,0,1,NULL,NULL,NULL,NULL,NULL,NULL),(68,NULL,NULL,'E E',NULL,NULL,NULL,NULL,NULL,NULL,'http://192.168.2.108:50172/storage/document_images/68/document_20230926164215.png',0,0,1,NULL,NULL,NULL,NULL,NULL,NULL),(69,NULL,NULL,'Test2908 Domacin',NULL,NULL,NULL,NULL,NULL,NULL,'http://192.168.2.108:50172/storage/document_images/69/document_20230928112925.png',0,0,1,NULL,NULL,NULL,NULL,NULL,NULL),(70,NULL,NULL,'Test2809 Vozac',NULL,NULL,NULL,NULL,NULL,NULL,'http://192.168.2.108:50172/storage/document_images/70/document_20230928113214.png',0,0,1,NULL,NULL,NULL,NULL,NULL,NULL),(71,NULL,NULL,'Rr Tt',NULL,NULL,NULL,NULL,NULL,NULL,'http://192.168.2.108:50172/storage/document_images/71/document_20230929190408_900.png',0,0,1,NULL,NULL,NULL,NULL,NULL,NULL),(72,NULL,NULL,'Aco Markovic',NULL,NULL,NULL,NULL,NULL,NULL,'http://192.168.2.108:50172/storage/document_images/72/document_20231002101637_307.png',0,0,1,NULL,NULL,NULL,NULL,NULL,NULL),(73,NULL,NULL,'admin_idrivy',NULL,NULL,NULL,NULL,NULL,NULL,NULL,0,0,1,NULL,NULL,NULL,NULL,NULL,NULL),(74,NULL,NULL,'sima2',NULL,NULL,NULL,NULL,NULL,NULL,NULL,0,0,1,NULL,NULL,NULL,NULL,NULL,NULL),(75,NULL,NULL,'sima3',NULL,NULL,NULL,NULL,NULL,NULL,NULL,0,0,1,NULL,NULL,NULL,NULL,NULL,NULL),(76,NULL,NULL,'admin_idrivy',NULL,NULL,NULL,NULL,NULL,NULL,NULL,0,0,1,NULL,NULL,NULL,NULL,NULL,NULL),(77,NULL,NULL,'Bn Bn',NULL,NULL,NULL,NULL,NULL,NULL,'http://192.168.2.108:50172/storage/document_images/77/document_20231002125014_549.png',0,0,1,NULL,NULL,NULL,NULL,NULL,NULL),(78,NULL,NULL,'Ime1 Prezime1',NULL,NULL,NULL,NULL,NULL,NULL,NULL,0,0,1,NULL,NULL,NULL,NULL,NULL,NULL),(79,NULL,NULL,'Q Q',NULL,NULL,NULL,NULL,NULL,NULL,'http://192.168.2.108:50172/storage/document_images/79/document_20231002132149_91.png',0,0,1,NULL,NULL,NULL,NULL,NULL,NULL),(80,NULL,NULL,'Er Er',NULL,NULL,NULL,NULL,NULL,NULL,'http://192.168.2.108:50172/storage/document_images/80/document_20231002133911_319.png',0,0,1,NULL,NULL,NULL,NULL,NULL,NULL),(81,NULL,NULL,'Test0210 Domacin',NULL,NULL,NULL,NULL,NULL,NULL,'http://192.168.2.108:50172/storage/document_images/81/document_20231002153707_160.png',0,0,1,NULL,NULL,NULL,NULL,NULL,NULL),(82,NULL,NULL,'Aa Aa',NULL,NULL,NULL,NULL,NULL,NULL,'http://192.168.2.108:50172/storage/document_images/82/document_20231002155121_205.png',0,0,1,NULL,NULL,NULL,NULL,NULL,NULL),(83,NULL,NULL,'Y Y',NULL,NULL,NULL,NULL,NULL,NULL,'http://192.168.2.108:50172/storage/document_images/83/document_20231003154910_192.png',0,0,1,NULL,NULL,NULL,NULL,NULL,NULL),(84,NULL,NULL,'T T',NULL,NULL,NULL,NULL,NULL,NULL,NULL,0,0,1,NULL,NULL,NULL,NULL,NULL,NULL),(85,NULL,NULL,'E E',NULL,NULL,NULL,NULL,NULL,NULL,NULL,0,0,1,NULL,NULL,NULL,NULL,NULL,NULL),(86,NULL,NULL,'D D',NULL,NULL,NULL,NULL,NULL,NULL,'http://192.168.2.108:50172/storage/document_images/86/document_20231003164633_258.png',0,0,1,NULL,NULL,NULL,NULL,NULL,NULL),(87,2,NULL,'pera',NULL,NULL,'$2y$10$8ISnakJFOJ5fOrQAsWS37eEvUGWUEK/YakaML0hvZxsiinZU3GzZS',NULL,NULL,NULL,NULL,0,0,1,NULL,NULL,NULL,NULL,'2023-10-05 08:55:12','2023-10-05 08:55:12'),(100,3,NULL,'janko','janko@tcom.rs',NULL,'$2y$10$YtTna/4T4GHECk1/VGBbU.P3q4kh1ycN2blJ7uFCtuoLVYpSnlbxS',NULL,NULL,NULL,NULL,0,0,1,NULL,NULL,NULL,NULL,'2023-10-13 13:20:10','2023-10-13 13:20:10'),(101,3,NULL,'janko','janko1@tcom.rs',NULL,'$2y$10$9PkF/Xxva/MvZuCKjKxgu..8t0zjZRmhaThOR6ZcsoVMVADIBtSN.',NULL,NULL,NULL,NULL,0,0,1,NULL,NULL,NULL,NULL,'2023-10-13 13:21:42','2023-10-13 13:21:42'),(104,3,NULL,'test test','test@tcom.rs',NULL,'$2y$10$mXT98GTEyJB9SwbXaLwTSuJ4.A0usxmQHkKCXmKIqGyLIl4WpuFBe',NULL,NULL,NULL,NULL,0,1,1,NULL,NULL,NULL,NULL,'2023-10-19 10:34:14','2023-10-19 10:34:14'),(107,4,NULL,'Danilo Lukic','danilo@tcom.rs',NULL,'$2y$10$hC0xIQpLr8hKxR/Mc5yC/exNRxZD9mbHQdXiBZQUz1Yxv7b13/PyC',NULL,NULL,NULL,NULL,0,1,1,NULL,NULL,NULL,NULL,'2023-10-19 11:02:57','2023-10-19 11:02:57'),(108,4,NULL,'danilo','danilo2@tcom.rs',NULL,'$2y$10$6z4MrKncBsYGk7z9yVEpt./LoU3nhlSs2nVQiN.L9U.I8kbU9mNE2',NULL,NULL,NULL,NULL,0,1,1,NULL,NULL,NULL,NULL,'2023-10-19 11:04:04','2023-10-19 11:04:04'),(109,4,NULL,'Predrag Test','predrag@tcom.rs',NULL,'$2y$10$USn.EIPPEpYysWY2AWXGxeR8YvIf6KYHYE0qabRIs9TXfdZvUf.26',NULL,NULL,NULL,NULL,0,1,1,NULL,NULL,NULL,NULL,'2023-10-19 11:06:24','2023-10-19 11:06:24'),(110,3,NULL,'pera','email@tcom.rs',NULL,'$2y$10$NhgcTikUs4P1K2by6Nhhce29385X855s8opJcRoTRMrpFJ2GNPdT6',NULL,NULL,NULL,NULL,0,1,1,NULL,NULL,NULL,NULL,'2023-10-19 11:16:45','2023-10-19 11:16:45'),(111,3,'pera12','pera','email1@tcom.rs',NULL,'$2y$10$p.FoeW4MkP7TTQksNmncUOdiWsXS9Pz6fwcwSHz4bjdNoX4m1esAu',NULL,NULL,NULL,NULL,0,1,1,NULL,NULL,NULL,NULL,'2023-10-19 11:19:20','2023-10-19 11:19:20'),(112,3,'pera123','pera','email134@tcom.rs',NULL,'$2y$10$6Opt2zN2P1zFMilyOC1ave0lTggdWJp.cCJALLAOBqE08SlrFPLQ6',NULL,NULL,NULL,NULL,1,1,1,NULL,NULL,NULL,NULL,'2023-10-19 11:21:46','2023-10-19 13:15:03'),(131,2,'danilo','Danilo L','danilo21@tcom.rs',NULL,'$2y$10$nV15gZSbK1/vB7tU9XWkguEUeDQP9XBM08Nc07ZKkTMMQ8MCNKpuS',NULL,NULL,NULL,NULL,0,1,1,NULL,NULL,NULL,NULL,'2023-10-21 19:12:53','2023-10-21 19:12:53'),(136,3,'danilo_lukic','Danilo Lukic - Novi','lukic3@sbb.rs',NULL,'$2y$10$Kaf3qddDTgZVogXhsRhL6u90DsWGdg0Cq6TTEyxag/Yn9DOzPGWfC',NULL,NULL,NULL,NULL,0,1,1,NULL,NULL,NULL,NULL,'2023-10-30 09:51:12','2023-10-30 09:51:12');

--
-- Dumping events for database 'idrivy'
--

--
-- Dumping routines for database 'idrivy'
--


